{"id":3779,"date":"2023-10-02T13:06:08","date_gmt":"2023-10-02T16:06:08","guid":{"rendered":"https:\/\/www.ufmg.br\/copi-novo\/?page_id=3779"},"modified":"2023-10-02T13:39:11","modified_gmt":"2023-10-02T16:39:11","slug":"laureados-do-ano-2003","status":"publish","type":"page","link":"https:\/\/www.ufmg.br\/copi\/sempreufmg\/medalha-de-honra\/laureados-do-ano-2003\/","title":{"rendered":"Laureados do ano 2003"},"content":{"rendered":"\n<p><strong>Wadson de Oliveira Lima<\/strong><\/p>\n\n\n\n<p>Vereador por Belo Horizonte<\/p>\n\n\n\n<p>Escola de Educa\u00e7\u00e3o F\u00edsica<\/p>\n\n\n\n<p><strong>Shirley Paes Leme Paiva Arantes<\/strong><\/p>\n\n\n\n<p>Artista Pl\u00e1stica<\/p>\n\n\n\n<p>Escola de Belas Artes<\/p>\n\n\n\n<p><strong>Ros\u00e2ngela Renn\u00f3 Gomes<\/strong><\/p>\n\n\n\n<p>Arquiteta<\/p>\n\n\n\n<p>Escola de Arquitetura<\/p>\n\n\n\n<p><strong>Maur\u00edcio Jos\u00e9 Corr\u00eaa<\/strong><\/p>\n\n\n\n<p>Presidente do Supremo Tribunal Federal<\/p>\n\n\n\n<p>Faculdade de Direito<\/p>\n\n\n\n<p><strong>Marilia Oliveira Fonseca Goulard<\/strong><\/p>\n\n\n\n<p>Farmac\u00eautica \/ Pesquisadora<\/p>\n\n\n\n<p>Faculdade de Farm\u00e1cia<\/p>\n\n\n\n<p><strong>Marilia de Albuquerque Salgado<\/strong><\/p>\n\n\n\n<p>Bibliotec\u00e1ria<\/p>\n\n\n\n<p>Escola de Ci\u00eancia da Informa\u00e7\u00e3o<\/p>\n\n\n\n<p><strong>Maria Elena Latalisa de S\u00e1<\/strong><\/p>\n\n\n\n<p>Educadora<\/p>\n\n\n\n<p>Faculdade de Educa\u00e7\u00e3o<\/p>\n\n\n\n<p><strong>Ivo H\u00e9lcio Jardim de Campos Pitanguy<\/strong><\/p>\n\n\n\n<p>M\u00e9dico \/ Cirurgi\u00e3o Pl\u00e1stico<\/p>\n\n\n\n<p>Faculdade de Medicina<\/p>\n\n\n\n<p><strong>Fernanda Barbosa Takai<\/strong><\/p>\n\n\n\n<p>Vocalista da Banda Pato Fu<\/p>\n\n\n\n<p>Faculdade de Filosofia e Ci\u00eancias P\u00fablicas<\/p>\n\n\n\n<p><strong>Edna Maria Santos<\/strong><\/p>\n\n\n\n<p>Psic\u00f3loga<\/p>\n\n\n\n<p><strong>Celso Roberto Versiani Velloso<\/strong><\/p>\n\n\n\n<p>M\u00e9dico Veterin\u00e1rio<\/p>\n\n\n\n<p>Escola de Veterin\u00e1ria<\/p>\n\n\n\n<p><strong>Ant\u00f4nio Divino Moura<\/strong><\/p>\n\n\n\n<p>Engenheiro<\/p>\n\n\n\n<p>Escola de engenharia<\/p>\n\n\n\n<p><strong>Affonso Romano de Santa\u2019nna<\/strong><\/p>\n\n\n\n<p>Escritor<\/p>\n\n\n\n<p>Faculdade de Letras<\/p>\n\n\n\n<div style=\"height:51px\" aria-hidden=\"true\" class=\"wp-block-spacer\"><\/div>\n\n\n\n<p class=\"has-medium-font-size\"><strong>Homenagens p\u00f3stumas<\/strong><\/p>\n\n\n\n<div style=\"height:17px\" aria-hidden=\"true\" class=\"wp-block-spacer\"><\/div>\n\n\n\n<p><strong>Tancredo de Almeida Neves<\/strong><\/p>\n\n\n\n<p>Primeiro-Ministro da Rep\u00fablica dos Estados Unidos do Brasil &#8211; 1961-1962 \/ Governador do Estado de Minas Gerais &#8211; 1983-1984 \/ Presidente do Brasil &#8211; 1985<\/p>\n\n\n\n<p><strong>Pedro da Silva Nava<\/strong><\/p>\n\n\n\n<p>Escritor<\/p>\n\n\n\n<p><strong>Herbet Jos\u00e9 de Souza (Betinho)<\/strong><\/p>\n\n\n\n<p>Soci\u00f3logo \/ Militante em defesa dos direitos pol\u00edticos e cidadania<\/p>\n\n\n\n<div style=\"height:51px\" aria-hidden=\"true\" class=\"wp-block-spacer\"><\/div>\n\n\n\n<p class=\"has-medium-font-size\"><strong>Homenageados do reitor<\/strong><\/p>\n\n\n\n<div style=\"height:17px\" aria-hidden=\"true\" class=\"wp-block-spacer\"><\/div>\n\n\n\n<p><strong>Marco Ant\u00f4nio Rodrigues Dias<\/strong><\/p>\n\n\n\n<p>Jornalista<\/p>\n\n\n\n<p><strong>Jos\u00e9 Luciano Duarte Penido<\/strong><\/p>\n\n\n\n<p>Engenheiro<\/p>\n","protected":false},"excerpt":{"rendered":"<p>Wadson de Oliveira Lima Vereador por Belo Horizonte Escola de [&hellip;]<\/p>\n","protected":false},"author":2,"featured_media":0,"parent":187,"menu_order":0,"comment_status":"closed","ping_status":"closed","template":"","meta":{"footnotes":""},"acf":[],"_links":{"self":[{"href":"https:\/\/www.ufmg.br\/copi\/wp-json\/wp\/v2\/pages\/3779"}],"collection":[{"href":"https:\/\/www.ufmg.br\/copi\/wp-json\/wp\/v2\/pages"}],"about":[{"href":"https:\/\/www.ufmg.br\/copi\/wp-json\/wp\/v2\/types\/page"}],"author":[{"embeddable":true,"href":"https:\/\/www.ufmg.br\/copi\/wp-json\/wp\/v2\/users\/2"}],"replies":[{"embeddable":true,"href":"https:\/\/www.ufmg.br\/copi\/wp-json\/wp\/v2\/comments?post=3779"}],"version-history":[{"count":1,"href":"https:\/\/www.ufmg.br\/copi\/wp-json\/wp\/v2\/pages\/3779\/revisions"}],"predecessor-version":[{"id":3780,"href":"https:\/\/www.ufmg.br\/copi\/wp-json\/wp\/v2\/pages\/3779\/revisions\/3780"}],"up":[{"embeddable":true,"href":"https:\/\/www.ufmg.br\/copi\/wp-json\/wp\/v2\/pages\/187"}],"wp:attachment":[{"href":"https:\/\/www.ufmg.br\/copi\/wp-json\/wp\/v2\/media?parent=3779"}],"curies":[{"name":"wp","href":"https:\/\/api.w.org\/{rel}","templated":true}]}}