{"id":392,"date":"2023-07-21T13:20:08","date_gmt":"2023-07-21T16:20:08","guid":{"rendered":"https:\/\/www.ufmg.br\/copi-novo\/?page_id=392"},"modified":"2023-10-27T10:37:34","modified_gmt":"2023-10-27T13:37:34","slug":"o-que-e","status":"publish","type":"page","link":"https:\/\/www.ufmg.br\/copi\/sempreufmg\/o-que-e\/","title":{"rendered":"Sobre"},"content":{"rendered":"<p>A partir do segundo semestre de 2023, sob coordena\u00e7\u00e3o da professora <a href=\"https:\/\/www.ufmg.br\/copi\/sobre-o-orgao\/equipe\/\" target=\"_blank\" rel=\"noopener\">Z\u00e9lia Lobato<\/a>, a Diretoria de Coopera\u00e7\u00e3o Institucional volta as aten\u00e7\u00f5es para o Sempre UFMG, conjunto de a\u00e7\u00f5es definidas, a partir de 2000, para dotar a Universidade de atividades destinadas \u00e0 promo\u00e7\u00e3o do relacionamento com egressos e egressas (consultar o hist\u00f3rico do Sempre UFMG neste site).<\/p>\n<p>O esfor\u00e7o ganha a forma de Projeto de Desenvolvimento Institucional (PDI), formato de iniciativa destinada a inovar processos e procedimentos na Universidade, e ganha a denomina\u00e7\u00e3o de Universidade e sociedade: por uma pol\u00edtica institucional de relacionamento da UFMG com egressos e egressas. O projeto conta com a aprova\u00e7\u00e3o do Comit\u00ea de Egressos da Universidade, presidido pela professora <a href=\"http:\/\/somos.ufmg.br\/professor\/viviane-santos-birchal\" target=\"_blank\" rel=\"noopener\">Viviane Birchal<\/a>, diretora de Avalia\u00e7\u00e3o Institucional da UFMG, e contribui, ainda, na proposi\u00e7\u00e3o das premissas sobre o tema para o Plano de Desenvolvimento Institucional da UFMG, vig\u00eancia de 2024 a 2029.<\/p>\n<p>A ideia n\u00e3o busca, portanto, a reconfigura\u00e7\u00e3o do Sempre UFMG, ainda que o nome tenha sido mantido. Com a proposi\u00e7\u00e3o de um projeto de desenvolvimento institucional, que ter\u00e1 inicialmente a dura\u00e7\u00e3o de tr\u00eas anos, a expectativa da Diretoria de Coopera\u00e7\u00e3o Institucional \u00e9 inovar, buscando:<\/p>\n<p>I) adequar conceitual do Sempre UFMG;<br \/>\nII) aprimorar as estrat\u00e9gias e pr\u00e1ticas informacionais e de relacionamento do Sempre UFMG;<br \/>\nIII) observar a correspond\u00eancia entre as a\u00e7\u00f5es e estrat\u00e9gias com a mudan\u00e7a do perfil discente da Universidade ap\u00f3s a ado\u00e7\u00e3o de a\u00e7\u00f5es afirmativas; e<br \/>\nIV) observar as diretrizes avaliativas do Sistema Nacional de Avalia\u00e7\u00e3o da Educa\u00e7\u00e3o Superior (Sinaes), o que implica incorpora\u00e7\u00e3o e mensura\u00e7\u00e3o da avalia\u00e7\u00e3o daqueles que se encontram na condi\u00e7\u00e3o de egressos e egressas sobre o real impacto da forma\u00e7\u00e3o acad\u00eamica ofertada pela UFMG e a respectiva inser\u00e7\u00e3o no mundo do trabalho;<br \/>\nV) oferecer aos ex-estudantes canais e escuta para uma nova dimens\u00e3o de avalia\u00e7\u00e3o da Institui\u00e7\u00e3o.<\/p>\n<style>#sp-ea-117 .spcollapsing { height: 0; overflow: hidden; transition-property: height;transition-duration: 500ms;}#sp-ea-117.sp-easy-accordion>.sp-ea-single {margin-bottom: 10px; border: 1px solid #e2e2e2; }#sp-ea-117.sp-easy-accordion>.sp-ea-single>.ea-header a {color: #444;}#sp-ea-117.sp-easy-accordion>.sp-ea-single>.sp-collapse>.ea-body {background: #fff; color: #444;}#sp-ea-117.sp-easy-accordion>.sp-ea-single {background: #eee;}#sp-ea-117.sp-easy-accordion>.sp-ea-single>.ea-header a .ea-expand-icon { float: left; color: #444;font-size: 16px;}<\/style><div id=\"sp_easy_accordion-1776523705\"><div id=\"sp-ea-117\" class=\"sp-ea-one sp-easy-accordion\" data-ex-icon=\"minus\" data-col-icon=\"plus\"  data-ea-active=\"ea-click\"  data-ea-mode=\"vertical\" data-preloader=\"\" data-scroll-active-item=\"\" data-offset-to-scroll=\"0\"><div class=\"ea-card  sp-ea-single\"><h3 class=\"ea-header\"><a class=\"collapsed\" id=\"ea-header-1170\" data-sptoggle=\"spcollapse\" data-sptarget=\"#collapse1170\" aria-controls=\"collapse1170\" href=\"javascript:void(0)\"  aria-expanded=\"false\" tabindex=\"0\"><i class=\"ea-expand-icon ea-icon-expand-plus\"><\/i> Objetivo geral<\/a><\/h3><div class=\"sp-collapse spcollapse spcollapse\" id=\"collapse1170\" data-parent=\"#sp-ea-117\" role=\"region\" aria-labelledby=\"ea-header-1170\"><div class=\"ea-body\"><p>O objetivo geral do projeto \u00e9 propor estrat\u00e9gias que permitam \u00e0 UFMG estabelecer um relacionamento mais efetivo com seus ex-alunos e ex-alunas, acompanhando suas trajet\u00f3rias em diferentes ambientes socioecon\u00f4micos e oferecendo canais de intera\u00e7\u00e3o com a Institui\u00e7\u00e3o. O projeto visa, tamb\u00e9m, levantar o perfil social e a trajet\u00f3ria profissional de egressos(as), elucidar fatores que facilitam ou dificultam o ingresso no mercado de trabalho, associando-os \u00e0s trajet\u00f3rias formativas da UFMG.<\/p>\n<p>Tais premissas demandam a necessidade de a Comunidade Universit\u00e1ria incorporar e assumir, institucionalmente, a relev\u00e2ncia da contribui\u00e7\u00e3o de egressos e egressas. Tem-se, portanto, como resultado dessa mudan\u00e7a de perspectiva, a necessidade de um conceito inovador para o Sempre UFMG, sendo, ainda, necess\u00e1rio ressaltar sobre a necessidade de cultivar nos discentes (aqueles e aquelas que cursam a gradua\u00e7\u00e3o e a p\u00f3s), o sentimento de ser UFMG, fomentando uma cultura de pertencimento.<\/p>\n<\/div><\/div><\/div><div class=\"ea-card  sp-ea-single\"><h3 class=\"ea-header\"><a class=\"collapsed\" id=\"ea-header-1171\" data-sptoggle=\"spcollapse\" data-sptarget=\"#collapse1171\" aria-controls=\"collapse1171\" href=\"javascript:void(0)\"  aria-expanded=\"false\" tabindex=\"0\"><i class=\"ea-expand-icon ea-icon-expand-plus\"><\/i> Hist\u00f3rico do Sempre UFMG<\/a><\/h3><div class=\"sp-collapse spcollapse spcollapse\" id=\"collapse1171\" data-parent=\"#sp-ea-117\" role=\"region\" aria-labelledby=\"ea-header-1171\"><div class=\"ea-body\"><p>O Sempre UFMG foi institu\u00eddo pela Reitoria em 2000, por iniciativa da Diretoria de Coopera\u00e7\u00e3o Institucional (Copi), para criar e manter uma liga\u00e7\u00e3o entre a Universidade, egressos e egressas, bem como promover e incentivar a manuten\u00e7\u00e3o de la\u00e7os com a Institui\u00e7\u00e3o.<\/p>\n<p>As primeiras a\u00e7\u00f5es estruturadas para o relacionamento com quem passou por forma\u00e7\u00f5es acad\u00eamicas na Universidade tamb\u00e9m datam do in\u00edcio dos anos 2000.<\/p>\n<\/div><\/div><\/div><div class=\"ea-card  sp-ea-single\"><h3 class=\"ea-header\"><a class=\"collapsed\" id=\"ea-header-1172\" data-sptoggle=\"spcollapse\" data-sptarget=\"#collapse1172\" aria-controls=\"collapse1172\" href=\"javascript:void(0)\"  aria-expanded=\"false\" tabindex=\"0\"><i class=\"ea-expand-icon ea-icon-expand-plus\"><\/i> Canais de intera\u00e7\u00e3o<\/a><\/h3><div class=\"sp-collapse spcollapse spcollapse\" id=\"collapse1172\" data-parent=\"#sp-ea-117\" role=\"region\" aria-labelledby=\"ea-header-1172\"><div class=\"ea-body\"><p>A cultura da conex\u00e3o (JENKINS, GREEN &amp; FORD, 2014) \u2013 base para a reciprocidade com egressos e egressas \u2013 sugere que nossa sociedade est\u00e1 cada vez mais organizada em redes de redes, apoiada em pr\u00e1ticas integradas, colaborativas e participativas. Posturas e estruturas que valorizam o \u201ccontrole\u201d, em detrimento de uma atitude colaborativa, est\u00e3o em apuros e fadadas ao anacronismo. O que se busca e almeja s\u00e3o os modelos que valorizam a circula\u00e7\u00e3o, nos quais \u00e0 audi\u00eancia s\u00e3o asseguradas condi\u00e7\u00f5es de performance ativa, objetivo em completo di\u00e1logo com o pr\u00f3prio objetivo das avalia\u00e7\u00f5es sobre as pol\u00edticas de relacionamento com egressos e egressas empreendidas pelo MEC.<\/p>\n<p>Em raz\u00e3o das transforma\u00e7\u00f5es \u2013 de natureza sociais e tecnol\u00f3gicas \u2013 que marcam a chamada cultura digital, que pode ser definida como o conjunto de pr\u00e1ticas, costumes e formas de intera\u00e7\u00e3o social as quais s\u00e3o realizadas a partir dos recursos da tecnologia digital, como a internet e as TICs, n\u00e3o \u00e9 poss\u00edvel desconsiderar a centralidade das chamadas m\u00eddias sociais digitais como espa\u00e7os para criar, compartilhar, distribuir, e aprimorar informa\u00e7\u00f5es.<\/p>\n<p>A execu\u00e7\u00e3o deste projeto tamb\u00e9m assegurar\u00e1 \u00e0 Universidade oportunidades para contribuir diretamente com a trajet\u00f3ria de egressos e egressos, por meio da oferta e da melhor divulga\u00e7\u00e3o de oportunidades de educa\u00e7\u00e3o continuada (lato sensu e stricto sensu), conex\u00e3o e troca de experi\u00eancias entre colegas de curso, \u201cjanelas\u201d de inser\u00e7\u00e3o no mundo do trabalho para estudantes e rec\u00e9m-formados(as) e reconhecimento da condi\u00e7\u00e3o de egressos e egressas da UFMG por meio da integra\u00e7\u00e3o ao cotidiano da comunidade universit\u00e1ria.<\/p>\n<p>\u00c9 neste contexto que se d\u00e1 a cria\u00e7\u00e3o de p\u00e1ginas do Sempre UFMG no Instagram, LinkedIn e Youtube.<\/p>\n<\/div><\/div><\/div><\/div><\/div>\n","protected":false},"excerpt":{"rendered":"<p>A partir do segundo semestre de 2023, sob coordena\u00e7\u00e3o da [&hellip;]<\/p>\n","protected":false},"author":2,"featured_media":0,"parent":62,"menu_order":0,"comment_status":"closed","ping_status":"closed","template":"","meta":{"footnotes":""},"acf":[],"_links":{"self":[{"href":"https:\/\/www.ufmg.br\/copi\/wp-json\/wp\/v2\/pages\/392"}],"collection":[{"href":"https:\/\/www.ufmg.br\/copi\/wp-json\/wp\/v2\/pages"}],"about":[{"href":"https:\/\/www.ufmg.br\/copi\/wp-json\/wp\/v2\/types\/page"}],"author":[{"embeddable":true,"href":"https:\/\/www.ufmg.br\/copi\/wp-json\/wp\/v2\/users\/2"}],"replies":[{"embeddable":true,"href":"https:\/\/www.ufmg.br\/copi\/wp-json\/wp\/v2\/comments?post=392"}],"version-history":[{"count":7,"href":"https:\/\/www.ufmg.br\/copi\/wp-json\/wp\/v2\/pages\/392\/revisions"}],"predecessor-version":[{"id":3883,"href":"https:\/\/www.ufmg.br\/copi\/wp-json\/wp\/v2\/pages\/392\/revisions\/3883"}],"up":[{"embeddable":true,"href":"https:\/\/www.ufmg.br\/copi\/wp-json\/wp\/v2\/pages\/62"}],"wp:attachment":[{"href":"https:\/\/www.ufmg.br\/copi\/wp-json\/wp\/v2\/media?parent=392"}],"curies":[{"name":"wp","href":"https:\/\/api.w.org\/{rel}","templated":true}]}}