{"id":463,"date":"2023-08-04T11:13:39","date_gmt":"2023-08-04T14:13:39","guid":{"rendered":"https:\/\/www.ufmg.br\/copi-novo\/?page_id=463"},"modified":"2023-08-04T11:13:39","modified_gmt":"2023-08-04T14:13:39","slug":"assistencia-estudantil","status":"publish","type":"page","link":"https:\/\/www.ufmg.br\/copi\/projetos-ufmg-loa-2024\/assistencia-estudantil\/","title":{"rendered":"Assist\u00eancia estudantil"},"content":{"rendered":"<p><strong>Tecnologia da Informa\u00e7\u00e3o<\/strong><\/p>\n<p>Aquisi\u00e7\u00e3o de equipamento tecnol\u00f3gico de informa\u00e7\u00e3o e de comunica\u00e7\u00e3o (notebooks, tablets) com vistas \u00e0 perman\u00eancia qualificada de estudantes de gradua\u00e7\u00e3o provenientes de reservas de vagas e de outras pol\u00edticas internas da UFMG.<\/p>\n<p>Valor: R$ 400.000,00 (GND 4) + R$ 40.000,00 (GND 3) = R$ 440.000,00<\/p>\n<p>Relev\u00e2ncia: estudantes provenientes da modalidade de reservas de vagas (trajet\u00f3ria de ensino em escolas p\u00fablicas do Pa\u00eds, fam\u00edlias com renda igual ou inferior a 1,5 sal\u00e1rio-m\u00ednimo per capta, autodeclarados pretos, pardos e ind\u00edgenas e pessoas com defici\u00eancia), de assentamentos ou comunidades remanescentes de quilombos, de vagas suplementares (estudantes ind\u00edgenas aldeados, negros\/as), de cursos de altern\u00e2ncia (LECAMPO E FIEI) e do Programa PEC-G da Universidade Federal de Minas Gerais.<\/p>\n<p>Coordena\u00e7\u00e3o: Prof.\u00aa Lic\u00ednia Maria Correa, pr\u00f3-reitora de Assuntos Estudantis, e Prof.\u00aa Shirley Miranda, pr\u00f3-reitora adjunta de Assuntos Estudantis\/UFMG<\/p>\n<hr \/>\n<p>&nbsp;<\/p>\n<p><strong>Bolsas para a p\u00f3s-gradua\u00e7\u00e3o<\/strong><\/p>\n<p>Qualificar a perman\u00eancia na P\u00f3s-Gradua\u00e7\u00e3o de pessoas em situa\u00e7\u00e3o de vulnerabilidade social. De modo convergente \u00e0s diretrizes dadas pela Lei das Cotas (Lei n\u00ba12.711\/2012) e pela Pol\u00edtica de A\u00e7\u00f5es Afirmativas na P\u00f3s-Gradua\u00e7\u00e3o da UFMG (Resolu\u00e7\u00e3o CEPE n\u00ba02\/2017), e em conformidade \u00e0s normativas das ag\u00eancias de fomento, o escopo abrange pessoas negras, ind\u00edgenas, pessoas com defici\u00eancia e aquelas em vulnerabilidade econ\u00f4mica. A aloca\u00e7\u00e3o de bolsas se dar\u00e1 a partir de cotas por modalidade, considerada a distribui\u00e7\u00e3o desses grupos no contingente de discentes na P\u00f3s-Gradua\u00e7\u00e3o.<\/p>\n<p>Valor: R$ 2.640.000,00 (GND 3)<\/p>\n<p>Relev\u00e2ncia: os resultados positivos das pol\u00edticas de inclus\u00e3o carregam consigo a necessidade da expans\u00e3o das formas de acesso e perman\u00eancia na P\u00f3s-Gradua\u00e7\u00e3o, parte essencial de uma educa\u00e7\u00e3o p\u00fablica, gratuita e de qualidade. A proposta ir\u00e1 atender pessoas negras, ind\u00edgenas, pessoas com defici\u00eancia e em situa\u00e7\u00e3o de vulnerabilidade econ\u00f4mica, a partir da concess\u00e3o de bolsas da p\u00f3s-gradua\u00e7\u00e3o.<\/p>\n<p>Coordena\u00e7\u00e3o: Prof.\u00aa Isabela Almeida Pordeus, pr\u00f3-reitoria de P\u00f3s-Gradua\u00e7\u00e3o\/UFMG<\/p>\n","protected":false},"excerpt":{"rendered":"<p>Tecnologia da Informa\u00e7\u00e3o Aquisi\u00e7\u00e3o de equipamento tecnol\u00f3gico de informa\u00e7\u00e3o e [&hellip;]<\/p>\n","protected":false},"author":2,"featured_media":0,"parent":446,"menu_order":0,"comment_status":"closed","ping_status":"closed","template":"","meta":{"footnotes":""},"acf":[],"_links":{"self":[{"href":"https:\/\/www.ufmg.br\/copi\/wp-json\/wp\/v2\/pages\/463"}],"collection":[{"href":"https:\/\/www.ufmg.br\/copi\/wp-json\/wp\/v2\/pages"}],"about":[{"href":"https:\/\/www.ufmg.br\/copi\/wp-json\/wp\/v2\/types\/page"}],"author":[{"embeddable":true,"href":"https:\/\/www.ufmg.br\/copi\/wp-json\/wp\/v2\/users\/2"}],"replies":[{"embeddable":true,"href":"https:\/\/www.ufmg.br\/copi\/wp-json\/wp\/v2\/comments?post=463"}],"version-history":[{"count":1,"href":"https:\/\/www.ufmg.br\/copi\/wp-json\/wp\/v2\/pages\/463\/revisions"}],"predecessor-version":[{"id":465,"href":"https:\/\/www.ufmg.br\/copi\/wp-json\/wp\/v2\/pages\/463\/revisions\/465"}],"up":[{"embeddable":true,"href":"https:\/\/www.ufmg.br\/copi\/wp-json\/wp\/v2\/pages\/446"}],"wp:attachment":[{"href":"https:\/\/www.ufmg.br\/copi\/wp-json\/wp\/v2\/media?parent=463"}],"curies":[{"name":"wp","href":"https:\/\/api.w.org\/{rel}","templated":true}]}}