{"id":469,"date":"2023-08-04T11:15:52","date_gmt":"2023-08-04T14:15:52","guid":{"rendered":"https:\/\/www.ufmg.br\/copi-novo\/?page_id=469"},"modified":"2023-08-04T11:15:52","modified_gmt":"2023-08-04T14:15:52","slug":"biosseguranca","status":"publish","type":"page","link":"https:\/\/www.ufmg.br\/copi\/projetos-ufmg-loa-2024\/biosseguranca\/","title":{"rendered":"Biosseguran\u00e7a"},"content":{"rendered":"<p><strong>Implanta\u00e7\u00e3o do Centro Regional de Inspe\u00e7\u00e3o, Classifica\u00e7\u00e3o e Qualidade de Ovos<\/strong><\/p>\n<p>Abrang\u00eancia: Ovos de galinhas s\u00e3o s\u00e3o essenciais \u00e0 pesquisa em virologia, bacteriologia, embriologia, entre outras \u00e1reas da produ\u00e7\u00e3o de vacinas e imunobiol\u00f3gicos. Eles tamb\u00e9m s\u00e3o usados na produ\u00e7\u00e3o de insumos biom\u00e9dicos para animais e seres humanos e representam uma das mais importantes alternativas. Por isso, \u00e9 preciso que os experimentos sejam seguros e confi\u00e1veis. Portanto, \u00e9 fundamental garantir que os ovos sejam produzidos por galinhas livres de pat\u00f3genos espec\u00edficos (SPF).<\/p>\n<p>Valor: R$ 14.232,84 (GND 3) + R$ 284.656,75 (GND 4) = R$ 298.889,59<\/p>\n<p>Procedimento: Na produ\u00e7\u00e3o de vacinas, os ovos SPF definem altos padr\u00f5es de qualidade. Os pat\u00f3genos de aves devem ser monitorados para assegurar a qualidade sanit\u00e1ria. Ovos livres de pat\u00f3genos de origem certificada ser\u00e3o comprados e incubados para a gera\u00e7\u00e3o de pintinhos. Um n\u00famero selecionado de pintinhos-prog\u00eanie ser\u00e1 criado para, atrav\u00e9s de uma segunda sele\u00e7\u00e3o, ser definido como plantel de reprodutores.<\/p>\n<p>Coordena\u00e7\u00e3o: Prof.\u00aa .Silvana de Vasconcelos Can\u00e7ado &#8211; Escola de Veterin\u00e1ria\/UFMG<\/p>\n","protected":false},"excerpt":{"rendered":"<p>Implanta\u00e7\u00e3o do Centro Regional de Inspe\u00e7\u00e3o, Classifica\u00e7\u00e3o e Qualidade de [&hellip;]<\/p>\n","protected":false},"author":2,"featured_media":0,"parent":446,"menu_order":0,"comment_status":"closed","ping_status":"closed","template":"","meta":{"footnotes":""},"acf":[],"_links":{"self":[{"href":"https:\/\/www.ufmg.br\/copi\/wp-json\/wp\/v2\/pages\/469"}],"collection":[{"href":"https:\/\/www.ufmg.br\/copi\/wp-json\/wp\/v2\/pages"}],"about":[{"href":"https:\/\/www.ufmg.br\/copi\/wp-json\/wp\/v2\/types\/page"}],"author":[{"embeddable":true,"href":"https:\/\/www.ufmg.br\/copi\/wp-json\/wp\/v2\/users\/2"}],"replies":[{"embeddable":true,"href":"https:\/\/www.ufmg.br\/copi\/wp-json\/wp\/v2\/comments?post=469"}],"version-history":[{"count":1,"href":"https:\/\/www.ufmg.br\/copi\/wp-json\/wp\/v2\/pages\/469\/revisions"}],"predecessor-version":[{"id":470,"href":"https:\/\/www.ufmg.br\/copi\/wp-json\/wp\/v2\/pages\/469\/revisions\/470"}],"up":[{"embeddable":true,"href":"https:\/\/www.ufmg.br\/copi\/wp-json\/wp\/v2\/pages\/446"}],"wp:attachment":[{"href":"https:\/\/www.ufmg.br\/copi\/wp-json\/wp\/v2\/media?parent=469"}],"curies":[{"name":"wp","href":"https:\/\/api.w.org\/{rel}","templated":true}]}}