{"id":487,"date":"2023-08-04T11:28:43","date_gmt":"2023-08-04T14:28:43","guid":{"rendered":"https:\/\/www.ufmg.br\/copi-novo\/?page_id=487"},"modified":"2023-08-04T11:28:43","modified_gmt":"2023-08-04T14:28:43","slug":"genero-raca-e-identidade","status":"publish","type":"page","link":"https:\/\/www.ufmg.br\/copi\/projetos-ufmg-loa-2024\/genero-raca-e-identidade\/","title":{"rendered":"G\u00eanero, ra\u00e7a e identidade"},"content":{"rendered":"<p><strong>F\u00f3rum da Mulher do Jequitinhonha<\/strong><\/p>\n<p>Relev\u00e2ncia: Aprofundar o processo formativo iniciado com jovens quilombolas e iniciar uma a\u00e7\u00e3o com grupos da juventude ind\u00edgena.<\/p>\n<p>Abrang\u00eancia: Associa\u00e7\u00f5es de grupos de mulheres de todo Vale do Jequitinhonha, artes\u00e3s, agricultoras, l\u00edderes sindicais, professoras, quilombolas, participantes de movimentos sem terra, l\u00edderes pol\u00edticas e funcion\u00e1rias p\u00fablicas. Jovens de comunidades quilombolas dos munic\u00edpios: Berilo, Chapada do Norte e Francisco Badar\u00f3 e membros das comunidades quilombolas dos munic\u00edpios trabalhados. Jovens ind\u00edgenas das aldeias Cinta-Vermelha, Jundiba, Pankararu Patax\u00f3.<\/p>\n<p>Valor: R$ 348.000,00 (GND 3)<\/p>\n<p>Coordena\u00e7\u00e3o: Maria das Dores Pimentel Nogueira &#8211; Pr\u00f3-reitoria de Cultura\/UFMG<\/p>\n<hr \/>\n<p>&nbsp;<\/p>\n<p><strong>Defesa da Democracia<\/strong><\/p>\n<p>Abrang\u00eancia: O fen\u00f4meno da desinforma\u00e7\u00e3o \u00e9, por certo, o grande desafio na luta pela defesa da democracia e da cidadania nas primeiras d\u00e9cadas do s\u00e9culo 21. A desinforma\u00e7\u00e3o vai al\u00e9m da mentira ou da falta de informa\u00e7\u00e3o e se caracteriza, em muitos casos, mais pela abund\u00e2ncia de informa\u00e7\u00f5es e pela incapacidade de as pessoas filtr\u00e1-las e cotej\u00e1-las com fontes confi\u00e1veis. Combater a desordem informativa \u00e9 fundamental para fortalecer as institui\u00e7\u00f5es \u2013 os poderes Executivo, Legislativo e Judici\u00e1rio, a imprensa, as universidades e a ci\u00eancia \u2013 e ampliar sua capacidade de estabelecer media\u00e7\u00f5es, que foram fundamentais para alcan\u00e7armos o atual est\u00e1gio civilizat\u00f3rio.<\/p>\n<p>Ser\u00e3o realizados eventos institucionais para constru\u00e7\u00e3o de pautas midi\u00e1ticas em cada fase do Programa (lan\u00e7amento, assinaturas de parcerias, entregas \u00e0s comunidades), com apoio da assessoria de imprensa na constru\u00e7\u00e3o de cobertura das m\u00eddias da UFMG e dos ve\u00edculos da imprensa.<br \/>\nValor: 345.290,00 (GND 3)<\/p>\n<p>P\u00fablico-alvo: Comunidade docente e discente da UFMG; Sociedade civil onde a UFMG est\u00e1 inserida.<\/p>\n<p>Coordena\u00e7\u00e3o: Prof.\u00aa F\u00e1bia Pereira Lima, diretora de Comunica\u00e7\u00e3o\/UFMG<\/p>\n<hr \/>\n<p>&nbsp;<\/p>\n<p><strong>Rodando o Babado: psicoterapia em grupo para estudantes LGBTQIA+ para apoio a perman\u00eancia qualificada na UFMG<\/strong><\/p>\n<p>Relev\u00e2ncia: As quest\u00f5es relativas a g\u00eanero e sexualidade vem passando por marcantes transforma\u00e7\u00f5es no Brasil com transforma\u00e7\u00f5es positivas para toda sociedade. Por\u00e9m, em um contexto de pa\u00eds marcadamente machista e sexista n\u00e3o se pode ignorar a viol\u00eancia sofrida por todos aqueles que transgridem as limitadas e limitantes no\u00e7\u00f5es de normalidade. Neste sentido, \u00e9 fundamental que a UFMG e a FUMP desenvolvam a\u00e7\u00f5es de acompanhamento psicoter\u00e1pico especificamente voltado aos estudantes LGBTQIA+ como fundamento de uma pol\u00edtica de assist\u00eancia estudantil voltada a este p\u00fablico.<\/p>\n<p>Abrang\u00eancia: Estudantes LGBTQIA+ da UFMG<\/p>\n<p>Valor: R$ 300.000,00 (GND 3)<\/p>\n<p>Coordena\u00e7\u00e3o: Prof.\u00ba Matheus Anchieta Ramirez, diretor da Funda\u00e7\u00e3o Mendes Pimentel, entidade executora das pol\u00edticas de assist\u00eancia estudantil na UFMG.<\/p>\n","protected":false},"excerpt":{"rendered":"<p>F\u00f3rum da Mulher do Jequitinhonha Relev\u00e2ncia: Aprofundar o processo formativo [&hellip;]<\/p>\n","protected":false},"author":2,"featured_media":0,"parent":446,"menu_order":0,"comment_status":"closed","ping_status":"closed","template":"","meta":{"footnotes":""},"acf":[],"_links":{"self":[{"href":"https:\/\/www.ufmg.br\/copi\/wp-json\/wp\/v2\/pages\/487"}],"collection":[{"href":"https:\/\/www.ufmg.br\/copi\/wp-json\/wp\/v2\/pages"}],"about":[{"href":"https:\/\/www.ufmg.br\/copi\/wp-json\/wp\/v2\/types\/page"}],"author":[{"embeddable":true,"href":"https:\/\/www.ufmg.br\/copi\/wp-json\/wp\/v2\/users\/2"}],"replies":[{"embeddable":true,"href":"https:\/\/www.ufmg.br\/copi\/wp-json\/wp\/v2\/comments?post=487"}],"version-history":[{"count":1,"href":"https:\/\/www.ufmg.br\/copi\/wp-json\/wp\/v2\/pages\/487\/revisions"}],"predecessor-version":[{"id":488,"href":"https:\/\/www.ufmg.br\/copi\/wp-json\/wp\/v2\/pages\/487\/revisions\/488"}],"up":[{"embeddable":true,"href":"https:\/\/www.ufmg.br\/copi\/wp-json\/wp\/v2\/pages\/446"}],"wp:attachment":[{"href":"https:\/\/www.ufmg.br\/copi\/wp-json\/wp\/v2\/media?parent=487"}],"curies":[{"name":"wp","href":"https:\/\/api.w.org\/{rel}","templated":true}]}}