{"id":502,"date":"2023-08-04T12:43:28","date_gmt":"2023-08-04T15:43:28","guid":{"rendered":"https:\/\/www.ufmg.br\/copi-novo\/?page_id=502"},"modified":"2023-08-04T12:43:28","modified_gmt":"2023-08-04T15:43:28","slug":"atendimento-a-normas-de-acessibilidade","status":"publish","type":"page","link":"https:\/\/www.ufmg.br\/copi\/projetos-ufmg-loa-2024\/atendimento-a-normas-de-acessibilidade\/","title":{"rendered":"Atendimento a normas de acessibilidade"},"content":{"rendered":"<p><strong>Projeto de Acessibilidade do Centro Pedag\u00f3gico<\/strong><\/p>\n<p>Relev\u00e2ncia: instala\u00e7\u00e3o\/constru\u00e7\u00e3o de plataformas elevat\u00f3rias e\/ou rampas; constru\u00e7\u00e3o ou adapta\u00e7\u00e3o de banheiros; instala\u00e7\u00e3o de rampas em todos os degraus isolados; aquisi\u00e7\u00e3o de mesas compat\u00edveis com a utiliza\u00e7\u00e3o de cadeira de rodas; reforma e adapta\u00e7\u00e3o de escadas; e instala\u00e7\u00e3o de guarda-corpos e corrim\u00e3os, entre outros<\/p>\n<p>Abrang\u00eancia: Interven\u00e7\u00f5es arquitet\u00f4nicas no Centro Pedag\u00f3gico da UFMG para que suas instala\u00e7\u00f5es sejam acess\u00edveis aos alunos e servidores com defici\u00eancias &#8211; crian\u00e7as e adolescentes do Ensino Fundamental que funciona em Tempo Integral, 1\u00ba ciclo (1\u00ba, 2\u00ba e 3\u00ba anos), 2\u00ba ciclo (4\u00ba, 5\u00ba e 6\u00ba anos), do 3\u00ba ciclo (7\u00ba, 8\u00ba e 9\u00ba anos), e da Educa\u00e7\u00e3o de Jovens e Adultos (EJA \u2013 Ensino Fundamental e Ensino M\u00e9dio) do Centro Pedag\u00f3gico da EBAP\/UFMG, incluindo P\u00fablico-Alvo da Educa\u00e7\u00e3o Especial (PAEE).<\/p>\n<p>Valor: R$ 1.100.000,00 (GND 4)<\/p>\n<p>Coordena\u00e7\u00e3o: Prof\u00aa T\u00e2nia Aretuza Ambrizi Gebara, diretora do Centro Pedag\u00f3gico\/UFMG<\/p>\n<hr \/>\n<p>&nbsp;<\/p>\n<p><strong>UFMG acess\u00edvel<\/strong><\/p>\n<p>Relev\u00e2ncia: A acessibilidade \u00e9 um direito fundamental de todos, compromisso assumido pelo Brasil, ao ratificar a Conven\u00e7\u00e3o Internacional sobre os Direitos das Pessoas com Defici\u00eancia e seu Protocolo Facultativo e ao instituir a Lei Brasileira de Inclus\u00e3o em 2015. A\u00e7\u00f5es que visam \u00e0 elimina\u00e7\u00e3o de barreiras de acessibilidade, como as propostas neste projeto, demonstram o compromisso com a inclus\u00e3o social e a igualdade de oportunidades de todos os membros da comunidade acad\u00eamica e da sociedade como um todo.<\/p>\n<p>Abrang\u00eancia: Pessoas com defici\u00eancia da comunidade universit\u00e1ria. Importante considerar que a elimina\u00e7\u00e3o de barreiras de acessibilidade alcan\u00e7am n\u00e3o s\u00f3 as pessoas com defici\u00eancia. Cerca de 30 a 40 mil pessoas circulam pelo campus Pampulha diariamente, dentre as quais<br \/>\nencontram-se estudantes, servidores t\u00e9cnicos, professores e participantes de projetos e atividades oferecidas pela universidade.<\/p>\n<p>Valor: 76.000,00 (GND 3) + 2.498.580,00 (GND 4) = R$ 2.529.580,00<\/p>\n<p>Coordena\u00e7\u00e3o: Jo\u00e3o Renato Stehmann, N\u00facleo de Acessibilidade e Inclus\u00e3o\/UFMG<\/p>\n<hr \/>\n<p>&nbsp;<\/p>\n<p><strong>\u00d4nibus Interurbano Adaptado para Cadeirantes do Centro Pedag\u00f3gico da Universidade Federal Minas Gerais<\/strong><\/p>\n<p>Relev\u00e2ncia: O Centro Pedag\u00f3gico tem, atualmente, 37 estudantes PAEE entre: cadeirantes, alunos com paralisia cerebral, S\u00edndrome de Down, baixa vis\u00e3o e audi\u00e7\u00e3o, entre outras comorbidades que implicam dificuldades ergon\u00f4micas e de mobilidade.<\/p>\n<p>O Centro Pedag\u00f3gico enfrenta hoje o desafio de se adaptar para incluir com dignidade e acessibilidade os alunos (crian\u00e7as e adolescentes da Educa\u00e7\u00e3o B\u00e1sica e jovens e adultos da EJA) com defici\u00eancias f\u00edsicas.<\/p>\n<p>Valor: R$ 800.000,00 (GND 4)<\/p>\n<p>Coordena\u00e7\u00e3o: Prof\u00aa T\u00e2nia Aretuza Ambrizi Gebara, diretora do Centro Pedag\u00f3gico\/UFMG<\/p>\n<hr \/>\n<p>&nbsp;<\/p>\n<p><strong>Moderniza\u00e7\u00e3o e mem\u00f3ria da biblioteca da Faculdade de Direito da UFMG<\/strong><\/p>\n<p>Relev\u00e2ncia: Promover a moderniza\u00e7\u00e3o dos equipamentos da Biblioteca da Faculdade de Direito da UFMG, ao mesmo tempo em que promove a organiza\u00e7\u00e3o de seu acervo hist\u00f3rico, com a organiza\u00e7\u00e3o de um Centro de Mem\u00f3ria, e desenvolve melhores condi\u00e7\u00f5es de acessibilidade.<\/p>\n<p>Abrang\u00eancia: Comunidade acad\u00eamica e p\u00fablico externo, esse em rela\u00e7\u00e3o ao acervo da Mem\u00f3ria da Faculdade de Direito.<\/p>\n<p>Valor: 30.000,00 (GND 3) + 180.803,20 (GND 4) = R$ 210.803,20<\/p>\n<p>Coordena\u00e7\u00e3o: Professores Hermes Vilchez Guerrero e M\u00f4nica Sette Lopes (diretor e vice-diretora) &#8211; Faculdade de Direito\/UFMG<\/p>\n<hr \/>\n<p>&nbsp;<\/p>\n<p><strong>Laborat\u00f3rio de metodologias ativas de ensino em Montes Claros<\/strong><\/p>\n<p>Relev\u00e2ncia: Oferecer estrutura m\u00ednima para a implementa\u00e7\u00e3o de processos inovadores de ensino e extens\u00e3o universit\u00e1ria, capazes de potencializar a implementa\u00e7\u00e3o de novas estrat\u00e9gias de aprendizagem.<\/p>\n<p>Abrang\u00eancia: Comunidade acad\u00eamica de gradua\u00e7\u00e3o e p\u00f3s-gradua\u00e7\u00e3o do ICA (1.273 estudantes); 102 t\u00e9cnicos administrativos que capacitam anualmente e o p\u00fablico externo que utiliza o campus da UFMG em Montes Claros para atividades de extens\u00e3o universit\u00e1ria ligadas ao uso eficiente de recursos (937 pessoas\/ano).<\/p>\n<p>Valor: 35.000,00 (GND 3) + 343.643,00 (GND 4) = R$ 378.643,00<\/p>\n<p>Coordena\u00e7\u00e3o: Prof.\u00ba Helder dos Anjos Augusto \u2013 Diretor do ICA\/UFMG<\/p>\n<p>O Campus regional da UFMG tem potencial para se tornar refer\u00eancia na tecnologia de produ\u00e7\u00e3o agropecu\u00e1ria no Norte de Minas Gerais, podendo expandir o raio de influ\u00eancia para o Vale do Jequitinhonha e Mucuri, Noroeste de Minas Gerais, regi\u00e3o central de Minas Gerais e do Sul da Bahia. Nessas \u00e1reas n\u00e3o h\u00e1 estruturas de experimenta\u00e7\u00e3o de produ\u00e7\u00e3o animal e vegetal que possa, junto de um efetivo de grande qualifica\u00e7\u00e3o de pesquisadores, servir ao desenvolvimento de tecnologias adaptadas ao cerrado mineiro e ao semi\u00e1rido.<\/p>\n<hr \/>\n<p>&nbsp;<\/p>\n<p><strong>Moderniza\u00e7\u00e3o Audiovisual dos Audit\u00f3rios<\/strong><\/p>\n<p>Relev\u00e2ncia: a comunica\u00e7\u00e3o com os surdos atrav\u00e9s n\u00e3o tem sido poss\u00edvel pela aus\u00eancia de um sistema multic\u00e2meras que possibilitem a interpreta\u00e7\u00e3o em L\u00edngua Brasileira de Sinais (LIBRAS).<\/p>\n<p>Abrang\u00eancia: Comunidade acad\u00eamica, pesquisadores, professores, estudantes, artistas, gestores p\u00fablicos, pol\u00edticos, p\u00fablico externo em geral.<\/p>\n<p>Valor: 18.750,00 (GND 3) + 250.000,00 (GND 4) = R$ 268.750,00<\/p>\n<p>Coordena\u00e7\u00e3o: C\u00e1ssia Monteiro \/ Harley Mendes, Coordenadoria de Assuntos Comunit\u00e1rios\/UFMG<\/p>\n<hr \/>\n<p>&nbsp;<\/p>\n<p><strong>Centro Cultural<\/strong><\/p>\n<p>Relev\u00e2ncia: Anualmente o Centro Cultural UFMG recebe em torno de 30.000 pessoas\/m\u00eas. Durante as visitas, um dos pedidos do p\u00fablico \u00e9 a melhoria da acessibilidade do pr\u00e9dio, pois o mesmo apresenta muitas barreiras f\u00edsicas que dificultam o acesso aos espa\u00e7os. Para atender essa solicita\u00e7\u00e3o e visando a adequa\u00e7\u00e3o do Centro Cultural UFMG \u00e0 Lei Brasileira de Inclus\u00e3o n\u00b0 13.146, de 06 de julho de 2015, \u00e9 necess\u00e1rio executar a implementa\u00e7\u00e3o do projeto de acessibilidade para eliminar as barreiras arquitet\u00f4nicas existentes na edifica\u00e7\u00e3o, tornando-o plenamente acess\u00edvel.<\/p>\n<p>Abrang\u00eancia: A popula\u00e7\u00e3o de Belo Horizonte, comunidade art\u00edstica e comunidade universit\u00e1ria.<\/p>\n<p>Valor: 50.000,00 (GND 3) + 250.000,00 (GND 4) = R$ 300.000,00<\/p>\n<p>Coordena\u00e7\u00e3o: Prof.\u00ba Fernando Mencarelli \u2013 Pr\u00f3-reitor de Cultura\/UFMG<\/p>\n<hr \/>\n<p>&nbsp;<\/p>\n<p><strong>Acessibilidade nos Restaurantes Universit\u00e1rios da UFMG<\/strong><\/p>\n<p>Relev\u00e2ncia: Promover adequa\u00e7\u00f5es f\u00edsicas que garantam o acesso de todos e todas estudantes e demais usu\u00e1rios aos Restaurantes Universit\u00e1rios.<\/p>\n<p>Abrang\u00eancia:Pessoas com defici\u00eancia, que comp\u00f5em a comunidade da UFMG, e externas, que fazem uso dos restaurantes universit\u00e1rios<\/p>\n<p>Valor: 150.000,00 (GND 3) + 350.000,00 (GND 4) = R$ 500.000,00<\/p>\n<p>Coordena\u00e7\u00e3o: Prof\u00ba Matheus Anchieta Ramirez, diretor da Funda\u00e7\u00e3o Mendes Pimentel\/UFMG<\/p>\n<hr \/>\n<p>&nbsp;<\/p>\n<p><strong>Reforma dos laborat\u00f3rios de aulas no Instituto de Ci\u00eancias Agr\u00e1rias<\/strong><\/p>\n<p>Relev\u00e2ncia: reformar e adequar as instala\u00e7\u00f5es prediais de ensino da UFMG em Montes Claros em conson\u00e2ncia com as a\u00e7\u00f5es de inclus\u00e3o social e acessibilidade, atendimento \u00e0s normas de seguran\u00e7a e as normas de instala\u00e7\u00f5es el\u00e9tricas e hidr\u00e1ulicas.<\/p>\n<p>Abrang\u00eancia: P\u00fablico da comunidade acad\u00eamica do ICA (1.500 pessoas) e o p\u00fablico externo que utiliza o Campus para atividades de extens\u00e3o ligadas ao uso eficiente de<br \/>\nrecursos (500 pessoas\/ano).<\/p>\n<p>Valor: 37.000,00 (GND 3) + 368.207,00 (GND 4) = R$ 405.207,00<\/p>\n<p>Coordena\u00e7\u00e3o: Prof.\u00ba Professor Helder dos Anjos Augusto \u2013 Diretor do ICA\/UFMG<\/p>\n","protected":false},"excerpt":{"rendered":"<p>Projeto de Acessibilidade do Centro Pedag\u00f3gico Relev\u00e2ncia: instala\u00e7\u00e3o\/constru\u00e7\u00e3o de plataformas [&hellip;]<\/p>\n","protected":false},"author":2,"featured_media":0,"parent":446,"menu_order":0,"comment_status":"closed","ping_status":"closed","template":"","meta":{"footnotes":""},"acf":[],"_links":{"self":[{"href":"https:\/\/www.ufmg.br\/copi\/wp-json\/wp\/v2\/pages\/502"}],"collection":[{"href":"https:\/\/www.ufmg.br\/copi\/wp-json\/wp\/v2\/pages"}],"about":[{"href":"https:\/\/www.ufmg.br\/copi\/wp-json\/wp\/v2\/types\/page"}],"author":[{"embeddable":true,"href":"https:\/\/www.ufmg.br\/copi\/wp-json\/wp\/v2\/users\/2"}],"replies":[{"embeddable":true,"href":"https:\/\/www.ufmg.br\/copi\/wp-json\/wp\/v2\/comments?post=502"}],"version-history":[{"count":1,"href":"https:\/\/www.ufmg.br\/copi\/wp-json\/wp\/v2\/pages\/502\/revisions"}],"predecessor-version":[{"id":503,"href":"https:\/\/www.ufmg.br\/copi\/wp-json\/wp\/v2\/pages\/502\/revisions\/503"}],"up":[{"embeddable":true,"href":"https:\/\/www.ufmg.br\/copi\/wp-json\/wp\/v2\/pages\/446"}],"wp:attachment":[{"href":"https:\/\/www.ufmg.br\/copi\/wp-json\/wp\/v2\/media?parent=502"}],"curies":[{"name":"wp","href":"https:\/\/api.w.org\/{rel}","templated":true}]}}