{"id":56,"date":"2020-06-10T13:27:34","date_gmt":"2020-06-10T16:27:34","guid":{"rendered":"https:\/\/www.ufmg.br\/dai\/?page_id=56"},"modified":"2026-02-19T13:24:21","modified_gmt":"2026-02-19T16:24:21","slug":"enade","status":"publish","type":"page","link":"https:\/\/www.ufmg.br\/dai\/avaliacaoexterna\/enade\/","title":{"rendered":"Enade"},"content":{"rendered":"<p>Trata-se de uma das formas de avalia\u00e7\u00e3o que integra o Sistema Nacional de Avalia\u00e7\u00e3o da Educa\u00e7\u00e3o Superior &#8211; Sinaes, previsto pela<a href=\"http:\/\/www.planalto.gov.br\/ccivil_03\/_ato2004-2006\/2004\/lei\/l10.861.htm\"> Lei n. 10.861, de 14 de abril de 2004<\/a>. Referido sistema \u00e9 composto por outras duas formas de avalia\u00e7\u00e3o: autoavalia\u00e7\u00e3o institucional pela Comiss\u00e3o Pr\u00f3pria de Avalia\u00e7\u00e3o (CPA) e avalia\u00e7\u00e3o do curso por meio do Processo de Reconhecimento e do de Renova\u00e7\u00e3o de Reconhecimento de Curso.<\/p>\n<p>De acordo com o artigo 5\u00ba, \u00a71\u00ba, da<a href=\"http:\/\/www.planalto.gov.br\/ccivil_03\/_ato2004-2006\/2004\/lei\/l10.861.htm\"> Lei n. 10.861, de 14 de abril de 2004<\/a>, o Enade tem por finalidade aferir \u201co desempenho dos estudantes em rela\u00e7\u00e3o aos conte\u00fados program\u00e1ticos previstos nas diretrizes curriculares do respectivo curso de gradua\u00e7\u00e3o, suas habilidades para ajustamento \u00e0s exig\u00eancias decorrentes da evolu\u00e7\u00e3o do conhecimento e suas compet\u00eancias para compreender temas exteriores ao \u00e2mbito espec\u00edfico de sua profiss\u00e3o, ligados \u00e0 realidade brasileira e mundial e a outras \u00e1reas do conhecimento.\u201d Por ser considerado componente curricular obrigat\u00f3rio, \u00e9 condi\u00e7\u00e3o necess\u00e1ria para conclus\u00e3o do curso de gradua\u00e7\u00e3o, devendo constar no hist\u00f3rico escolar a situa\u00e7\u00e3o de regularidade, atestada pela efetiva participa\u00e7\u00e3o do estudante ou, quando for o caso, dispensa oficial pelo MEC.<\/p>\n<p>O Enade \u00e9 regulamentado pela Portaria Normativa MEC n\u00ba 840, 24 de agosto de 2018 (Retificada no DOU de 03\/09\/2018). Com as altera\u00e7\u00f5es trazidas pela<a href=\"https:\/\/www.in.gov.br\/en\/web\/dou\/-\/portaria-n-610-de-27-de-junho-de-2024-569033072\"> Portaria MEC n\u00ba 610, de 27 de junho de 2024<\/a>, e pela<a href=\"https:\/\/www.in.gov.br\/en\/web\/dou\/-\/portaria-mec-n-393-de-26-de-maio-de-2025-631934735\"> Portaria MEC n\u00ba 393, de 26 de maio de 2025<\/a>, que alteraram o artigo 40 da Portaria Normativa MEC n\u00ba 840, de 24 de agosto de 2018, as Licenciaturas e a Medicina passaram a ser avaliadas nos Anos I, II e III do ciclo avaliativo do Enade. J\u00e1 o Enade dos Bacharelados avaliar\u00e1 as \u00c1reas Gerais da Classifica\u00e7\u00e3o Internacional Normalizada da Educa\u00e7\u00e3o adaptada para Cursos de Gradua\u00e7\u00e3o do Brasil (Cine Brasil), do Inep, que tem por refer\u00eancia a metodologia da <i>International Standard Classification of Education \u2013 Fields of Education and Training<\/i> (ISCED-F 2013), com adequa\u00e7\u00f5es \u00e0 realidade educacional brasileira. S\u00e3o elas:<\/p>\n<p>\u00c1rea 1 &#8211; Educa\u00e7\u00e3o;<\/p>\n<p>\u00c1rea 2 &#8211; Artes e humanidades;<\/p>\n<p>\u00c1rea 3 &#8211; Ci\u00eancias sociais, comunica\u00e7\u00e3o e informa\u00e7\u00e3o;<\/p>\n<p>\u00c1rea 4 &#8211; Neg\u00f3cios, administra\u00e7\u00e3o e direito;<\/p>\n<p>\u00c1rea 5 &#8211; Ci\u00eancias naturais, matem\u00e1tica e estat\u00edstica;<\/p>\n<p>\u00c1rea 6 &#8211; Computa\u00e7\u00e3o e Tecnologias da Informa\u00e7\u00e3o e Comunica\u00e7\u00e3o &#8211; TIC;<\/p>\n<p>\u00c1rea 7 &#8211; Engenharia, produ\u00e7\u00e3o e constru\u00e7\u00e3o;<\/p>\n<p>\u00c1rea 8 &#8211; Agricultura, silvicultura, pesca e veterin\u00e1ria;<\/p>\n<p>\u00c1rea 9 &#8211; Sa\u00fade e bem-estar;<\/p>\n<p>\u00c1rea 10 &#8211; Servi\u00e7os.<\/p>\n<p>&nbsp;<\/p>\n<p>Assim, o Enade passou a ser aplicado em tr\u00eas modalidades: <b>Enade das Licenciaturas<\/b>, integrado por dois processos avaliativos, quais sejam: Avalia\u00e7\u00e3o Te\u00f3rica (AT), realizada por meio da Prova Nacional Docente (PND), e Avalia\u00e7\u00e3o da Pr\u00e1tica (AP); <b>Enade Medicina<\/b>, por meio do Exame Nacional de Avalia\u00e7\u00e3o da Forma\u00e7\u00e3o M\u00e9dica (Enamed); e<b> Enade dos Bacharelados<\/b>.<\/p>\n<p>De acordo com o calend\u00e1rio disponibilizado pelo MEC, nos Anos I, II e III, seriam avaliadas as seguintes \u00c1reas Gerais da Cine Brasil e, por conseguinte, os seguintes cursos da UFMG:<\/p>\n<p><strong>Ano I (2025\/2028)<\/strong><\/p>\n<p>\u00c1rea 1 (Educa\u00e7\u00e3o): Licenciaturas em Artes Visuais, Ci\u00eancias Biol\u00f3gicas, Ci\u00eancias Sociais, Educa\u00e7\u00e3o F\u00edsica, Filosofia, F\u00edsica, Geografia, Hist\u00f3ria, Letras, Matem\u00e1tica &#8211; campus Pampulha, Matem\u00e1tica &#8211; campus Montes Claros, M\u00fasica, Pedagogia e Qu\u00edmica.<\/p>\n<p>\u00c1rea 2 (Artes e humanidades): Bacharelados em Artes Visuais, Design, Filosofia, Hist\u00f3ria, Letras e M\u00fasica.<\/p>\n<p>\u00c1rea 3 (Ci\u00eancias sociais, comunica\u00e7\u00e3o e informa\u00e7\u00e3o): Bacharelados em Ci\u00eancias Econ\u00f4micas, Ci\u00eancias Sociais, Geografia, Jornalismo, Psicologia e Rela\u00e7\u00f5es Econ\u00f4micas Internacionais.<\/p>\n<p>\u00c1rea 4 (Neg\u00f3cios, administra\u00e7\u00e3o e direito): Bacharelados em Administra\u00e7\u00e3o &#8211; campus Pampulha, Administra\u00e7\u00e3o &#8211; campus Montes Claros, Administra\u00e7\u00e3o &#8211; EaD, Ci\u00eancias Cont\u00e1beis, Direito, Publicidade e Propaganda.<\/p>\n<p>Medicina<\/p>\n<p><strong>Ano II (2026)<\/strong><\/p>\n<p>\u00c1rea 1 (Educa\u00e7\u00e3o): Licenciaturas em Artes Visuais, Ci\u00eancias Biol\u00f3gicas, Ci\u00eancias Sociais, Educa\u00e7\u00e3o F\u00edsica, Filosofia, F\u00edsica, Geografia, Hist\u00f3ria, Letras, Matem\u00e1tica &#8211; campus Pampulha, Matem\u00e1tica &#8211; campus Montes Claros, M\u00fasica, Pedagogia e Qu\u00edmica.<\/p>\n<p>\u00c1rea 5 (Ci\u00eancias naturais, matem\u00e1tica e estat\u00edstica): Bacharelados em Ci\u00eancias Biol\u00f3gicas, F\u00edsica, Matem\u00e1tica, Matem\u00e1tica Computacional e Qu\u00edmica.<\/p>\n<p>\u00c1rea 6 (Computa\u00e7\u00e3o e Tecnologias da Informa\u00e7\u00e3o e Comunica\u00e7\u00e3o &#8211; TIC): Bacharelados em Ci\u00eancia da Computa\u00e7\u00e3o e Sistemas de Informa\u00e7\u00e3o.<\/p>\n<p>\u00c1rea 7 (Engenharia, produ\u00e7\u00e3o e constru\u00e7\u00e3o): Bacharelados em Arquitetura e Urbanismo, Engenharia Ambiental, Engenharia Civil, Engenharia de Alimentos, Engenharia de Computa\u00e7\u00e3o, Engenharia de Controle e Automa\u00e7\u00e3o, Engenharia de Produ\u00e7\u00e3o, Engenharia El\u00e9trica, Engenharia Mec\u00e2nica e Engenharia Qu\u00edmica.<\/p>\n<p>Medicina<\/p>\n<p><strong>Ano III (2027)<\/strong><\/p>\n<p>\u00c1rea 1 (Educa\u00e7\u00e3o): Licenciaturas em Artes Visuais, Ci\u00eancias Biol\u00f3gicas, Ci\u00eancias Sociais, Educa\u00e7\u00e3o F\u00edsica, Filosofia, F\u00edsica, Geografia, Hist\u00f3ria, Letras, Matem\u00e1tica &#8211; campus Pampulha, Matem\u00e1tica &#8211; campus Montes Claros, M\u00fasica, Pedagogia e Qu\u00edmica.<\/p>\n<p>\u00c1rea 8 (Agricultura, silvicultura, pesca e veterin\u00e1ria): Bacharelados em Agronomia, Engenharia Florestal, Medicina Veterin\u00e1ria e Zootecnia.<\/p>\n<p>\u00c1rea 9 (Sa\u00fade e bem-estar): Bacharelados em Biomedicina, Educa\u00e7\u00e3o F\u00edsica, Enfermagem, Farm\u00e1cia, Fisioterapia, Fonoaudiologia, Gest\u00e3o de Servi\u00e7os de Sa\u00fade, Medicina, Nutri\u00e7\u00e3o, Odontologia e Radiologia.<\/p>\n<p>\u00c1rea 10 (Servi\u00e7os): Bacharelado em Turismo.<\/p>\n<p>Uma outra novidade, refere-se \u00e0 possibilidade de o estudante do bacharelado em Medicina e da licenciatura utilizar o resultado da prova no \u00e2mbito, respectivamente, do Exame Nacional de Resid\u00eancia (Enare) e dos editais para sele\u00e7\u00e3o docente pelos entes federativos como etapa \u00fanica ou complementar.<\/p>\n<p><a href=\"https:\/\/www.gov.br\/inep\/pt-br\/areas-de-atuacao\/avaliacao-e-exames-educacionais\/enade\">Acesse o site do Governo Federal que trata do Enade<\/a><\/p>\n","protected":false},"excerpt":{"rendered":"<p>Trata-se de uma das formas de avalia\u00e7\u00e3o que integra o [&hellip;]<\/p>\n","protected":false},"author":1,"featured_media":0,"parent":54,"menu_order":0,"comment_status":"closed","ping_status":"closed","template":"","meta":[],"_links":{"self":[{"href":"https:\/\/www.ufmg.br\/dai\/wp-json\/wp\/v2\/pages\/56"}],"collection":[{"href":"https:\/\/www.ufmg.br\/dai\/wp-json\/wp\/v2\/pages"}],"about":[{"href":"https:\/\/www.ufmg.br\/dai\/wp-json\/wp\/v2\/types\/page"}],"author":[{"embeddable":true,"href":"https:\/\/www.ufmg.br\/dai\/wp-json\/wp\/v2\/users\/1"}],"replies":[{"embeddable":true,"href":"https:\/\/www.ufmg.br\/dai\/wp-json\/wp\/v2\/comments?post=56"}],"version-history":[{"count":28,"href":"https:\/\/www.ufmg.br\/dai\/wp-json\/wp\/v2\/pages\/56\/revisions"}],"predecessor-version":[{"id":1095,"href":"https:\/\/www.ufmg.br\/dai\/wp-json\/wp\/v2\/pages\/56\/revisions\/1095"}],"up":[{"embeddable":true,"href":"https:\/\/www.ufmg.br\/dai\/wp-json\/wp\/v2\/pages\/54"}],"wp:attachment":[{"href":"https:\/\/www.ufmg.br\/dai\/wp-json\/wp\/v2\/media?parent=56"}],"curies":[{"name":"wp","href":"https:\/\/api.w.org\/{rel}","templated":true}]}}