{"id":1661,"date":"2025-10-21T15:00:47","date_gmt":"2025-10-21T18:00:47","guid":{"rendered":"https:\/\/www.ufmg.br\/dedd\/esud2025\/?page_id=1661"},"modified":"2025-10-29T13:49:32","modified_gmt":"2025-10-29T16:49:32","slug":"inovatec","status":"publish","type":"page","link":"https:\/\/www.ufmg.br\/dedd\/esud2025\/inovatec\/","title":{"rendered":"INOVATEC"},"content":{"rendered":"<h2>\n  <img decoding=\"async\" src=\"https:\/\/www.ufmg.br\/dedd\/esud2025\/wp-content\/uploads\/2025\/10\/Rotulo-Inovatec-UFMT.jpg\" alt=\"Inova EaD\"><br \/>\n<\/h2>\n<p>O N\u00facleo de Inova\u00e7\u00e3o e Tecnologia em Educa\u00e7\u00e3o, Ci\u00eancias e Sustentabilidade (INOVATEC) \u00e9 vinculado \u00e0 Faculdade de Ci\u00eancia e Tecnologia (FCT) da UFMT, no Campus de V\u00e1rzea Grande. O n\u00facleo re\u00fane docentes, discentes, t\u00e9cnicos e pesquisadores com o objetivo de promover a inova\u00e7\u00e3o cient\u00edfica e tecnol\u00f3gica em educa\u00e7\u00e3o, ci\u00eancias e sustentabilidade, por meio de projetos de ensino, pesquisa, extens\u00e3o e inova\u00e7\u00e3o.<\/p>\n<p>No ESUD 2025, o INOVATEC, em parceria com a organiza\u00e7\u00e3o do evento, promover\u00e1 o painel \u201cMetodologias Ativas e STEAM na Educa\u00e7\u00e3o Superior\u201d, visando estimular a reflex\u00e3o e o di\u00e1logo sobre a incorpora\u00e7\u00e3o da abordagem STEAM (Ci\u00eancia, Tecnologia, Engenharia, Artes e Matem\u00e1tica) na forma\u00e7\u00e3o inicial e continuada de professores. A proposta articula pesquisas, pr\u00e1ticas pedag\u00f3gicas e metodologias ativas que integrem investiga\u00e7\u00e3o cient\u00edfica, pensamento cr\u00edtico, resolu\u00e7\u00e3o de problemas reais e estrat\u00e9gias inovadoras voltadas ao fortalecimento da aprendizagem ativa e \u00e0 integra\u00e7\u00e3o de saberes cient\u00edficos e culturais.<\/p>\n<h2>\n  <img decoding=\"async\" src=\"https:\/\/www.ufmg.br\/dedd\/esud2025\/wp-content\/uploads\/2025\/09\/8-1.png\" alt=\"Oficinas - Dia 13, quinta-feira\"><br \/>\n<\/h2>\n<div class=\"oficina\">\n<h3>\n<img decoding=\"async\" src=\"https:\/\/www.ufmg.br\/dedd\/esud2025\/wp-content\/uploads\/2025\/10\/15.jpg\" alt=\"Metodologias Ativas e STEAM na Educa\u00e7\u00e3o Superior\"><br \/>\n<\/h3>\n<p><strong>Hor\u00e1rio:<\/strong> das 14h \u00e0s 15h30<br \/>\n<strong>Local:<\/strong> Audit\u00f3rio 1 da Faculdade de Ci\u00eancias Econ\u00f4micas (FACE)<br \/>\n<strong>Vagas:<\/strong> 40<br \/>\n<strong>Inscri\u00e7\u00f5es:<\/strong> <a class=\"links\" href=\"https:\/\/gpi.caed.ufmg.br\/index.php\/578655?lang=pt-BR\" target=\"_blank\" rel=\"noopener\">Clique aqui<\/a><\/p>\n<p><strong>Resumo:<\/strong> Promover a reflex\u00e3o sobre a incorpora\u00e7\u00e3o da abordagem STEAM na forma\u00e7\u00e3o de professores da Educa\u00e7\u00e3o Superior, articulando pesquisa, pr\u00e1ticas pedag\u00f3gicas e metodologias ativas voltadas \u00e0 aprendizagem ativa e \u00e0 integra\u00e7\u00e3o de saberes cient\u00edficos e culturais.<\/p>\n<p><strong>Realiza\u00e7\u00e3o:<\/strong><br \/>\n<strong> Ministrantes:<\/strong> <\/p>\n<ul>\n<li>Dra.  Edna Lopes Hardoim (UFMT\/EDUCRI)<br \/><strong>Lattes:<\/strong> <a href=\"http:\/\/lattes.cnpq.br\/7813077353342953\">http:\/\/lattes.cnpq.br\/7813077353342953<\/a><\/li>\n<p><\/p>\n<li>Dr. Alexandre Martins do Anjos(UFMT\/FCT\/INOVATEC)<br \/><strong>Lattes:<\/strong> <a href=\"http:\/\/lattes.cnpq.br\/0553455764192879\">http:\/\/lattes.cnpq.br\/0553455764192879<\/a><\/li>\n<p><\/p>\n<li>Dra. Ana Lara Casagrande (UFMT\/IFCT\/NOVATEC)<br \/><strong>Lattes:<\/strong> <a href=\"http:\/\/lattes.cnpq.br\/9987834719353996\">http:\/\/lattes.cnpq.br\/9987834719353996<\/a><\/li>\n<p><\/p>\n<li>Dra. D\u00e9bora Pedrotti (UFMT\/IE\/INOVATEC)<br \/><strong>Lattes:<\/strong> <a href=\"http:\/\/lattes.cnpq.br\/7018286591963865\">http:\/\/lattes.cnpq.br\/7018286591963865<\/a><\/li>\n<p><\/p>\n<li>Dra. Marij\u00e2ne Silveira da Silva (UFMT\/IE\/INOVATEC)<br \/><strong>Lattes:<\/strong> <a href=\"http:\/\/lattes.cnpq.br\/6643723192941821\">http:\/\/lattes.cnpq.br\/6643723192941821<\/a><\/li>\n<\/ul>\n<\/div>\n<hr>\n<div class=\"oficina\">\n<h3>\n<img decoding=\"async\" src=\"https:\/\/www.ufmg.br\/dedd\/esud2025\/wp-content\/uploads\/2025\/10\/16.jpg\" alt=\"Workshop F\u00f3rum Coordenadores UAB Polos\"><br \/>\n<\/h3>\n<p><strong>Hor\u00e1rio:<\/strong> das 16h \u00e0s 17h30<br \/>\n<strong>Local:<\/strong> Audit\u00f3rio 1 da Faculdade de Ci\u00eancias Econ\u00f4micas (FACE)<br \/>\n<strong>Vagas:<\/strong> 40<br \/>\n<strong>Inscri\u00e7\u00f5es:<\/strong> <a class=\"links\" href=\"https:\/\/gpi.caed.ufmg.br\/index.php\/578655?lang=pt-BR\" target=\"_blank\" rel=\"noopener\">Clique aqui<\/a><\/p>\n<p><strong>Resumo:<\/strong> O Workshop dos Polos UAB tem como objetivo reunir os coordenadores de polos presentes no ESUD para discutir temas pertinentes ao Sistema Universidade Aberta do Brasil (UAB). O encontro busca promover a troca de experi\u00eancias, o fortalecimento da rede de polos, al\u00e9m de refletir sobre os desafios e as perspectivas da gest\u00e3o, infraestrutura e das pol\u00edticas p\u00fablicas voltadas \u00e0 Educa\u00e7\u00e3o a Dist\u00e2ncia no \u00e2mbito da UAB.<\/p>\n<p><strong>Realiza\u00e7\u00e3o:<\/strong><br \/>\n<strong> Ministrantes:<\/strong> <\/p>\n<ul>\n<li>Dra. Maria Virginia Tavares Cruz<br \/><strong>Lattes:<\/strong> <a href=\"https:\/\/lattes.cnpq.br\/3888085562730894\">https:\/\/lattes.cnpq.br\/3888085562730894<\/a><\/li>\n<p><\/p>\n<li>Esp. Estela Zanotti<br \/><strong>Lattes:<\/strong> <a href=\"#\">#<\/a><\/li>\n<p><\/p>\n<li>Ma. Sueli Gomes R\u00eais Gon\u00e7alves<br \/><strong>Lattes:<\/strong> <a href=\"https:\/\/lattes.cnpq.br\/8915402750631296\">https:\/\/lattes.cnpq.br\/8915402750631296<\/a><\/li>\n<p><\/p>\n<li>Heloneide Alcantara Matos<br \/><strong>Lattes:<\/strong> <a href=\"http:\/\/lattes.cnpq.br\/0679384138326596\">http:\/\/lattes.cnpq.br\/0679384138326596<\/a><\/li>\n<p><\/p>\n<li>Me. Andrei Odilon<br \/><strong>Lattes:<\/strong> <a href=\"#\">#<\/a><\/li>\n<\/ul>\n<p><\/p>\n<p><strong> Co-ministrantes:<\/strong> <\/p>\n<ul>\n<li>Me. Elielson Teixeira<br \/><strong>Lattes:<\/strong> <a href=\"http:\/\/lattes.cnpq.br\/4583418602814592\">http:\/\/lattes.cnpq.br\/4583418602814592<\/a><\/li>\n<p><\/p>\n<li>Me. Edilson Carlos Balzzan<br \/><strong>Lattes:<\/strong> <a href=\"http:\/\/lattes.cnpq.br\/8968757257016704\">http:\/\/lattes.cnpq.br\/8968757257016704<\/a><\/li>\n<p><\/p>\n<li>Ma. Fl\u00e1via Queiroz Barros de Oliveira<br \/><strong>Lattes:<\/strong> <a href=\"https:\/\/lattes.cnpq.br\/4640666494882067\">https:\/\/lattes.cnpq.br\/4640666494882067<\/a><\/li>\n<p> <\/ul>\n<\/div>\n","protected":false},"excerpt":{"rendered":"<p>O N\u00facleo de Inova\u00e7\u00e3o e Tecnologia em Educa\u00e7\u00e3o, Ci\u00eancias e Sustentabilidade (INOVATEC) \u00e9 vinculado \u00e0 Faculdade de Ci\u00eancia e Tecnologia (FCT) da UFMT, no Campus de V\u00e1rzea Grande. O n\u00facleo re\u00fane docentes, discentes, t\u00e9cnicos e pesquisadores com o objetivo de promover a inova\u00e7\u00e3o cient\u00edfica e tecnol\u00f3gica em educa\u00e7\u00e3o, ci\u00eancias e sustentabilidade, por meio de projetos [&hellip;]<\/p>\n","protected":false},"author":5,"featured_media":0,"parent":0,"menu_order":0,"comment_status":"closed","ping_status":"closed","template":"","meta":{"_acf_changed":false,"footnotes":""},"class_list":["post-1661","page","type-page","status-publish","hentry"],"acf":[],"_links":{"self":[{"href":"https:\/\/www.ufmg.br\/dedd\/esud2025\/wp-json\/wp\/v2\/pages\/1661"}],"collection":[{"href":"https:\/\/www.ufmg.br\/dedd\/esud2025\/wp-json\/wp\/v2\/pages"}],"about":[{"href":"https:\/\/www.ufmg.br\/dedd\/esud2025\/wp-json\/wp\/v2\/types\/page"}],"author":[{"embeddable":true,"href":"https:\/\/www.ufmg.br\/dedd\/esud2025\/wp-json\/wp\/v2\/users\/5"}],"replies":[{"embeddable":true,"href":"https:\/\/www.ufmg.br\/dedd\/esud2025\/wp-json\/wp\/v2\/comments?post=1661"}],"version-history":[{"count":57,"href":"https:\/\/www.ufmg.br\/dedd\/esud2025\/wp-json\/wp\/v2\/pages\/1661\/revisions"}],"predecessor-version":[{"id":1873,"href":"https:\/\/www.ufmg.br\/dedd\/esud2025\/wp-json\/wp\/v2\/pages\/1661\/revisions\/1873"}],"wp:attachment":[{"href":"https:\/\/www.ufmg.br\/dedd\/esud2025\/wp-json\/wp\/v2\/media?parent=1661"}],"curies":[{"name":"wp","href":"https:\/\/api.w.org\/{rel}","templated":true}]}}