{"id":638,"date":"2025-06-06T15:08:34","date_gmt":"2025-06-06T18:08:34","guid":{"rendered":"https:\/\/www.ufmg.br\/dedd\/esud2025\/?page_id=638"},"modified":"2025-11-07T07:24:51","modified_gmt":"2025-11-07T10:24:51","slug":"local-do-evento","status":"publish","type":"page","link":"https:\/\/www.ufmg.br\/dedd\/esud2025\/local-do-evento\/","title":{"rendered":"Local do Evento"},"content":{"rendered":"\n<h2>\n  <img decoding=\"async\" src=\"https:\/\/www.ufmg.br\/dedd\/esud2025\/wp-content\/uploads\/2025\/09\/0-Local-do-evento.png\" alt=\"Local do Evento\">\n<\/h2>\n<h3>\n  <img decoding=\"async\" src=\"https:\/\/www.ufmg.br\/dedd\/esud2025\/wp-content\/uploads\/2025\/09\/19-Locais-De-Realizacao-do-ESUD.png\" alt=\"Locais de Realiza\u00e7\u00e3o do ESUD\">\n<\/h3>\n\n<table border=\"1\" cellpadding=\"8\" cellspacing=\"0\" style=\"border-collapse: collapse; width: 100%;\">\n  <thead>\n    <tr style=\"background-color: #f2f2f2;\">\n      <th>Local<\/th>\n      <th>Atividades<\/th>\n    <\/tr>\n  <\/thead>\n  <tbody>\n   <tr>\n      <td><strong>Universidade Federal de Minas Gerais (UFMG) &#8211; Campus Pampulha &#8211; Pra\u00e7a de Servi\u00e7os\n\n<\/strong><a href=\"https:\/\/maps.app.goo.gl\/2m6PJFcJPKeMEkcK7\" target=\"_blank\" rel=\"noopener\"><i class=\"fas fa-map-marker-alt\" style=\"color:red;\"><\/i><\/a> <\/td>\n      <td>Ponto de encontro, Apresenta\u00e7\u00e3o cultural<\/td>\n    <\/tr>\n<tr>\n      <td><strong>Diretoria de Educa\u00e7\u00e3o a Dist\u00e2ncia e Educa\u00e7\u00e3o Digital (DEDD\/UFMG)<\/strong><a href=\"https:\/\/maps.app.goo.gl\/yYNbVJNDQX6TvB99A\" target=\"_blank\" rel=\"noopener\"><i class=\"fas fa-map-marker-alt\" style=\"color:red;\"><\/i><\/a> <\/td>\n      <td>Reuni\u00e3o preparat\u00f3ria da Pauta de Discuss\u00e3o \u2013 UAB \u2013 DED\/CAPES<\/td>\n    <\/tr>\n    <tr>\n      <td><strong>Audit\u00f3rio da Reitoria<\/strong><a href=\"https:\/\/maps.app.goo.gl\/fLW52jrPnHqMnNiq6\" target=\"_blank\" rel=\"noopener\"><i class=\"fas fa-map-marker-alt\" style=\"color:red;\"><\/i><\/a> <\/td>\n      <td>Mesa\/Palestra de abertura<\/td>\n    <\/tr>\n    <tr>\n      <td><strong>Audit\u00f3rio Nobre do Centro de Atividades Did\u00e1ticas 1 (CAD 1)<\/strong><a href=\"https:\/\/maps.app.goo.gl\/kiwHpEdtgkrJMMd18\" target=\"_blank\" rel=\"noopener\"><i class=\"fas fa-map-marker-alt\" style=\"color:red;\"><\/i><\/a><\/td>\n      <td>Mesa\/Palestra de encerramento, Pain\u00e9is e debates, Semin\u00e1rio Inova EaD<\/td>\n    <\/tr>\n    <tr>\n      <td><strong>Sagu\u00e3o do Audit\u00f3rio Nobre do Centro de Atividades Did\u00e1ticas 1 (CAD 1)<\/strong><a href=\"https:\/\/maps.app.goo.gl\/kiwHpEdtgkrJMMd18\" target=\"_blank\" rel=\"noopener\"><i class=\"fas fa-map-marker-alt\" style=\"color:red;\"><\/i><\/a><\/td>\n      <td>Credenciamento ESUD\/CIESUD, Exposi\u00e7\u00e3o de Projetos do INOVA EAD<\/td>\n    <\/tr>\n    <tr>\n      <td><strong>Salas de aula do Centro de Atividades Did\u00e1ticas 1 (CAD 1)<\/strong><a href=\"https:\/\/maps.app.goo.gl\/kiwHpEdtgkrJMMd18\" target=\"_blank\" rel=\"noopener\"><i class=\"fas fa-map-marker-alt\" style=\"color:red;\"><\/i><\/a><\/td>\n      <td>Apresenta\u00e7\u00f5es Orais, Minicursos, Oficinas<\/td>\n    <\/tr>\n    \n    <tr>\n      <td><strong>Audit\u00f3rio 3 do Instituto de Ci\u00eancias Biol\u00f3gicas (ICB)<\/strong><a href=\"https:\/\/maps.app.goo.gl\/Ucur2MgAmQWcaF2L7\" target=\"_blank\" rel=\"noopener\"><i class=\"fas fa-map-marker-alt\" style=\"color:red;\"><\/i><\/a><\/td>\n      <td>Apresenta\u00e7\u00f5es Orais, Minicursos, Oficinas<\/td>\n    <\/tr>\n    <tr>\n      <td><strong>Audit\u00f3rio 4 do Instituto de Ci\u00eancias Biol\u00f3gicas (ICB)<\/strong><a href=\"https:\/\/maps.app.goo.gl\/Ucur2MgAmQWcaF2L7\" target=\"_blank\" rel=\"noopener\"><i class=\"fas fa-map-marker-alt\" style=\"color:red;\"><\/i><\/a><\/td>\n      <td>F\u00f3rum de Coordenadores da UAB e de Coordenadores de Polo, Apresenta\u00e7\u00f5es Orais, Minicursos, Oficinas<\/td>\n    <\/tr>\n<tr>\n      <td><strong>Audit\u00f3rio 1 da Faculdade de Ci\u00eancias Econ\u00f4micas (FACE)<\/strong><a href=\"https:\/\/maps.app.goo.gl\/vWavHBxRxdA2yw1M9\" target=\"_blank\" rel=\"noopener\"><i class=\"fas fa-map-marker-alt\" style=\"color:red;\"><\/i><\/a><\/td>\n      <td>Oficina INOVATEC, Workshop de Coordenadores de Polos<\/td>\n    <\/tr>\n  <\/tbody>\n<\/table>\n<br>\n\n<h2>Mapas<\/h2><br>\n<iframe src=\"https:\/\/www.ufmg.br\/dedd\/esud2025\/wp-content\/uploads\/2025\/09\/MAPA_pequeno_Pampulha_2025_MATRIZ_ESUD.pdf\" style=\"width:100%; height:600px;\" frameborder=\"0\"><\/iframe>\n\n","protected":false},"excerpt":{"rendered":"<p>Local Atividades Universidade Federal de Minas Gerais (UFMG) &#8211; Campus Pampulha &#8211; Pra\u00e7a de Servi\u00e7os Ponto de encontro, Apresenta\u00e7\u00e3o cultural Diretoria de Educa\u00e7\u00e3o a Dist\u00e2ncia e Educa\u00e7\u00e3o Digital (DEDD\/UFMG) Reuni\u00e3o preparat\u00f3ria da Pauta de Discuss\u00e3o \u2013 UAB \u2013 DED\/CAPES Audit\u00f3rio da Reitoria Mesa\/Palestra de abertura Audit\u00f3rio Nobre do Centro de Atividades Did\u00e1ticas 1 (CAD 1) [&hellip;]<\/p>\n","protected":false},"author":5,"featured_media":0,"parent":0,"menu_order":0,"comment_status":"closed","ping_status":"closed","template":"","meta":{"_acf_changed":false,"footnotes":""},"class_list":["post-638","page","type-page","status-publish","hentry"],"acf":[],"_links":{"self":[{"href":"https:\/\/www.ufmg.br\/dedd\/esud2025\/wp-json\/wp\/v2\/pages\/638"}],"collection":[{"href":"https:\/\/www.ufmg.br\/dedd\/esud2025\/wp-json\/wp\/v2\/pages"}],"about":[{"href":"https:\/\/www.ufmg.br\/dedd\/esud2025\/wp-json\/wp\/v2\/types\/page"}],"author":[{"embeddable":true,"href":"https:\/\/www.ufmg.br\/dedd\/esud2025\/wp-json\/wp\/v2\/users\/5"}],"replies":[{"embeddable":true,"href":"https:\/\/www.ufmg.br\/dedd\/esud2025\/wp-json\/wp\/v2\/comments?post=638"}],"version-history":[{"count":76,"href":"https:\/\/www.ufmg.br\/dedd\/esud2025\/wp-json\/wp\/v2\/pages\/638\/revisions"}],"predecessor-version":[{"id":1972,"href":"https:\/\/www.ufmg.br\/dedd\/esud2025\/wp-json\/wp\/v2\/pages\/638\/revisions\/1972"}],"wp:attachment":[{"href":"https:\/\/www.ufmg.br\/dedd\/esud2025\/wp-json\/wp\/v2\/media?parent=638"}],"curies":[{"name":"wp","href":"https:\/\/api.w.org\/{rel}","templated":true}]}}