{"id":10311,"date":"2024-01-19T11:53:57","date_gmt":"2024-01-19T13:53:57","guid":{"rendered":"https:\/\/www.ufmg.br\/dedd\/?page_id=10311"},"modified":"2024-07-03T14:06:21","modified_gmt":"2024-07-03T17:06:21","slug":"selecao-de-alunos-do-curso-de-capacitacao-em-audiovisual-de-divulgacao-cientifica","status":"publish","type":"page","link":"https:\/\/www.ufmg.br\/dedd\/selecao-de-alunos-do-curso-de-capacitacao-em-audiovisual-de-divulgacao-cientifica\/","title":{"rendered":"Sele\u00e7\u00e3o de alunos do curso de Capacita\u00e7\u00e3o em Audiovisual de Divulga\u00e7\u00e3o Cient\u00edfica"},"content":{"rendered":"<p><a href=\"https:\/\/www.ufmg.br\/dedd\/wp-content\/uploads\/2024\/01\/curso-Divulgacao-Ciencia-resultado.pdf\">Resultado preliminar<\/a> (publicado em 29\/08\/2023)<\/p>\n<p><a href=\"https:\/\/www.ufmg.br\/dedd\/wp-content\/uploads\/2024\/01\/Selecao-de-alunos-do-curso-de-Capacitacao-em-Audiovisual-de-Divulgacao-Cientifica-Retificacao.pdf\">Sele\u00e7\u00e3o de alunos do curso de Capacita\u00e7\u00e3o em Audiovisual de Divulga\u00e7\u00e3o Cient\u00edfica \u2014 Retifica\u00e7\u00e3o<\/a> (publicada em 08\/08\/2023)<\/p>\n<p><a href=\"https:\/\/www.ufmg.br\/dedd\/wp-content\/uploads\/2024\/01\/Edital-Curso-Capacitacao-Divulgacao-Cientifica-em-Audiovisual.pdf\">Edital \u2014 Sele\u00e7\u00e3o de alunos do Curso de Capacita\u00e7\u00e3o em Audiovisual de Divulga\u00e7\u00e3o Cient\u00edfica<\/a> (publicado em 03\/08\/2023)<\/p>\n","protected":false},"excerpt":{"rendered":"<p>Resultado preliminar (publicado em 29\/08\/2023) Sele\u00e7\u00e3o de alunos do curso [&hellip;]<\/p>\n","protected":false},"author":5,"featured_media":0,"parent":0,"menu_order":0,"comment_status":"closed","ping_status":"closed","template":"","meta":[],"categories":[209],"tags":[],"acf":[],"_links":{"self":[{"href":"https:\/\/www.ufmg.br\/dedd\/wp-json\/wp\/v2\/pages\/10311"}],"collection":[{"href":"https:\/\/www.ufmg.br\/dedd\/wp-json\/wp\/v2\/pages"}],"about":[{"href":"https:\/\/www.ufmg.br\/dedd\/wp-json\/wp\/v2\/types\/page"}],"author":[{"embeddable":true,"href":"https:\/\/www.ufmg.br\/dedd\/wp-json\/wp\/v2\/users\/5"}],"replies":[{"embeddable":true,"href":"https:\/\/www.ufmg.br\/dedd\/wp-json\/wp\/v2\/comments?post=10311"}],"version-history":[{"count":3,"href":"https:\/\/www.ufmg.br\/dedd\/wp-json\/wp\/v2\/pages\/10311\/revisions"}],"predecessor-version":[{"id":10317,"href":"https:\/\/www.ufmg.br\/dedd\/wp-json\/wp\/v2\/pages\/10311\/revisions\/10317"}],"wp:attachment":[{"href":"https:\/\/www.ufmg.br\/dedd\/wp-json\/wp\/v2\/media?parent=10311"}],"wp:term":[{"taxonomy":"category","embeddable":true,"href":"https:\/\/www.ufmg.br\/dedd\/wp-json\/wp\/v2\/categories?post=10311"},{"taxonomy":"post_tag","embeddable":true,"href":"https:\/\/www.ufmg.br\/dedd\/wp-json\/wp\/v2\/tags?post=10311"}],"curies":[{"name":"wp","href":"https:\/\/api.w.org\/{rel}","templated":true}]}}