{"id":10459,"date":"2024-01-23T10:29:28","date_gmt":"2024-01-23T12:29:28","guid":{"rendered":"https:\/\/www.ufmg.br\/dedd\/?page_id=10459"},"modified":"2024-07-03T15:50:07","modified_gmt":"2024-07-03T18:50:07","slug":"edital-2128-2023-estagiario-para-curso-de-especializacao-em-ensino-de-artes-visuais-e-tecnologias-contemporaneas","status":"publish","type":"page","link":"https:\/\/www.ufmg.br\/dedd\/edital-2128-2023-estagiario-para-curso-de-especializacao-em-ensino-de-artes-visuais-e-tecnologias-contemporaneas\/","title":{"rendered":"Edital 2128\/2023 \u2013 Estagi\u00e1rio para curso de especializa\u00e7\u00e3o em Ensino de Artes Visuais e Tecnologias Contempor\u00e2neas"},"content":{"rendered":"<p><a href=\"https:\/\/www.ufmg.br\/dedd\/wp-content\/uploads\/2024\/01\/Edital-2128-2023-Resultado-final.pdf\">Resultado da segunda etapa<\/a> (publicado em 03\/10\/2023)<\/p>\n<p><a href=\"https:\/\/www.ufmg.br\/dedd\/wp-content\/uploads\/2024\/01\/Edital-2128-2023-Resultado-da-primeira-etapa.pdf\">Inscri\u00e7\u00f5es homologadas e convoca\u00e7\u00e3o para entrevistas<\/a> (publicado em 29\/09\/2023)<\/p>\n<p><a href=\"https:\/\/gpi.caed.ufmg.br\/index.php\/895189\">Formul\u00e1rio para inscri\u00e7\u00f5es<\/a> (dispon\u00edvel de 20 a 26 de setembro de 2023)<\/p>\n<p><a href=\"https:\/\/www.ufmg.br\/dedd\/wp-content\/uploads\/2024\/01\/Edital-2128-2023-Estagiario-para-curso-de-Artes-Visuais.pdf\">Edital 2128\/2023 \u2013 Estagi\u00e1rio para especializa\u00e7\u00e3o em Ensino de Artes Visuais e Tecnologias Contempor\u00e2neas<\/a> (publicado em 15\/09\/2023)<\/p>\n","protected":false},"excerpt":{"rendered":"<p>Resultado da segunda etapa (publicado em 03\/10\/2023) Inscri\u00e7\u00f5es homologadas e [&hellip;]<\/p>\n","protected":false},"author":5,"featured_media":0,"parent":0,"menu_order":0,"comment_status":"closed","ping_status":"closed","template":"","meta":[],"categories":[220,209],"tags":[],"acf":[],"_links":{"self":[{"href":"https:\/\/www.ufmg.br\/dedd\/wp-json\/wp\/v2\/pages\/10459"}],"collection":[{"href":"https:\/\/www.ufmg.br\/dedd\/wp-json\/wp\/v2\/pages"}],"about":[{"href":"https:\/\/www.ufmg.br\/dedd\/wp-json\/wp\/v2\/types\/page"}],"author":[{"embeddable":true,"href":"https:\/\/www.ufmg.br\/dedd\/wp-json\/wp\/v2\/users\/5"}],"replies":[{"embeddable":true,"href":"https:\/\/www.ufmg.br\/dedd\/wp-json\/wp\/v2\/comments?post=10459"}],"version-history":[{"count":5,"href":"https:\/\/www.ufmg.br\/dedd\/wp-json\/wp\/v2\/pages\/10459\/revisions"}],"predecessor-version":[{"id":10467,"href":"https:\/\/www.ufmg.br\/dedd\/wp-json\/wp\/v2\/pages\/10459\/revisions\/10467"}],"wp:attachment":[{"href":"https:\/\/www.ufmg.br\/dedd\/wp-json\/wp\/v2\/media?parent=10459"}],"wp:term":[{"taxonomy":"category","embeddable":true,"href":"https:\/\/www.ufmg.br\/dedd\/wp-json\/wp\/v2\/categories?post=10459"},{"taxonomy":"post_tag","embeddable":true,"href":"https:\/\/www.ufmg.br\/dedd\/wp-json\/wp\/v2\/tags?post=10459"}],"curies":[{"name":"wp","href":"https:\/\/api.w.org\/{rel}","templated":true}]}}