{"id":10816,"date":"2024-06-14T10:13:49","date_gmt":"2024-06-14T13:13:49","guid":{"rendered":"https:\/\/www.ufmg.br\/dedd\/?page_id=10816"},"modified":"2024-07-03T15:50:44","modified_gmt":"2024-07-03T18:50:44","slug":"edital-460-2024-selecao-para-contratacao-de-assistente-de-projetos-via-clt-por-tempo-determinado","status":"publish","type":"page","link":"https:\/\/www.ufmg.br\/dedd\/edital-460-2024-selecao-para-contratacao-de-assistente-de-projetos-via-clt-por-tempo-determinado\/","title":{"rendered":"Edital 460\/2024 \u2013 Sele\u00e7\u00e3o para contrata\u00e7\u00e3o de assistente de projetos, via CLT, por tempo determinado"},"content":{"rendered":"<p><a href=\"https:\/\/www.ufmg.br\/dedd\/wp-content\/uploads\/2024\/06\/Edital-460-2024-Resultado-final.pdf\">Resultado final<\/a> (publicado em 05\/04\/2024)<\/p>\n<p><a href=\"https:\/\/www.ufmg.br\/dedd\/wp-content\/uploads\/2024\/06\/Edital-460-2024-Resultado-preliminar-Etapa-II.pdf\">Resultado da 2\u00aa etapa \u2013 entrevista<\/a> (publicado em 1\u00ba\/04\/2024)<\/p>\n<p><a href=\"https:\/\/www.ufmg.br\/dedd\/wp-content\/uploads\/2024\/06\/Edital-460-2024-Resultado-preliminar-1.pdf\">Resultado da 1\u00aa etapa e convoca\u00e7\u00e3o para entrevista<\/a> (publicado em 27\/03\/2024)<\/p>\n<p><a href=\"https:\/\/gpi.caed.ufmg.br\/index.php\/867915\">Formul\u00e1rio para recursos<\/a> (dispon\u00edvel de 22 a 25 de mar\u00e7o de 2024)<\/p>\n<p><a href=\"https:\/\/www.ufmg.br\/dedd\/wp-content\/uploads\/2024\/06\/Edital-460-2024-Resultado-preliminar.pdf\">Resultado preliminar \u2014 An\u00e1lise de curr\u00edculo<\/a> (publicado em 21\/03\/2024)<\/p>\n<p><a href=\"https:\/\/www.ufmg.br\/dedd\/wp-content\/uploads\/2024\/06\/Edital-460-2024-Portaria-de-comissao.pdf\">Portaria 2211\/2024 \u2014 Designa os membros para a comiss\u00e3o respons\u00e1vel pelo processo seletivo<\/a> (dispon\u00edvel em 13\/03\/2024)<\/p>\n<p><a href=\"https:\/\/gpi.caed.ufmg.br\/index.php\/377164\">Formul\u00e1rio para inscri\u00e7\u00f5es<\/a> (dispon\u00edvel do dia 13\/3 at\u00e9 as 17h do dia 19\/3\/2024)<\/p>\n<p><a href=\"https:\/\/www.ufmg.br\/dedd\/wp-content\/uploads\/2024\/06\/Edital-460-2024-Edital.pdf\">Edital 460\/2024 \u2014 Sele\u00e7\u00e3o para contrata\u00e7\u00e3o de assistente de projetos, via CLT, por tempo determinado<\/a> (publicado em 08\/03\/2024)<\/p>\n","protected":false},"excerpt":{"rendered":"<p>Resultado final (publicado em 05\/04\/2024) Resultado da 2\u00aa etapa \u2013 [&hellip;]<\/p>\n","protected":false},"author":5,"featured_media":0,"parent":0,"menu_order":0,"comment_status":"closed","ping_status":"closed","template":"","meta":[],"categories":[209,211],"tags":[],"acf":[],"_links":{"self":[{"href":"https:\/\/www.ufmg.br\/dedd\/wp-json\/wp\/v2\/pages\/10816"}],"collection":[{"href":"https:\/\/www.ufmg.br\/dedd\/wp-json\/wp\/v2\/pages"}],"about":[{"href":"https:\/\/www.ufmg.br\/dedd\/wp-json\/wp\/v2\/types\/page"}],"author":[{"embeddable":true,"href":"https:\/\/www.ufmg.br\/dedd\/wp-json\/wp\/v2\/users\/5"}],"replies":[{"embeddable":true,"href":"https:\/\/www.ufmg.br\/dedd\/wp-json\/wp\/v2\/comments?post=10816"}],"version-history":[{"count":6,"href":"https:\/\/www.ufmg.br\/dedd\/wp-json\/wp\/v2\/pages\/10816\/revisions"}],"predecessor-version":[{"id":10830,"href":"https:\/\/www.ufmg.br\/dedd\/wp-json\/wp\/v2\/pages\/10816\/revisions\/10830"}],"wp:attachment":[{"href":"https:\/\/www.ufmg.br\/dedd\/wp-json\/wp\/v2\/media?parent=10816"}],"wp:term":[{"taxonomy":"category","embeddable":true,"href":"https:\/\/www.ufmg.br\/dedd\/wp-json\/wp\/v2\/categories?post=10816"},{"taxonomy":"post_tag","embeddable":true,"href":"https:\/\/www.ufmg.br\/dedd\/wp-json\/wp\/v2\/tags?post=10816"}],"curies":[{"name":"wp","href":"https:\/\/api.w.org\/{rel}","templated":true}]}}

Edital 460/2024 – Seleção para contratação de assistente de projetos, via CLT, por tempo determinado

<p><a href="https://www.ufmg.br/dedd/wp-content/uploads/2024/06/Edital-460-2024-Resultado-final.pdf">Resultado final</a> (publicado em 05/04/2024)</p>
<p><a href="https://www.ufmg.br/dedd/wp-content/uploads/2024/06/Edital-460-2024-Resultado-preliminar-Etapa-II.pdf">Resultado da 2ª etapa – entrevista</a> (publicado em 1º/04/2024)</p>
<p><a href="https://www.ufmg.br/dedd/wp-content/uploads/2024/06/Edital-460-2024-Resultado-preliminar-1.pdf">Resultado da 1ª etapa e convocação para entrevista</a> (publicado em 27/03/2024)</p>
<p><a href="https://gpi.caed.ufmg.br/index.php/867915">Formulário para recursos</a> (disponível de 22 a 25 de março de 2024)</p>
<p><a href="https://www.ufmg.br/dedd/wp-content/uploads/2024/06/Edital-460-2024-Resultado-preliminar.pdf">Resultado preliminar — Análise de currículo</a> (publicado em 21/03/2024)</p>
<p><a href="https://www.ufmg.br/dedd/wp-content/uploads/2024/06/Edital-460-2024-Portaria-de-comissao.pdf">Portaria 2211/2024 — Designa os membros para a comissão responsável pelo processo seletivo</a> (disponível em 13/03/2024)</p>
<p><a href="https://gpi.caed.ufmg.br/index.php/377164">Formulário para inscrições</a> (disponível do dia 13/3 até as 17h do dia 19/3/2024)</p>
<p><a href="https://www.ufmg.br/dedd/wp-content/uploads/2024/06/Edital-460-2024-Edital.pdf">Edital 460/2024 — Seleção para contratação de assistente de projetos, via CLT, por tempo determinado</a> (publicado em 08/03/2024)</p>

<p>Resultado final (publicado em 05/04/2024) Resultado da 2ª etapa – [&hellip;]</p>
