{"id":10858,"date":"2024-06-14T12:17:37","date_gmt":"2024-06-14T15:17:37","guid":{"rendered":"https:\/\/www.ufmg.br\/dedd\/?page_id=10858"},"modified":"2024-07-03T14:08:05","modified_gmt":"2024-07-03T17:08:05","slug":"selecoes-2023","status":"publish","type":"page","link":"https:\/\/www.ufmg.br\/dedd\/selecoes-2023\/","title":{"rendered":"Sele\u00e7\u00f5es &#8211; 2023"},"content":{"rendered":"<p><a href=\"https:\/\/www.ufmg.br\/dedd\/wp-admin\/customize.php?return=%2Fead%2Fnovo%2Fwp-admin%2Fnav-menus.php\">Edital n\u00ba 2953\/2023 \u2013 Processo Seletivo Simplificado para Contrata\u00e7\u00e3o de Assistente de Projetos, via CLT, por Tempo Determinado<\/a><\/p>\n<p><a href=\"https:\/\/www.ufmg.br\/dedd\/edital-no-2500-2023-selecao-de-professor-formador-para-orientacao-de-trabalho-de-conclusao-de-curso-da-especializacao-em-educacao-em-ciencias\/\">Edital n\u00ba 2500\/2023 \u2013 Sele\u00e7\u00e3o de professor formador para orienta\u00e7\u00e3o de trabalho de conclus\u00e3o de curso da especializa\u00e7\u00e3o em Educa\u00e7\u00e3o em Ci\u00eancias<\/a><\/p>\n<p><a href=\"https:\/\/www.ufmg.br\/dedd\/edital-no-2517-2023-selecao-para-alunos-da-especializacao-em-ensino-de-artes-visuais-e-tecnologias-contemporaneas-vagas-remanescentes\/\">Edital n\u00ba 2517\/2023 \u2013 Sele\u00e7\u00e3o para alunos da especializa\u00e7\u00e3o em Ensino de Artes Visuais e Tecnologias Contempor\u00e2neas \u2013 Vagas remanescentes<\/a><\/p>\n<p><a href=\"https:\/\/www.ufmg.br\/dedd\/edital-2083-2023-selecao-para-professor-formador-da-especializacao-em-ensino-de-ciencias\/\">Edital 2083\/2023 \u2014 Sele\u00e7\u00e3o para professor formador da especializa\u00e7\u00e3o em Ensino de Ci\u00eancias<\/a><\/p>\n<p><a href=\"https:\/\/www.ufmg.br\/dedd\/edital-2179-2023-selecao-para-alunos-do-curso-de-especializacao-em-ensino-de-artes-visuais-e-tecnologias-contemporaneas-vagas-remanescentes\/\">Edital 2179\/2023 \u2014 Sele\u00e7\u00e3o para alunos do Curso de Especializa\u00e7\u00e3o em Ensino de Artes Visuais e Tecnologias Contempor\u00e2neas \u2013 Vagas Remanescentes<\/a><\/p>\n<p><a href=\"https:\/\/www.ufmg.br\/dedd\/edital-no-2057-2023-selecao-de-tutores-do-curso-de-especializacao-em-geoprocessamento-levantamento-e-interpretacao-de-solos\/\">Edital 2057\/2023 \u2013 Sele\u00e7\u00e3o de Tutores \u2013 Curso de Especializa\u00e7\u00e3o em Geoprocessamento<\/a><\/p>\n<p><a href=\"https:\/\/www.ufmg.br\/dedd\/edital-no-2119-2023-selecao-de-alunos-curso-de-especializacao-em-educacao-em-ciencias-vagas-remanescentes-2\/\">Edital n\u00ba 2119\/2023 \u2013 Sele\u00e7\u00e3o de Alunos \u2013 Curso de Especializa\u00e7\u00e3o em Educa\u00e7\u00e3o em Ci\u00eancias \u2013 Vagas Remanescentes<\/a><\/p>\n<p><a href=\"https:\/\/www.ufmg.br\/dedd\/edital-2128-2023-estagiario-para-curso-de-especializacao-em-ensino-de-artes-visuais-e-tecnologias-contemporaneas\/\">Edital 2128\/2023 \u2013 Estagi\u00e1rio para curso de especializa\u00e7\u00e3o em Ensino de Artes Visuais e Tecnologias Contempor\u00e2neas<\/a><\/p>\n<p><a href=\"https:\/\/www.ufmg.br\/dedd\/edital-1916-2023-selecao-para-alunos-dos-cursos-de-extensao-do-caed\/\">Edital 1916\/2023 \u2014 Sele\u00e7\u00e3o para alunos dos cursos de extens\u00e3o do Caed<\/a><\/p>\n<p><a href=\"https:\/\/www.ufmg.br\/dedd\/edital-2079-2023-selecao-para-coordenador-geral-da-uab-na-ufmg\/\">Edital 2079\/2023 \u2014 Sele\u00e7\u00e3o para coordenador geral da UAB na UFMG<\/a><\/p>\n<p><a href=\"https:\/\/www.ufmg.br\/dedd\/edital-1942-2023-selecao-de-alunos-para-a-especializacao-em-geoprocessamento-levantamento-e-interpretacao-de-solos\/\">Edital 1942\/2023 \u2014 Sele\u00e7\u00e3o de alunos para a especializa\u00e7\u00e3o em Geoprocessamento, Levantamento e Interpreta\u00e7\u00e3o de Solos<\/a><\/p>\n<p><a href=\"https:\/\/www.ufmg.br\/dedd\/edital-1828-2023-selecao-de-professor-formador-para-a-especializacao-em-ensino-de-artes-visuais-e-tecnologias-contemporaneas\/\">Edital 1828\/2023 \u2014 Sele\u00e7\u00e3o de professor formador para a especializa\u00e7\u00e3o em Ensino de Artes Visuais e Tecnologias Contempor\u00e2neas<\/a><\/p>\n<p><a href=\"https:\/\/www.ufmg.br\/dedd\/edital-1657-2023-selecao-de-estagiarios-do-curso-de-letras-e-da-area-de-design-e-artes-para-atuacao-no-caed\/\">Edital 1657\/2023 \u2013 Sele\u00e7\u00e3o de estagi\u00e1rios do curso de Letras e da \u00e1rea de Design e Artes para atua\u00e7\u00e3o no Caed<\/a><\/p>\n<p><a href=\"https:\/\/www.ufmg.br\/dedd\/edital-1781-2023-selecao-para-alunos-do-curso-de-especializacao-em-ensino-de-artes-visuais-e-tecnologias-contemporaneas\/\">Edital 1781\/2023 \u2014 Sele\u00e7\u00e3o para alunos do curso de especializa\u00e7\u00e3o em Ensino de Artes Visuais e Tecnologias Contempor\u00e2neas<\/a><\/p>\n<p><a href=\"https:\/\/www.ufmg.br\/dedd\/selecao-de-alunos-do-curso-de-capacitacao-em-audiovisual-de-divulgacao-cientifica\/\">Edital \u2014 Sele\u00e7\u00e3o de alunos do curso de Capacita\u00e7\u00e3o em Audiovisual de Divulga\u00e7\u00e3o Cient\u00edfica<\/a><\/p>\n<p><a href=\"https:\/\/www.ufmg.br\/dedd\/edital-1711-2023-selecao-para-alunos-do-curso-de-especializacao-em-educacao-em-ciencias\/\">Edital 1711\/2023 \u2014 Sele\u00e7\u00e3o para alunos do curso de especializa\u00e7\u00e3o em Educa\u00e7\u00e3o em Ci\u00eancias<\/a><\/p>\n<p><a href=\"https:\/\/www.ufmg.br\/dedd\/edital-1681-2023-selecao-para-professor-formador-da-especializacao-em-geoprocessamento-levantamento-e-interpretacao-de-solos\/\">Edital 1681\/2023 \u2014 Sele\u00e7\u00e3o para professor formador da especializa\u00e7\u00e3o em Geoprocessamento, Levantamento e Interpreta\u00e7\u00e3o de Solos<\/a><\/p>\n<p><a href=\"https:\/\/www.ufmg.br\/dedd\/edital-1510-2023-selecao-de-bolsistas-para-a-funcao-de-professor-formador-i-ou-ii-no-curso-de-especializacao-em-educacao-em-ciencias-ceci\/\">Edital 1510\/2023 \u2013 Sele\u00e7\u00e3o de bolsistas para a fun\u00e7\u00e3o de Professor Formador I ou II no curso de Especializa\u00e7\u00e3o em Educa\u00e7\u00e3o em Ci\u00eancias \u2013 Ceci<\/a><\/p>\n<p><a href=\"https:\/\/www.ufmg.br\/dedd\/edital-1388-2023-selecao-para-tutor-do-curso-de-especializacao-em-ensino-de-artes-visuais-e-tecnologias-contemporaneas\/\">Edital 1388\/2023 \u2014 Sele\u00e7\u00e3o para tutor do curso de especializa\u00e7\u00e3o em Ensino de Artes Visuais e Tecnologias Contempor\u00e2neas<\/a><\/p>\n<p><a href=\"https:\/\/www.ufmg.br\/dedd\/edital-1382-2023-processo-seletivo-para-coordenador-de-curso-i-ou-ii-para-atuar-no-curso-de-especializacao-em-ensino-de-artes-visuais-e-tecnologias-contemporaneas\/\">Edital 1382\/2023 \u2014 Processo seletivo para Coordenador de Curso I ou II para atuar no curso de Especializa\u00e7\u00e3o em Ensino de Artes Visuais e Tecnologias Contempor\u00e2neas<\/a><\/p>\n<p><a href=\"https:\/\/www.ufmg.br\/dedd\/servicos-o-que-fazemos\/editais__trashed\/edital-888-2023-processo-seletivo-para-bolsista-da-uab-coordenador-de-curso-i-e-ii-da-especializacao-em-geoprocessamento-levantamento-e-interpretacao-de-solos\/\">Edital 888\/2023 \u2014 Processo seletivo para bolsista da UAB \u2013 Coordenador de curso I e II de curso de Especializa\u00e7\u00e3o em Geoprocessamento, Levantamento e Interpreta\u00e7\u00e3o de Solos<\/a><\/p>\n<p><a href=\"https:\/\/www.ufmg.br\/dedd\/servicos-o-que-fazemos\/editais__trashed\/edital-743-2023-selecao-de-coordenador-para-atuar-no-curso-de-especializacao-em-educacao-em-ciencias\/\">Edital 734\/2023 \u2014 Sele\u00e7\u00e3o de coordenador para atuar no curso de especializa\u00e7\u00e3o em Educa\u00e7\u00e3o em Ci\u00eancias<\/a><\/p>\n<p><a href=\"https:\/\/www.ufmg.br\/dedd\/edital-no-1217-2023-selecao-para-tutor-do-curso-de-especializacao-em-educacao-em-ciencias\/\">Edital 1217\/2023 \u2014 Sele\u00e7\u00e3o para tutor do curso de Especializa\u00e7\u00e3o em Educa\u00e7\u00e3o em Ci\u00eancias<\/a><\/p>\n<p><a href=\"https:\/\/www.ufmg.br\/dedd\/edital-1384-2023-processo-seletivo-para-professor-formador-do-curso-de-especializacao-em-ensino-de-artes-visuais-e-tecnologias-contemporaneas\/\">Edital 1384\/2023 \u2014 Processo seletivo para professor formador do curso de Especializa\u00e7\u00e3o em Ensino de Artes Visuais e Tecnologias Contempor\u00e2neas<\/a><\/p>\n<p><a href=\"https:\/\/www.ufmg.br\/dedd\/edital-907-2023-processo-seletivo-para-estagiario-de-licenciatura-ou-bacharelado-em-quimica-para-atuacao-na-especializacao-em-educacao-em-ciencias-ceci\/\">Edital 907\/2023 \u2014 Processo seletivo para estagi\u00e1rio de licenciatura ou bacharelado em Qu\u00edmica para atua\u00e7\u00e3o na especializa\u00e7\u00e3o em Educa\u00e7\u00e3o em Ci\u00eancias (CeCi)<\/a><\/p>\n<p><a href=\"https:\/\/www.ufmg.br\/dedd\/edital-06-2023-processo-seletivo-para-afastamento-para-capacitacao-destinado-aos-servidores-do-caed-ufmg\/\">Edital 06\/2023 \u2014 Processo seletivo para afastamento para capacita\u00e7\u00e3o destinado aos servidores do Caed\/UFMG<\/a><\/p>\n<p><a href=\"https:\/\/www.ufmg.br\/dedd\/edital-03-2023-selecao-de-bolsistas-para-o-programa-aproxime-se\/\">Edital 03\/2023 \u2014 Sele\u00e7\u00e3o de bolsistas para o programa Aproxime-se<\/a><\/p>\n","protected":false},"excerpt":{"rendered":"<p>Edital n\u00ba 2953\/2023 \u2013 Processo Seletivo Simplificado para Contrata\u00e7\u00e3o de [&hellip;]<\/p>\n","protected":false},"author":5,"featured_media":0,"parent":0,"menu_order":0,"comment_status":"closed","ping_status":"closed","template":"","meta":[],"categories":[],"tags":[],"acf":[],"_links":{"self":[{"href":"https:\/\/www.ufmg.br\/dedd\/wp-json\/wp\/v2\/pages\/10858"}],"collection":[{"href":"https:\/\/www.ufmg.br\/dedd\/wp-json\/wp\/v2\/pages"}],"about":[{"href":"https:\/\/www.ufmg.br\/dedd\/wp-json\/wp\/v2\/types\/page"}],"author":[{"embeddable":true,"href":"https:\/\/www.ufmg.br\/dedd\/wp-json\/wp\/v2\/users\/5"}],"replies":[{"embeddable":true,"href":"https:\/\/www.ufmg.br\/dedd\/wp-json\/wp\/v2\/comments?post=10858"}],"version-history":[{"count":22,"href":"https:\/\/www.ufmg.br\/dedd\/wp-json\/wp\/v2\/pages\/10858\/revisions"}],"predecessor-version":[{"id":12057,"href":"https:\/\/www.ufmg.br\/dedd\/wp-json\/wp\/v2\/pages\/10858\/revisions\/12057"}],"wp:attachment":[{"href":"https:\/\/www.ufmg.br\/dedd\/wp-json\/wp\/v2\/media?parent=10858"}],"wp:term":[{"taxonomy":"category","embeddable":true,"href":"https:\/\/www.ufmg.br\/dedd\/wp-json\/wp\/v2\/categories?post=10858"},{"taxonomy":"post_tag","embeddable":true,"href":"https:\/\/www.ufmg.br\/dedd\/wp-json\/wp\/v2\/tags?post=10858"}],"curies":[{"name":"wp","href":"https:\/\/api.w.org\/{rel}","templated":true}]}}