{"id":12599,"date":"2024-12-05T16:25:22","date_gmt":"2024-12-05T19:25:22","guid":{"rendered":"https:\/\/www.ufmg.br\/dedd\/?page_id=12599"},"modified":"2025-03-21T17:15:41","modified_gmt":"2025-03-21T20:15:41","slug":"edital-2734-2024","status":"publish","type":"page","link":"https:\/\/www.ufmg.br\/dedd\/edital-2734-2024\/","title":{"rendered":"Edital N\u00ba 2734\/2024 &#8211; Processo de Sele\u00e7\u00e3o de Alunos no Curso de Extens\u00e3o em Educa\u00e7\u00e3o Especial na Perspectiva da Educa\u00e7\u00e3o Inclusiva no \u00c2mbito do Sistema UAB"},"content":{"rendered":"<header>\n<ul>\n<li><span style=\"font-family: verdana, geneva, sans-serif; font-size: 12pt;\"><a href=\"https:\/\/www.ufmg.br\/dedd\/wp-content\/uploads\/2025\/03\/SEI_4063452_Ato_67.pdf\" target=\"_blank\" rel=\"noopener\">Quinta retifica\u00e7\u00e3o Edital N\u00ba 2734<\/a> (publicado em 21\/03\/2025)<\/span><\/li>\n<li><span style=\"font-family: verdana, geneva, sans-serif; font-size: 12pt;\"><a href=\"https:\/\/www.ufmg.br\/dedd\/wp-content\/uploads\/2025\/03\/Edital-2734-2025-Comunicado-sobre-inicio-do-curso.pdf\">Comunicado sobre in\u00edcio do curso <\/a>(publicado em 12\/03\/2025)<\/span><\/li>\n<li><span style=\"font-family: verdana, geneva, sans-serif; font-size: 12pt;\"><a href=\"https:\/\/www.ufmg.br\/dedd\/wp-content\/uploads\/2025\/02\/SEI_4003815_Ato_48-LISTA-SELECIONADOS.pdf\" target=\"_blank\" rel=\"noopener\">Lista final de selecionados<\/a> (publicado em 27\/02\/2025)<\/span><\/li>\n<li><span style=\"font-family: verdana, geneva, sans-serif; font-size: 12pt;\"><a href=\"https:\/\/www.ufmg.br\/dedd\/wp-content\/uploads\/2025\/02\/SEI_4003670_Ato_47-RESPOSTA-RECURSO.pdf\" target=\"_blank\" rel=\"noopener\">Respostas aos recursos<\/a> (publicado em 27\/02\/2025)<\/span><\/li>\n<li><span style=\"font-family: verdana, geneva, sans-serif;\"><a href=\"https:\/\/gpi.caed.ufmg.br\/index.php\/567856?lang=pt-BR\" target=\"_blank\" rel=\"external noopener\">Recurso ao resultado preliminar das inscri\u00e7\u00f5es homologadas<\/a> (dispon\u00edvel no per\u00edodo de 18\/02\/2025 at\u00e9 as 17h do 20\/02\/2025)<\/span><\/li>\n<li><span style=\"font-family: verdana, geneva, sans-serif;\"><a href=\"https:\/\/www.ufmg.br\/dedd\/wp-content\/uploads\/2025\/02\/SEI_3977029_Ato_29-4o-ato-de-retificacao-2734.2024.pdf\" target=\"_blank\" rel=\"noopener\">Quarta retifica\u00e7\u00e3o Edital N\u00ba 2734\/2024<\/a> (publicado em 17\/02\/2025)<\/span><\/li>\n<li><span style=\"font-family: verdana, geneva, sans-serif;\"><a href=\"https:\/\/www.ufmg.br\/dedd\/wp-content\/uploads\/2025\/02\/Edital-2734-2025-Resultado-preliminar-das-inscricoes-homologadas.pdf\">Resultado preliminar das inscri\u00e7\u00f5es homologadas<\/a> (publicado em 17\/02\/2025)<\/span><\/li>\n<li><span style=\"font-family: verdana, geneva, sans-serif;\"><a href=\"https:\/\/www.ufmg.br\/dedd\/wp-content\/uploads\/2025\/02\/Edital-2434-2024-3o-ato-de-retificacao.pdf\">Terceira retifica\u00e7\u00e3o Edital N\u00ba 2734\/2024<\/a> (publicada em 11\/02\/2025)\u00a0<\/span><\/li>\n<li><span style=\"font-family: verdana, geneva, sans-serif;\"><span style=\"font-size: 12pt;\"><a href=\"https:\/\/www.ufmg.br\/dedd\/wp-content\/uploads\/2025\/01\/Edital-2734-2025-Portaria-de-Comissao.pdf\">Portaria 817\/2025 &#8212; Designa membros para comiss\u00e3o de sele\u00e7\u00e3o para alunos<\/a> <\/span>(publicado em 31\/01\/2025)\u00a0<\/span><\/li>\n<li><span style=\"font-size: 12pt; font-family: verdana, geneva, sans-serif;\"><a href=\"https:\/\/www.ufmg.br\/dedd\/wp-content\/uploads\/2025\/01\/Segunda-Retificacao-Edital-2734-2024.pdf\">Segunda Retifica\u00e7\u00e3o Edital N\u00ba 2734\/2024<\/a> (publicado em 17\/01\/2025)<\/span><\/li>\n<li><span style=\"font-size: 12pt; font-family: verdana, geneva, sans-serif;\"><a href=\"https:\/\/www.ufmg.br\/dedd\/wp-content\/uploads\/2024\/12\/SEI_UFMG-3804696-Ato-RETIFICACAO-ALUNOS-EDUCACAO-INCLUSIVA.pdf\" target=\"_blank\" rel=\"noopener\">Retifica\u00e7\u00e3o Edital N\u00ba 2734\/2024<\/a> (publicado em 10\/12\/2024)<\/span><\/li>\n<li><span style=\"font-family: verdana, geneva, sans-serif; font-size: 12pt;\"><a href=\"https:\/\/gpi.caed.ufmg.br\/index.php\/962185?lang=pt-BR\" target=\"_blank\" rel=\"noopener\">Formul\u00e1rio de inscri\u00e7\u00e3o<\/a> (dispon\u00edvel de 16\/12\/2024 a 30\/01\/2025).\u00a0<\/span><\/li>\n<li><span style=\"font-size: 12pt; font-family: verdana, geneva, sans-serif;\"><a href=\"https:\/\/www.ufmg.br\/dedd\/wp-content\/uploads\/2024\/12\/SEI_UFMG-3791307-Edital-2734.2024-ALUNOS-EDUCACAO-INCLUSIVA-1.pdf\" target=\"_blank\" rel=\"noopener\">Edital N\u00ba 2734\/2024 &#8211; Processo de Sele\u00e7\u00e3o de Alunos no Curso de Extens\u00e3o em Educa\u00e7\u00e3o Especial na Perspectiva da Educa\u00e7\u00e3o Inclusiva no \u00c2mbito do Sistema Universidade Aberta do Brasil \u2013 UAB<\/a>\u00a0(publicado em 06\/12\/2024).<\/span><\/li>\n<\/ul>\n<\/header>\n<div class=\"share\"><\/div>\n","protected":false},"excerpt":{"rendered":"<p>Quinta retifica\u00e7\u00e3o Edital N\u00ba 2734 (publicado em 21\/03\/2025) Comunicado sobre [&hellip;]<\/p>\n","protected":false},"author":10,"featured_media":0,"parent":0,"menu_order":0,"comment_status":"closed","ping_status":"closed","template":"","meta":[],"categories":[],"tags":[],"acf":[],"_links":{"self":[{"href":"https:\/\/www.ufmg.br\/dedd\/wp-json\/wp\/v2\/pages\/12599"}],"collection":[{"href":"https:\/\/www.ufmg.br\/dedd\/wp-json\/wp\/v2\/pages"}],"about":[{"href":"https:\/\/www.ufmg.br\/dedd\/wp-json\/wp\/v2\/types\/page"}],"author":[{"embeddable":true,"href":"https:\/\/www.ufmg.br\/dedd\/wp-json\/wp\/v2\/users\/10"}],"replies":[{"embeddable":true,"href":"https:\/\/www.ufmg.br\/dedd\/wp-json\/wp\/v2\/comments?post=12599"}],"version-history":[{"count":41,"href":"https:\/\/www.ufmg.br\/dedd\/wp-json\/wp\/v2\/pages\/12599\/revisions"}],"predecessor-version":[{"id":13238,"href":"https:\/\/www.ufmg.br\/dedd\/wp-json\/wp\/v2\/pages\/12599\/revisions\/13238"}],"wp:attachment":[{"href":"https:\/\/www.ufmg.br\/dedd\/wp-json\/wp\/v2\/media?parent=12599"}],"wp:term":[{"taxonomy":"category","embeddable":true,"href":"https:\/\/www.ufmg.br\/dedd\/wp-json\/wp\/v2\/categories?post=12599"},{"taxonomy":"post_tag","embeddable":true,"href":"https:\/\/www.ufmg.br\/dedd\/wp-json\/wp\/v2\/tags?post=12599"}],"curies":[{"name":"wp","href":"https:\/\/api.w.org\/{rel}","templated":true}]}}

Edital Nº 2734/2024 &#8211; Processo de Seleção de Alunos no Curso de Extensão em Educação Especial na Perspectiva da Educação Inclusiva no Âmbito do Sistema UAB

<header>
<ul>
<li><span style="font-family: verdana, geneva, sans-serif; font-size: 12pt;"><a href="https://www.ufmg.br/dedd/wp-content/uploads/2025/03/SEI_4063452_Ato_67.pdf" target="_blank" rel="noopener">Quinta retificação Edital Nº 2734</a> (publicado em 21/03/2025)</span></li>
<li><span style="font-family: verdana, geneva, sans-serif; font-size: 12pt;"><a href="https://www.ufmg.br/dedd/wp-content/uploads/2025/03/Edital-2734-2025-Comunicado-sobre-inicio-do-curso.pdf">Comunicado sobre início do curso </a>(publicado em 12/03/2025)</span></li>
<li><span style="font-family: verdana, geneva, sans-serif; font-size: 12pt;"><a href="https://www.ufmg.br/dedd/wp-content/uploads/2025/02/SEI_4003815_Ato_48-LISTA-SELECIONADOS.pdf" target="_blank" rel="noopener">Lista final de selecionados</a> (publicado em 27/02/2025)</span></li>
<li><span style="font-family: verdana, geneva, sans-serif; font-size: 12pt;"><a href="https://www.ufmg.br/dedd/wp-content/uploads/2025/02/SEI_4003670_Ato_47-RESPOSTA-RECURSO.pdf" target="_blank" rel="noopener">Respostas aos recursos</a> (publicado em 27/02/2025)</span></li>
<li><span style="font-family: verdana, geneva, sans-serif;"><a href="https://gpi.caed.ufmg.br/index.php/567856?lang=pt-BR" target="_blank" rel="external noopener">Recurso ao resultado preliminar das inscrições homologadas</a> (disponível no período de 18/02/2025 até as 17h do 20/02/2025)</span></li>
<li><span style="font-family: verdana, geneva, sans-serif;"><a href="https://www.ufmg.br/dedd/wp-content/uploads/2025/02/SEI_3977029_Ato_29-4o-ato-de-retificacao-2734.2024.pdf" target="_blank" rel="noopener">Quarta retificação Edital Nº 2734/2024</a> (publicado em 17/02/2025)</span></li>
<li><span style="font-family: verdana, geneva, sans-serif;"><a href="https://www.ufmg.br/dedd/wp-content/uploads/2025/02/Edital-2734-2025-Resultado-preliminar-das-inscricoes-homologadas.pdf">Resultado preliminar das inscrições homologadas</a> (publicado em 17/02/2025)</span></li>
<li><span style="font-family: verdana, geneva, sans-serif;"><a href="https://www.ufmg.br/dedd/wp-content/uploads/2025/02/Edital-2434-2024-3o-ato-de-retificacao.pdf">Terceira retificação Edital Nº 2734/2024</a> (publicada em 11/02/2025) </span></li>
<li><span style="font-family: verdana, geneva, sans-serif;"><span style="font-size: 12pt;"><a href="https://www.ufmg.br/dedd/wp-content/uploads/2025/01/Edital-2734-2025-Portaria-de-Comissao.pdf">Portaria 817/2025 &#8212; Designa membros para comissão de seleção para alunos</a> </span>(publicado em 31/01/2025) </span></li>
<li><span style="font-size: 12pt; font-family: verdana, geneva, sans-serif;"><a href="https://www.ufmg.br/dedd/wp-content/uploads/2025/01/Segunda-Retificacao-Edital-2734-2024.pdf">Segunda Retificação Edital Nº 2734/2024</a> (publicado em 17/01/2025)</span></li>
<li><span style="font-size: 12pt; font-family: verdana, geneva, sans-serif;"><a href="https://www.ufmg.br/dedd/wp-content/uploads/2024/12/SEI_UFMG-3804696-Ato-RETIFICACAO-ALUNOS-EDUCACAO-INCLUSIVA.pdf" target="_blank" rel="noopener">Retificação Edital Nº 2734/2024</a> (publicado em 10/12/2024)</span></li>
<li><span style="font-family: verdana, geneva, sans-serif; font-size: 12pt;"><a href="https://gpi.caed.ufmg.br/index.php/962185?lang=pt-BR" target="_blank" rel="noopener">Formulário de inscrição</a> (disponível de 16/12/2024 a 30/01/2025). </span></li>
<li><span style="font-size: 12pt; font-family: verdana, geneva, sans-serif;"><a href="https://www.ufmg.br/dedd/wp-content/uploads/2024/12/SEI_UFMG-3791307-Edital-2734.2024-ALUNOS-EDUCACAO-INCLUSIVA-1.pdf" target="_blank" rel="noopener">Edital Nº 2734/2024 &#8211; Processo de Seleção de Alunos no Curso de Extensão em Educação Especial na Perspectiva da Educação Inclusiva no Âmbito do Sistema Universidade Aberta do Brasil – UAB</a> (publicado em 06/12/2024).</span></li>
</ul>
</header>
<div class="share"></div>

<p>Quinta retificação Edital Nº 2734 (publicado em 21/03/2025) Comunicado sobre [&hellip;]</p>
