{"id":12635,"date":"2024-12-10T09:06:17","date_gmt":"2024-12-10T12:06:17","guid":{"rendered":"https:\/\/www.ufmg.br\/dedd\/?page_id=12635"},"modified":"2025-02-14T12:05:33","modified_gmt":"2025-02-14T15:05:33","slug":"edital-2670-2024-selecao-bolsista-na-funcao-de-professor-formador-para-atuar-no-curso-de-geoprocessamento-uab","status":"publish","type":"page","link":"https:\/\/www.ufmg.br\/dedd\/edital-2670-2024-selecao-bolsista-na-funcao-de-professor-formador-para-atuar-no-curso-de-geoprocessamento-uab\/","title":{"rendered":"Edital n\u00ba 2670\/2024 &#8211; Sele\u00e7\u00e3o de bolsista do programa Universidade Aberta do Brasil (UAB), na fun\u00e7\u00e3o de Professor Formador &#8211; Orienta\u00e7\u00e3o para trabalho de conclus\u00e3o de curso (TCC) para atuar no curso de especializa\u00e7\u00e3o em GEOPROCESSAMENTO,\u00a0LEVANTAMENTO E INTERPRETA\u00c7\u00c3O DE SOLOS\u00a0"},"content":{"rendered":"<ul>\n<li><a href=\"https:\/\/www.ufmg.br\/dedd\/wp-content\/uploads\/2025\/02\/Edital-2670-2024-Convocacao-140225.pdf\">Ato de convoca\u00e7\u00e3o<\/a> (publicado em 14\/02\/2025)<\/li>\n<li><a href=\"https:\/\/www.ufmg.br\/dedd\/wp-content\/uploads\/2025\/02\/Edital-2670-2024-Resultado-final.pdf\">Resultado final<\/a> <span style=\"font-family: helvetica, arial, sans-serif; font-size: 12pt;\">(publicado em 06\/02\/2025)\u00a0<\/span><\/li>\n<li><span style=\"font-family: helvetica, arial, sans-serif; font-size: 12pt;\"><a href=\"https:\/\/gpi.caed.ufmg.br\/index.php\/588413?lang=pt-BR\" target=\"_blank\" rel=\"noopener\">Formul\u00e1rio de recurso Etapa I e II<\/a> (dispon\u00edvel de 29\/01\/2025 a 02\/02\/2025)\u00a0<\/span><\/li>\n<li><a href=\"https:\/\/www.ufmg.br\/dedd\/wp-content\/uploads\/2025\/01\/Edital-2670-2024-Terceira-Retificacao.pdf\">3\u00ba Ato de retifica\u00e7\u00e3o ao Edital 2670\/2024<\/a> (publicado em 29\/01\/2025)<\/li>\n<li><a href=\"https:\/\/www.ufmg.br\/dedd\/wp-content\/uploads\/2025\/01\/SEI_UFMG-3916435-Ato-RESULTADO-PRELIMINAR-ETAPA-I-e-II.pdf\" target=\"_blank\" rel=\"noopener\">Resultado Preliminar Etapas I e II<\/a>\u00a0(<span style=\"font-size: 12pt; font-family: helvetica, arial, sans-serif;\">publicado em 28\/01\/2024<\/span>)<\/li>\n<li><a href=\"https:\/\/www.ufmg.br\/dedd\/wp-content\/uploads\/2024\/12\/SEI_UFMG-3845868-Ato-retificacao-edital-2670.2024-tcc-geoprocessamento-2.pdf\" target=\"_blank\" rel=\"noopener\">2\u00ba Ato de retifica\u00e7\u00e3o ao Edital 2.670\/2024\u00a0<\/a>(<span style=\"font-size: 12pt; font-family: helvetica, arial, sans-serif;\">publicado em 23\/12\/2024<\/span>)<\/li>\n<li><a href=\"https:\/\/www.ufmg.br\/dedd\/wp-content\/uploads\/2024\/12\/SEI_UFMG-3815319-Ato.pdf\" target=\"_blank\" rel=\"noopener\">Ato de retifica\u00e7\u00e3o ao Edital 2.670\/2024<\/a> (<span style=\"font-size: 12pt; font-family: helvetica, arial, sans-serif;\">publicado em 13\/12\/2024<\/span>)<\/li>\n<li><span style=\"font-family: helvetica, arial, sans-serif; font-size: 12pt;\"><a href=\"https:\/\/www.ufmg.br\/dedd\/wp-content\/uploads\/2024\/12\/Portaria-074.pdf\" target=\"_blank\" rel=\"noopener\">Portaria de Comiss\u00e3o de Sele\u00e7\u00e3o &#8211; EDITAL 2.670\/2024 &#8211; TCC &#8211; GEOPROCESSAMENTO<\/a> (publicado em 10\/12\/2024)<\/span><\/li>\n<li><span style=\"font-size: 12pt; font-family: helvetica, arial, sans-serif;\"><a href=\"https:\/\/www.ufmg.br\/dedd\/wp-content\/uploads\/2024\/12\/SEI_UFMG-3767949-Edital-2670.2024-TCC-GEOPROCESSAMENTO-ASSINADO.pdf\" target=\"_blank\" rel=\"noopener\">Edital N\u00ba 2670\/2024 &#8211; Processo de Sele\u00e7\u00e3o Sele\u00e7\u00e3o Bolsista na Fun\u00e7\u00e3o de Professor Formador para atuar no Curso de Geoprocessamento &#8211; Universidade\u00a0 Aberta do Brasil (UAB)<\/a> (publicado em 09\/12\/2024).<\/span><\/li>\n<li><span style=\"font-family: helvetica, arial, sans-serif; font-size: 12pt;\"><a href=\"https:\/\/gpi.caed.ufmg.br\/index.php\/381329?lang=pt-BR\" target=\"_blank\" rel=\"noopener\">Formul\u00e1rio de inscri\u00e7\u00e3o<\/a> (dispon\u00edvel de 11\/12\/2024 a 03\/01\/2025)<\/span><\/li>\n<\/ul>\n","protected":false},"excerpt":{"rendered":"<p>Ato de convoca\u00e7\u00e3o (publicado em 14\/02\/2025) Resultado final (publicado em [&hellip;]<\/p>\n","protected":false},"author":8,"featured_media":0,"parent":0,"menu_order":0,"comment_status":"closed","ping_status":"closed","template":"","meta":[],"categories":[],"tags":[],"acf":[],"_links":{"self":[{"href":"https:\/\/www.ufmg.br\/dedd\/wp-json\/wp\/v2\/pages\/12635"}],"collection":[{"href":"https:\/\/www.ufmg.br\/dedd\/wp-json\/wp\/v2\/pages"}],"about":[{"href":"https:\/\/www.ufmg.br\/dedd\/wp-json\/wp\/v2\/types\/page"}],"author":[{"embeddable":true,"href":"https:\/\/www.ufmg.br\/dedd\/wp-json\/wp\/v2\/users\/8"}],"replies":[{"embeddable":true,"href":"https:\/\/www.ufmg.br\/dedd\/wp-json\/wp\/v2\/comments?post=12635"}],"version-history":[{"count":20,"href":"https:\/\/www.ufmg.br\/dedd\/wp-json\/wp\/v2\/pages\/12635\/revisions"}],"predecessor-version":[{"id":12965,"href":"https:\/\/www.ufmg.br\/dedd\/wp-json\/wp\/v2\/pages\/12635\/revisions\/12965"}],"wp:attachment":[{"href":"https:\/\/www.ufmg.br\/dedd\/wp-json\/wp\/v2\/media?parent=12635"}],"wp:term":[{"taxonomy":"category","embeddable":true,"href":"https:\/\/www.ufmg.br\/dedd\/wp-json\/wp\/v2\/categories?post=12635"},{"taxonomy":"post_tag","embeddable":true,"href":"https:\/\/www.ufmg.br\/dedd\/wp-json\/wp\/v2\/tags?post=12635"}],"curies":[{"name":"wp","href":"https:\/\/api.w.org\/{rel}","templated":true}]}}

Edital nº 2670/2024 &#8211; Seleção de bolsista do programa Universidade Aberta do Brasil (UAB), na função de Professor Formador &#8211; Orientação para trabalho de conclusão de curso (TCC) para atuar no curso de especialização em GEOPROCESSAMENTO, LEVANTAMENTO E INTERPRETAÇÃO DE SOLOS

<ul>
<li><a href="https://www.ufmg.br/dedd/wp-content/uploads/2025/02/Edital-2670-2024-Convocacao-140225.pdf">Ato de convocação</a> (publicado em 14/02/2025)</li>
<li><a href="https://www.ufmg.br/dedd/wp-content/uploads/2025/02/Edital-2670-2024-Resultado-final.pdf">Resultado final</a> <span style="font-family: helvetica, arial, sans-serif; font-size: 12pt;">(publicado em 06/02/2025) </span></li>
<li><span style="font-family: helvetica, arial, sans-serif; font-size: 12pt;"><a href="https://gpi.caed.ufmg.br/index.php/588413?lang=pt-BR" target="_blank" rel="noopener">Formulário de recurso Etapa I e II</a> (disponível de 29/01/2025 a 02/02/2025) </span></li>
<li><a href="https://www.ufmg.br/dedd/wp-content/uploads/2025/01/Edital-2670-2024-Terceira-Retificacao.pdf">3º Ato de retificação ao Edital 2670/2024</a> (publicado em 29/01/2025)</li>
<li><a href="https://www.ufmg.br/dedd/wp-content/uploads/2025/01/SEI_UFMG-3916435-Ato-RESULTADO-PRELIMINAR-ETAPA-I-e-II.pdf" target="_blank" rel="noopener">Resultado Preliminar Etapas I e II</a> (<span style="font-size: 12pt; font-family: helvetica, arial, sans-serif;">publicado em 28/01/2024</span>)</li>
<li><a href="https://www.ufmg.br/dedd/wp-content/uploads/2024/12/SEI_UFMG-3845868-Ato-retificacao-edital-2670.2024-tcc-geoprocessamento-2.pdf" target="_blank" rel="noopener">2º Ato de retificação ao Edital 2.670/2024 </a>(<span style="font-size: 12pt; font-family: helvetica, arial, sans-serif;">publicado em 23/12/2024</span>)</li>
<li><a href="https://www.ufmg.br/dedd/wp-content/uploads/2024/12/SEI_UFMG-3815319-Ato.pdf" target="_blank" rel="noopener">Ato de retificação ao Edital 2.670/2024</a> (<span style="font-size: 12pt; font-family: helvetica, arial, sans-serif;">publicado em 13/12/2024</span>)</li>
<li><span style="font-family: helvetica, arial, sans-serif; font-size: 12pt;"><a href="https://www.ufmg.br/dedd/wp-content/uploads/2024/12/Portaria-074.pdf" target="_blank" rel="noopener">Portaria de Comissão de Seleção &#8211; EDITAL 2.670/2024 &#8211; TCC &#8211; GEOPROCESSAMENTO</a> (publicado em 10/12/2024)</span></li>
<li><span style="font-size: 12pt; font-family: helvetica, arial, sans-serif;"><a href="https://www.ufmg.br/dedd/wp-content/uploads/2024/12/SEI_UFMG-3767949-Edital-2670.2024-TCC-GEOPROCESSAMENTO-ASSINADO.pdf" target="_blank" rel="noopener">Edital Nº 2670/2024 &#8211; Processo de Seleção Seleção Bolsista na Função de Professor Formador para atuar no Curso de Geoprocessamento &#8211; Universidade  Aberta do Brasil (UAB)</a> (publicado em 09/12/2024).</span></li>
<li><span style="font-family: helvetica, arial, sans-serif; font-size: 12pt;"><a href="https://gpi.caed.ufmg.br/index.php/381329?lang=pt-BR" target="_blank" rel="noopener">Formulário de inscrição</a> (disponível de 11/12/2024 a 03/01/2025)</span></li>
</ul>

<p>Ato de convocação (publicado em 14/02/2025) Resultado final (publicado em [&hellip;]</p>
