{"id":12709,"date":"2024-12-26T13:47:25","date_gmt":"2024-12-26T16:47:25","guid":{"rendered":"https:\/\/www.ufmg.br\/dedd\/?page_id=12709"},"modified":"2025-02-21T18:59:01","modified_gmt":"2025-02-21T21:59:01","slug":"edital-2901-2024","status":"publish","type":"page","link":"https:\/\/www.ufmg.br\/dedd\/edital-2901-2024\/","title":{"rendered":"Edital N\u00ba 2901\/2024 &#8211; Sele\u00e7\u00e3o para Bolsista do Programa Universidade Aberta do Brasil (UAB) para Atuar no Curso de Extens\u00e3o em Educa\u00e7\u00e3o Especial na Perspectiva da Educa\u00e7\u00e3o Inclusiva"},"content":{"rendered":"<p><a href=\"https:\/\/www.ufmg.br\/dedd\/wp-content\/uploads\/2025\/02\/SEI_3995036_Ato_41-resultado-definitivo-1.pdf\" target=\"_blank\" rel=\"noopener\">Resultado Definitivo<\/a> (publicado em 21\/02\/2025)<\/p>\n<p><a href=\"https:\/\/www.ufmg.br\/dedd\/wp-content\/uploads\/2025\/02\/SEI_3994996_Ato_39-resposta-ao-recurso.pdf\" target=\"_blank\" rel=\"noopener\">Respostas aos Recursos<\/a> (publicado em 21\/02\/2025)<\/p>\n<p><span style=\"font-family: verdana, geneva, sans-serif;\"><a href=\"https:\/\/gpi.caed.ufmg.br\/index.php\/564914?lang=pt-BR\" target=\"_blank\" rel=\"noopener\">Recurso Final<\/a> (dispon\u00edvel no per\u00edodo de 14\/02\/2025 at\u00e9 as 17h do dia 16\/02\/2025)<\/span><\/p>\n<p><span style=\"font-family: verdana, geneva, sans-serif;\"><a href=\"https:\/\/www.ufmg.br\/dedd\/wp-content\/uploads\/2025\/02\/SEI_UFMG-3971205-Ato-RESULTADO-FINAL-2901.2024.pdf\" target=\"_blank\" rel=\"noopener\">Resultado Final<\/a> (<span style=\"font-size: 12pt;\">publicado em 13\/02\/2025<\/span>)<\/span><\/p>\n<p><span style=\"font-family: verdana, geneva, sans-serif;\"><a href=\"https:\/\/www.ufmg.br\/dedd\/wp-content\/uploads\/2025\/02\/SEI_3970486_Ato_23-RESPOSTA-AOS-RECURSOS-2901.2024.pdf\" target=\"_blank\" rel=\"noopener\">Respostas aos Recursos<\/a> (<span style=\"font-size: 12pt;\">publicada em 13\/02\/2025<\/span>)<\/span><\/p>\n<p><span style=\"font-family: verdana, geneva, sans-serif;\"><a href=\"https:\/\/gpi.caed.ufmg.br\/index.php\/439463?lang=pt-BR\" target=\"_blank\" rel=\"noopener\">Recurso da Etapa I<\/a> (dispon\u00edvel no per\u00edodo de 04\/02\/2025 a 06\/02\/2025)<\/span><\/p>\n<p><span style=\"font-family: verdana, geneva, sans-serif; font-size: 12pt;\"><a href=\"https:\/\/www.ufmg.br\/dedd\/wp-content\/uploads\/2025\/02\/SEI_3941446_Ato_17-1.pdf\" target=\"_blank\" rel=\"noopener\">Retifica\u00e7\u00e3o ao Edital n\u00ba 2901\/2024<\/a> (publicada em 05\/02\/2025)<\/span><\/p>\n<p><span style=\"font-family: verdana, geneva, sans-serif; font-size: 12pt;\"><strong><a href=\"https:\/\/www.ufmg.br\/dedd\/wp-content\/uploads\/2025\/02\/SEI_UFMG-3939502-Ato-3-retificacao-edital-2901.2024.pdf\" target=\"_blank\" rel=\"noopener\">Retifica\u00e7\u00e3o ao resultado preliminar &#8212; N\u00ba 2901\/2024<\/a><\/strong> (publicada em 04\/02\/2025)<\/span><\/p>\n<p><span style=\"font-family: verdana, geneva, sans-serif;\"><a href=\"https:\/\/www.ufmg.br\/dedd\/wp-content\/uploads\/2025\/02\/Edital-2901-2024-Resultado-preliminar.pdf\">Resultado preliminar<\/a> (publicado em 04\/02\/2025)<\/span><\/p>\n<p><span style=\"font-family: verdana, geneva, sans-serif;\"><a href=\"https:\/\/www.ufmg.br\/dedd\/wp-content\/uploads\/2025\/01\/Edital-2901-2024-Segunda-Retificacao.pdf\">Segunda retifica\u00e7\u00e3o ao Edital N\u00ba 2901\/2024<\/a> (publicada em 23\/01\/2025)<\/span><\/p>\n<p><a href=\"https:\/\/www.ufmg.br\/dedd\/wp-content\/uploads\/2025\/01\/SEI_3900791_Portaria_511.pdf\" target=\"_blank\" rel=\"noopener\"><span style=\"font-family: verdana, geneva, sans-serif;\">Portaria N\u00ba 511 de Comiss\u00e3o de Sele\u00e7\u00e3o, de 21 de Janeiro de 2025<\/span><\/a><\/p>\n<p><span style=\"font-family: verdana, geneva, sans-serif;\"><a href=\"https:\/\/www.ufmg.br\/dedd\/wp-content\/uploads\/2025\/01\/Retificacao-Edital-2901-2024.pdf\">Retifica\u00e7\u00e3o ao Edital N\u00ba 2901\/2024<\/a> (publicada em 17\/01\/2025)\u00a0<\/span><\/p>\n<p><span style=\"font-family: verdana, geneva, sans-serif;\"><a href=\"https:\/\/gpi.caed.ufmg.br\/index.php\/345841?lang=pt-BR\" target=\"_blank\" rel=\"noopener\">Formul\u00e1rio de inscri\u00e7\u00e3o<\/a> (dispon\u00edvel at\u00e9 20\/01\/2025)<\/span><\/p>\n<p><span style=\"font-family: verdana, geneva, sans-serif;\"><a href=\"https:\/\/www.ufmg.br\/dedd\/wp-content\/uploads\/2024\/12\/SEI_UFMG-3848596-Edital-2901.2024-EQUIPE-EXTENSAO.pdf-assinado.pdf\" target=\"_blank\" rel=\"noopener\">Edital N\u00ba 2901\/2024 &#8211; Sele\u00e7\u00e3o para Bolsista do Programa Universidade Aberta do Brasil (UAB) para Atuar no Curso de Extens\u00e3o em Educa\u00e7\u00e3o Especial na Perspectiva da Educa\u00e7\u00e3o Inclusiva<\/a>\u00a0(publicado em 26\/12\/2024)<\/span><\/p>\n","protected":false},"excerpt":{"rendered":"<p>Resultado Definitivo (publicado em 21\/02\/2025) Respostas aos Recursos (publicado em [&hellip;]<\/p>\n","protected":false},"author":10,"featured_media":0,"parent":0,"menu_order":0,"comment_status":"closed","ping_status":"closed","template":"","meta":[],"categories":[],"tags":[],"acf":[],"_links":{"self":[{"href":"https:\/\/www.ufmg.br\/dedd\/wp-json\/wp\/v2\/pages\/12709"}],"collection":[{"href":"https:\/\/www.ufmg.br\/dedd\/wp-json\/wp\/v2\/pages"}],"about":[{"href":"https:\/\/www.ufmg.br\/dedd\/wp-json\/wp\/v2\/types\/page"}],"author":[{"embeddable":true,"href":"https:\/\/www.ufmg.br\/dedd\/wp-json\/wp\/v2\/users\/10"}],"replies":[{"embeddable":true,"href":"https:\/\/www.ufmg.br\/dedd\/wp-json\/wp\/v2\/comments?post=12709"}],"version-history":[{"count":27,"href":"https:\/\/www.ufmg.br\/dedd\/wp-json\/wp\/v2\/pages\/12709\/revisions"}],"predecessor-version":[{"id":13054,"href":"https:\/\/www.ufmg.br\/dedd\/wp-json\/wp\/v2\/pages\/12709\/revisions\/13054"}],"wp:attachment":[{"href":"https:\/\/www.ufmg.br\/dedd\/wp-json\/wp\/v2\/media?parent=12709"}],"wp:term":[{"taxonomy":"category","embeddable":true,"href":"https:\/\/www.ufmg.br\/dedd\/wp-json\/wp\/v2\/categories?post=12709"},{"taxonomy":"post_tag","embeddable":true,"href":"https:\/\/www.ufmg.br\/dedd\/wp-json\/wp\/v2\/tags?post=12709"}],"curies":[{"name":"wp","href":"https:\/\/api.w.org\/{rel}","templated":true}]}}

Edital Nº 2901/2024 &#8211; Seleção para Bolsista do Programa Universidade Aberta do Brasil (UAB) para Atuar no Curso de Extensão em Educação Especial na Perspectiva da Educação Inclusiva

<p><a href="https://www.ufmg.br/dedd/wp-content/uploads/2025/02/SEI_3995036_Ato_41-resultado-definitivo-1.pdf" target="_blank" rel="noopener">Resultado Definitivo</a> (publicado em 21/02/2025)</p>
<p><a href="https://www.ufmg.br/dedd/wp-content/uploads/2025/02/SEI_3994996_Ato_39-resposta-ao-recurso.pdf" target="_blank" rel="noopener">Respostas aos Recursos</a> (publicado em 21/02/2025)</p>
<p><span style="font-family: verdana, geneva, sans-serif;"><a href="https://gpi.caed.ufmg.br/index.php/564914?lang=pt-BR" target="_blank" rel="noopener">Recurso Final</a> (disponível no período de 14/02/2025 até as 17h do dia 16/02/2025)</span></p>
<p><span style="font-family: verdana, geneva, sans-serif;"><a href="https://www.ufmg.br/dedd/wp-content/uploads/2025/02/SEI_UFMG-3971205-Ato-RESULTADO-FINAL-2901.2024.pdf" target="_blank" rel="noopener">Resultado Final</a> (<span style="font-size: 12pt;">publicado em 13/02/2025</span>)</span></p>
<p><span style="font-family: verdana, geneva, sans-serif;"><a href="https://www.ufmg.br/dedd/wp-content/uploads/2025/02/SEI_3970486_Ato_23-RESPOSTA-AOS-RECURSOS-2901.2024.pdf" target="_blank" rel="noopener">Respostas aos Recursos</a> (<span style="font-size: 12pt;">publicada em 13/02/2025</span>)</span></p>
<p><span style="font-family: verdana, geneva, sans-serif;"><a href="https://gpi.caed.ufmg.br/index.php/439463?lang=pt-BR" target="_blank" rel="noopener">Recurso da Etapa I</a> (disponível no período de 04/02/2025 a 06/02/2025)</span></p>
<p><span style="font-family: verdana, geneva, sans-serif; font-size: 12pt;"><a href="https://www.ufmg.br/dedd/wp-content/uploads/2025/02/SEI_3941446_Ato_17-1.pdf" target="_blank" rel="noopener">Retificação ao Edital nº 2901/2024</a> (publicada em 05/02/2025)</span></p>
<p><span style="font-family: verdana, geneva, sans-serif; font-size: 12pt;"><strong><a href="https://www.ufmg.br/dedd/wp-content/uploads/2025/02/SEI_UFMG-3939502-Ato-3-retificacao-edital-2901.2024.pdf" target="_blank" rel="noopener">Retificação ao resultado preliminar &#8212; Nº 2901/2024</a></strong> (publicada em 04/02/2025)</span></p>
<p><span style="font-family: verdana, geneva, sans-serif;"><a href="https://www.ufmg.br/dedd/wp-content/uploads/2025/02/Edital-2901-2024-Resultado-preliminar.pdf">Resultado preliminar</a> (publicado em 04/02/2025)</span></p>
<p><span style="font-family: verdana, geneva, sans-serif;"><a href="https://www.ufmg.br/dedd/wp-content/uploads/2025/01/Edital-2901-2024-Segunda-Retificacao.pdf">Segunda retificação ao Edital Nº 2901/2024</a> (publicada em 23/01/2025)</span></p>
<p><a href="https://www.ufmg.br/dedd/wp-content/uploads/2025/01/SEI_3900791_Portaria_511.pdf" target="_blank" rel="noopener"><span style="font-family: verdana, geneva, sans-serif;">Portaria Nº 511 de Comissão de Seleção, de 21 de Janeiro de 2025</span></a></p>
<p><span style="font-family: verdana, geneva, sans-serif;"><a href="https://www.ufmg.br/dedd/wp-content/uploads/2025/01/Retificacao-Edital-2901-2024.pdf">Retificação ao Edital Nº 2901/2024</a> (publicada em 17/01/2025) </span></p>
<p><span style="font-family: verdana, geneva, sans-serif;"><a href="https://gpi.caed.ufmg.br/index.php/345841?lang=pt-BR" target="_blank" rel="noopener">Formulário de inscrição</a> (disponível até 20/01/2025)</span></p>
<p><span style="font-family: verdana, geneva, sans-serif;"><a href="https://www.ufmg.br/dedd/wp-content/uploads/2024/12/SEI_UFMG-3848596-Edital-2901.2024-EQUIPE-EXTENSAO.pdf-assinado.pdf" target="_blank" rel="noopener">Edital Nº 2901/2024 &#8211; Seleção para Bolsista do Programa Universidade Aberta do Brasil (UAB) para Atuar no Curso de Extensão em Educação Especial na Perspectiva da Educação Inclusiva</a> (publicado em 26/12/2024)</span></p>
