{"id":12748,"date":"2025-01-10T11:55:27","date_gmt":"2025-01-10T14:55:27","guid":{"rendered":"https:\/\/www.ufmg.br\/dedd\/?page_id=12748"},"modified":"2025-02-17T12:59:50","modified_gmt":"2025-02-17T15:59:50","slug":"edital-55-2025-selecao-de-bolsistas-para-atuacao-no-programa-de-extensao-aproxime-se","status":"publish","type":"page","link":"https:\/\/www.ufmg.br\/dedd\/edital-55-2025-selecao-de-bolsistas-para-atuacao-no-programa-de-extensao-aproxime-se\/","title":{"rendered":"Edital 55\/2025 &#8212; Sele\u00e7\u00e3o de bolsistas para atua\u00e7\u00e3o no programa de extens\u00e3o Aproxime-se"},"content":{"rendered":"<p><a href=\"https:\/\/www.ufmg.br\/dedd\/wp-content\/uploads\/2025\/02\/Edital-055-2025-Resultado-final.pdf\">Resultado final<\/a> (publicado em 17\/02\/2025)<\/p>\n<p><a href=\"https:\/\/www.ufmg.br\/dedd\/wp-content\/uploads\/2025\/02\/Edital-55-2025-Resultado-preliminar.pdf\">Resultado preliminar<\/a> (publicado em 11\/02\/2025)<\/p>\n<p><a href=\"https:\/\/gpi.caed.ufmg.br\/index.php\/679753?lang=pt-BR\" target=\"_blank\" rel=\"noopener\">Formul\u00e1rio de inscri\u00e7\u00e3o<\/a> (dispon\u00edvel de 17 a 31 de janeiro de 2025)<\/p>\n<p><a href=\"https:\/\/www.ufmg.br\/dedd\/wp-content\/uploads\/2025\/01\/Edital-055-2025.pdf\">Edital 55\/2025 &#8212; Sele\u00e7\u00e3o de bolsistas para atua\u00e7\u00e3o no programa de extens\u00e3o Aproxime-se<\/a> (publicado em 10\/01\/2025)<\/p>\n","protected":false},"excerpt":{"rendered":"<p>Resultado final (publicado em 17\/02\/2025) Resultado preliminar (publicado em 11\/02\/2025) [&hellip;]<\/p>\n","protected":false},"author":5,"featured_media":0,"parent":0,"menu_order":0,"comment_status":"closed","ping_status":"closed","template":"","meta":[],"categories":[],"tags":[],"acf":[],"_links":{"self":[{"href":"https:\/\/www.ufmg.br\/dedd\/wp-json\/wp\/v2\/pages\/12748"}],"collection":[{"href":"https:\/\/www.ufmg.br\/dedd\/wp-json\/wp\/v2\/pages"}],"about":[{"href":"https:\/\/www.ufmg.br\/dedd\/wp-json\/wp\/v2\/types\/page"}],"author":[{"embeddable":true,"href":"https:\/\/www.ufmg.br\/dedd\/wp-json\/wp\/v2\/users\/5"}],"replies":[{"embeddable":true,"href":"https:\/\/www.ufmg.br\/dedd\/wp-json\/wp\/v2\/comments?post=12748"}],"version-history":[{"count":5,"href":"https:\/\/www.ufmg.br\/dedd\/wp-json\/wp\/v2\/pages\/12748\/revisions"}],"predecessor-version":[{"id":13000,"href":"https:\/\/www.ufmg.br\/dedd\/wp-json\/wp\/v2\/pages\/12748\/revisions\/13000"}],"wp:attachment":[{"href":"https:\/\/www.ufmg.br\/dedd\/wp-json\/wp\/v2\/media?parent=12748"}],"wp:term":[{"taxonomy":"category","embeddable":true,"href":"https:\/\/www.ufmg.br\/dedd\/wp-json\/wp\/v2\/categories?post=12748"},{"taxonomy":"post_tag","embeddable":true,"href":"https:\/\/www.ufmg.br\/dedd\/wp-json\/wp\/v2\/tags?post=12748"}],"curies":[{"name":"wp","href":"https:\/\/api.w.org\/{rel}","templated":true}]}}