{"id":12804,"date":"2025-01-17T16:32:02","date_gmt":"2025-01-17T19:32:02","guid":{"rendered":"https:\/\/www.ufmg.br\/dedd\/?page_id=12804"},"modified":"2025-02-25T10:41:47","modified_gmt":"2025-02-25T13:41:47","slug":"edital-130-2025","status":"publish","type":"page","link":"https:\/\/www.ufmg.br\/dedd\/edital-130-2025\/","title":{"rendered":"Edital N\u00ba 130\/2025 &#8211; Sele\u00e7\u00e3o para Bolsista do Programa Universidade Aberta do Brasil (Uab), na Fun\u00e7\u00e3o de Coordenadoria De Curso para Atuar no Curso de Extens\u00e3o em Educa\u00e7\u00e3o Especial na Perspectiva da Educa\u00e7\u00e3o Inclusiva"},"content":{"rendered":"<p><a href=\"https:\/\/www.ufmg.br\/dedd\/wp-content\/uploads\/2025\/02\/SEI_4000195_Ato_43.pdf\" target=\"_blank\" rel=\"noopener\">Resultado Definitivo<\/a> (publicado em 25\/02\/2025)<\/p>\n<p><a href=\"https:\/\/www.ufmg.br\/dedd\/wp-content\/uploads\/2025\/02\/SEI_UFMG-3977629-Ato-130.2025-RESULTADO-FINAL-PRELIMINAR-E-RESPOSTA-AO-RECURSO-1.pdf\" target=\"_blank\" rel=\"noopener\">Resposta aos Recursos e Resultado Final Preliminar &#8211; EDITAL N\u00ba 130\/2025<\/a> (publicados em 18\/02\/2025)<\/p>\n<p><a href=\"https:\/\/www.ufmg.br\/dedd\/wp-content\/uploads\/2025\/02\/Edital-130-2025-Resultado-preliminar-etapas-I-e-II.pdf\">Resultado preliminar &#8212; Etapas I e II<\/a> (publicado em 11\/02\/2025)<\/p>\n<p><a href=\"https:\/\/www.ufmg.br\/dedd\/wp-content\/uploads\/2025\/01\/Portaria-569-2025-Comissao-de-Selecao.pdf\">Portaria N\u00ba 569 de Comiss\u00e3o de Sele\u00e7\u00e3o, de 23 de Janeiro de 2025<\/a> (publicada em 23\/01\/2025)<\/p>\n<p><a href=\"https:\/\/gpi.caed.ufmg.br\/index.php\/133359?lang=pt-BR\">Recurso final<\/a> (dispon\u00edvel no per\u00edodo de 19\/02\/2025 a 23\/02\/2025)<\/p>\n<p><a href=\"https:\/\/gpi.caed.ufmg.br\/index.php\/992915?lang=pt-BR\">Recurso da Etapa I e II<\/a> (dispon\u00edvel no per\u00edodo de 12\/02\/2025 a 16\/02\/2025)<\/p>\n<p><a href=\"https:\/\/gpi.caed.ufmg.br\/index.php\/288356?lang=pt-BR\">Formul\u00e1rio de inscri\u00e7\u00e3o<\/a> (dispon\u00edvel no per\u00edodo de 24\/01\/2025 a 07\/02\/2025)<\/p>\n<p><a href=\"https:\/\/gpi.caed.ufmg.br\/index.php\/759726?lang=pt-BR\">Impugna\u00e7\u00e3o do edital<\/a> (dispon\u00edvel no per\u00edodo de 22\/01\/2025 a 23\/01\/2025)<\/p>\n<p><a href=\"https:\/\/www.ufmg.br\/dedd\/wp-content\/uploads\/2025\/01\/SEI_3898256_Portaria_469.pdf\">Portaria N\u00ba 469 de Comiss\u00e3o de Sele\u00e7\u00e3o, de 21 de Janeiro de 2025<\/a> (revogada pela Portaria n\u00ba 569\/2025, publicada em 23\/01\/2025)<\/p>\n<p><a href=\"https:\/\/www.ufmg.br\/dedd\/wp-content\/uploads\/2025\/01\/SEI_3891130_Edital_130-2.pdf\" target=\"_blank\" rel=\"noopener\">Edital N\u00ba 130\/2025 &#8211; Sele\u00e7\u00e3o para Bolsista do Programa Universidade Aberta do Brasil (Uab), na Fun\u00e7\u00e3o de Coordenadoria De Curso para Atuar no Curso de Extens\u00e3o em Educa\u00e7\u00e3o Especial na Perspectiva da Educa\u00e7\u00e3o Inclusiva (publicado em 20\/01\/2025)<\/a><\/p>\n","protected":false},"excerpt":{"rendered":"<p>Resultado Definitivo (publicado em 25\/02\/2025) Resposta aos Recursos e Resultado [&hellip;]<\/p>\n","protected":false},"author":11,"featured_media":0,"parent":0,"menu_order":0,"comment_status":"closed","ping_status":"closed","template":"","meta":[],"categories":[],"tags":[],"acf":[],"_links":{"self":[{"href":"https:\/\/www.ufmg.br\/dedd\/wp-json\/wp\/v2\/pages\/12804"}],"collection":[{"href":"https:\/\/www.ufmg.br\/dedd\/wp-json\/wp\/v2\/pages"}],"about":[{"href":"https:\/\/www.ufmg.br\/dedd\/wp-json\/wp\/v2\/types\/page"}],"author":[{"embeddable":true,"href":"https:\/\/www.ufmg.br\/dedd\/wp-json\/wp\/v2\/users\/11"}],"replies":[{"embeddable":true,"href":"https:\/\/www.ufmg.br\/dedd\/wp-json\/wp\/v2\/comments?post=12804"}],"version-history":[{"count":15,"href":"https:\/\/www.ufmg.br\/dedd\/wp-json\/wp\/v2\/pages\/12804\/revisions"}],"predecessor-version":[{"id":13071,"href":"https:\/\/www.ufmg.br\/dedd\/wp-json\/wp\/v2\/pages\/12804\/revisions\/13071"}],"wp:attachment":[{"href":"https:\/\/www.ufmg.br\/dedd\/wp-json\/wp\/v2\/media?parent=12804"}],"wp:term":[{"taxonomy":"category","embeddable":true,"href":"https:\/\/www.ufmg.br\/dedd\/wp-json\/wp\/v2\/categories?post=12804"},{"taxonomy":"post_tag","embeddable":true,"href":"https:\/\/www.ufmg.br\/dedd\/wp-json\/wp\/v2\/tags?post=12804"}],"curies":[{"name":"wp","href":"https:\/\/api.w.org\/{rel}","templated":true}]}}