{"id":12979,"date":"2025-02-14T17:31:18","date_gmt":"2025-02-14T20:31:18","guid":{"rendered":"https:\/\/www.ufmg.br\/dedd\/?page_id=12979"},"modified":"2025-09-24T12:10:41","modified_gmt":"2025-09-24T15:10:41","slug":"edital-255-2025","status":"publish","type":"page","link":"https:\/\/www.ufmg.br\/dedd\/edital-255-2025\/","title":{"rendered":"Edital N\u00ba 255\/2025 &#8211; Sele\u00e7\u00e3o para Bolsista do Programa (UAB) na Fun\u00e7\u00e3o de Coordenadoria de Curso para Atuar no Curso de Especializa\u00e7\u00e3o em Geoprocessamento Aplicado \u00e0 Gest\u00e3o P\u00fablica Territorial"},"content":{"rendered":"<div>\n<p><a href=\"https:\/\/www.ufmg.br\/dedd\/wp-content\/uploads\/2025\/09\/Edital-255-2025-Ato-de-convocacao.pdf\">Ato n\u00ba 288 &#8212; Convoca\u00e7\u00e3o para apresenta\u00e7\u00e3o de documento<\/a> (publicado em 24\/09\/2025)<\/p>\n<p><a href=\"https:\/\/www.ufmg.br\/dedd\/wp-content\/uploads\/2025\/03\/SEI_4083002_Ato_80.pdf\" target=\"_blank\" rel=\"noopener\">Resultado Definitivo &#8211; Edital N\u00ba 255\/2025<\/a> (publicado em 28\/03\/2025)<\/p>\n<\/div>\n<div><a href=\"https:\/\/gpi.caed.ufmg.br\/index.php\/673278?lang=pt-BR\" target=\"_blank\" rel=\"noopener\">Formul\u00e1rio &#8212; recurso final<\/a> (dispon\u00edvel no per\u00edodo de 26\/03\/2025 at\u00e9 as 17h do dia 27\/03\/2025)<\/div>\n<div><\/div>\n<div><a href=\"https:\/\/www.ufmg.br\/dedd\/wp-content\/uploads\/2025\/03\/Edital-255-2025-Resultado-final-preliminar.pdf\">Resultado preliminar final<\/a> (publicado em 25\/03\/2025)<\/div>\n<div><\/div>\n<div><a href=\"https:\/\/gpi.caed.ufmg.br\/index.php\/485444?lang=pt-BR\" target=\"_blank\" rel=\"noopener\">Recurso da Etapa I e II<\/a> (dispon\u00edvel no per\u00edodo de 19\/03\/2025 a 21\/03\/2025)<\/div>\n<div><\/div>\n<div><span style=\"font-family: georgia, palatino, serif; font-size: 12pt;\"><a href=\"https:\/\/www.ufmg.br\/dedd\/wp-content\/uploads\/2025\/03\/SEI_UFMG-4045102-Ato-RESULTADO-PRELIMINAR-255.2025.pdf\" target=\"_blank\" rel=\"noopener\">Resultado preliminar &#8211; Edital N\u00ba 255\/2025<\/a>\u00a0(publicado em 18\/03\/2025)<\/span><\/div>\n<div><\/div>\n<div><span style=\"font-size: 12pt;\"><a href=\"https:\/\/www.ufmg.br\/dedd\/wp-content\/uploads\/2025\/02\/SEI_4010223_Portaria_1743.pdf\" target=\"_blank\" rel=\"noopener\">Portaria n\u00ba 1743, de 27 de fevereiro de 2025<\/a> (publicado em 28\/02\/2025)<\/span><\/div>\n<p><a href=\"https:\/\/gpi.caed.ufmg.br\/index.php\/932745?lang=pt-BR\" target=\"_blank\" rel=\"noopener\">Formul\u00e1rio de inscri\u00e7\u00e3o<\/a> (dispon\u00edvel no per\u00edodo de 24\/02\/2025 a 10\/03\/2025)<\/p>\n<p><a href=\"https:\/\/gpi.caed.ufmg.br\/index.php\/481932?lang=pt-BR\" target=\"_blank\" rel=\"noopener\">Impugna\u00e7\u00e3o do edital<\/a> (dispon\u00edvel no dia de 18\/02\/2025)<\/p>\n<p><a href=\"https:\/\/www.ufmg.br\/dedd\/wp-content\/uploads\/2025\/02\/SEI_3926434_Edital_255.2025-GEOPROCESSAMENTO.pdf\" target=\"_blank\" rel=\"noopener\">Edital N\u00ba 255\/2025<\/a> (publicado em 17\/02\/2025)<\/p>\n","protected":false},"excerpt":{"rendered":"<p>Ato n\u00ba 288 &#8212; Convoca\u00e7\u00e3o para apresenta\u00e7\u00e3o de documento (publicado [&hellip;]<\/p>\n","protected":false},"author":3,"featured_media":0,"parent":0,"menu_order":0,"comment_status":"closed","ping_status":"closed","template":"","meta":[],"categories":[209],"tags":[],"acf":[],"_links":{"self":[{"href":"https:\/\/www.ufmg.br\/dedd\/wp-json\/wp\/v2\/pages\/12979"}],"collection":[{"href":"https:\/\/www.ufmg.br\/dedd\/wp-json\/wp\/v2\/pages"}],"about":[{"href":"https:\/\/www.ufmg.br\/dedd\/wp-json\/wp\/v2\/types\/page"}],"author":[{"embeddable":true,"href":"https:\/\/www.ufmg.br\/dedd\/wp-json\/wp\/v2\/users\/3"}],"replies":[{"embeddable":true,"href":"https:\/\/www.ufmg.br\/dedd\/wp-json\/wp\/v2\/comments?post=12979"}],"version-history":[{"count":25,"href":"https:\/\/www.ufmg.br\/dedd\/wp-json\/wp\/v2\/pages\/12979\/revisions"}],"predecessor-version":[{"id":14186,"href":"https:\/\/www.ufmg.br\/dedd\/wp-json\/wp\/v2\/pages\/12979\/revisions\/14186"}],"wp:attachment":[{"href":"https:\/\/www.ufmg.br\/dedd\/wp-json\/wp\/v2\/media?parent=12979"}],"wp:term":[{"taxonomy":"category","embeddable":true,"href":"https:\/\/www.ufmg.br\/dedd\/wp-json\/wp\/v2\/categories?post=12979"},{"taxonomy":"post_tag","embeddable":true,"href":"https:\/\/www.ufmg.br\/dedd\/wp-json\/wp\/v2\/tags?post=12979"}],"curies":[{"name":"wp","href":"https:\/\/api.w.org\/{rel}","templated":true}]}}