{"id":12981,"date":"2025-02-14T17:32:21","date_gmt":"2025-02-14T20:32:21","guid":{"rendered":"https:\/\/www.ufmg.br\/dedd\/?page_id=12981"},"modified":"2025-09-24T11:34:37","modified_gmt":"2025-09-24T14:34:37","slug":"edital-259-2025","status":"publish","type":"page","link":"https:\/\/www.ufmg.br\/dedd\/edital-259-2025\/","title":{"rendered":"Edital N\u00ba 259\/2025 &#8211; Sele\u00e7\u00e3o para Bolsista do Programa Universidade Aberta do Brasil (UAB) na Fun\u00e7\u00e3o de Coordenadoria de Curso para Atuar no Curso de Especializa\u00e7\u00e3o em Alfabetiza\u00e7\u00e3o e Letramento"},"content":{"rendered":"<p><a href=\"https:\/\/www.ufmg.br\/dedd\/wp-content\/uploads\/2025\/09\/Edital-259-2025-Ato-de-convocacao.pdf\">Ato n\u00ba 289\/2025\u00a0 &#8212; Convoca\u00e7\u00e3o de candidato para apresenta\u00e7\u00e3o de documentos<\/a> (publicado em 24\/09\/2025)<\/p>\n<p><span style=\"font-family: georgia, palatino, serif; font-size: 12pt;\"><a href=\"https:\/\/www.ufmg.br\/dedd\/wp-content\/uploads\/2025\/03\/SEI_4082983_Ato_79.pdf\" target=\"_blank\" rel=\"noopener\">Resultado Definitivo &#8211; EDITAL N\u00ba 259\/2025<\/a> (publicado em 28\/03\/2025)<\/span><\/p>\n<p><a href=\"https:\/\/gpi.caed.ufmg.br\/index.php\/349664?lang=pt-BR\" target=\"_blank\" rel=\"noopener\">Formul\u00e1rio &#8212; recurso ao recurso preliminar final<\/a> (dispon\u00edvel no per\u00edodo de 26\/03\/2025 at\u00e9 as 17h do dia 27\/03\/2025)<\/p>\n<p><a href=\"https:\/\/www.ufmg.br\/dedd\/wp-content\/uploads\/2025\/03\/Edital-259-2025-Resultado-final-preliminar.pdf\">Resultado preliminar final<\/a> <span style=\"font-family: georgia, palatino, serif;\">(publicado em 25\/03\/2025)<\/span><\/p>\n<p><span style=\"font-family: georgia, palatino, serif;\"><a href=\"https:\/\/www.ufmg.br\/dedd\/wp-content\/uploads\/2025\/03\/SEI_4048445_Ato_60-RESULTADO-PRELIMINAR-259.2025.pdf\" target=\"_blank\" rel=\"noopener\">Resultado Preliminar &#8211; Edital 259\/2025<\/a> (publicado em 18\/03\/2025)<\/span><\/p>\n<p><span style=\"font-family: georgia, palatino, serif; font-size: 12pt;\"><a href=\"https:\/\/www.ufmg.br\/dedd\/wp-content\/uploads\/2025\/02\/SEI_4010259_Portaria_1744.pdf\" target=\"_blank\" rel=\"noopener\">Portaria n\u00ba 1744, de 27 de Fevereiro de 2025 &#8211; Edital n\u00ba259\/2025<\/a> (publicada em 28\/02\/2025)<\/span><\/p>\n<p><a href=\"https:\/\/gpi.caed.ufmg.br\/index.php\/686883?lang=pt-BR\" target=\"_blank\" rel=\"noopener\">Recurso da Etapa I e II<\/a>\u00a0(dispon\u00edvel no per\u00edodo de 19\/03\/2025 a 21\/03\/2025)<\/p>\n<p><a href=\"https:\/\/gpi.caed.ufmg.br\/index.php\/823593?lang=pt-BR\" target=\"_blank\" rel=\"noopener\">Formul\u00e1rio de inscri\u00e7\u00e3o<\/a>\u00a0(dispon\u00edvel no per\u00edodo de 24\/02\/2025 a 10\/03\/2025)<\/p>\n<p><a href=\"https:\/\/gpi.caed.ufmg.br\/index.php\/544723?lang=pt-BR\" target=\"_blank\" rel=\"noopener\">Impugna\u00e7\u00e3o do edital<\/a>\u00a0(dispon\u00edvel no dia de 18\/02\/2025)<\/p>\n<p><a href=\"https:\/\/www.ufmg.br\/dedd\/wp-content\/uploads\/2025\/02\/SEI_3927010_Edital_259.2025-ALFABETIZACAO.pdf\" target=\"_blank\" rel=\"noopener\">Edital N\u00ba 259\/2025<\/a> (publicado em 17\/02\/2025)<\/p>\n","protected":false},"excerpt":{"rendered":"<p>Ato n\u00ba 289\/2025\u00a0 &#8212; Convoca\u00e7\u00e3o de candidato para apresenta\u00e7\u00e3o de [&hellip;]<\/p>\n","protected":false},"author":3,"featured_media":0,"parent":0,"menu_order":0,"comment_status":"closed","ping_status":"closed","template":"","meta":[],"categories":[209],"tags":[],"acf":[],"_links":{"self":[{"href":"https:\/\/www.ufmg.br\/dedd\/wp-json\/wp\/v2\/pages\/12981"}],"collection":[{"href":"https:\/\/www.ufmg.br\/dedd\/wp-json\/wp\/v2\/pages"}],"about":[{"href":"https:\/\/www.ufmg.br\/dedd\/wp-json\/wp\/v2\/types\/page"}],"author":[{"embeddable":true,"href":"https:\/\/www.ufmg.br\/dedd\/wp-json\/wp\/v2\/users\/3"}],"replies":[{"embeddable":true,"href":"https:\/\/www.ufmg.br\/dedd\/wp-json\/wp\/v2\/comments?post=12981"}],"version-history":[{"count":15,"href":"https:\/\/www.ufmg.br\/dedd\/wp-json\/wp\/v2\/pages\/12981\/revisions"}],"predecessor-version":[{"id":14182,"href":"https:\/\/www.ufmg.br\/dedd\/wp-json\/wp\/v2\/pages\/12981\/revisions\/14182"}],"wp:attachment":[{"href":"https:\/\/www.ufmg.br\/dedd\/wp-json\/wp\/v2\/media?parent=12981"}],"wp:term":[{"taxonomy":"category","embeddable":true,"href":"https:\/\/www.ufmg.br\/dedd\/wp-json\/wp\/v2\/categories?post=12981"},{"taxonomy":"post_tag","embeddable":true,"href":"https:\/\/www.ufmg.br\/dedd\/wp-json\/wp\/v2\/tags?post=12981"}],"curies":[{"name":"wp","href":"https:\/\/api.w.org\/{rel}","templated":true}]}}