{"id":13109,"date":"2025-03-07T07:04:16","date_gmt":"2025-03-07T10:04:16","guid":{"rendered":"https:\/\/www.ufmg.br\/dedd\/?page_id=13109"},"modified":"2025-09-24T12:07:21","modified_gmt":"2025-09-24T15:07:21","slug":"edital-570-2025","status":"publish","type":"page","link":"https:\/\/www.ufmg.br\/dedd\/edital-570-2025\/","title":{"rendered":"EDITAL N\u00ba 570\/2025 &#8211; COORDENADOR DE CURSO &#8211; GEST\u00c3O ESCOLAR"},"content":{"rendered":"<div>\n<p><span style=\"font-family: verdana, geneva, sans-serif;\"><a href=\"https:\/\/www.ufmg.br\/dedd\/wp-content\/uploads\/2025\/09\/Edital-570-2025-Ato-de-convocacao.pdf\">Ato n\u00ba 290\/2025 &#8212; Convoca\u00e7\u00e3o de candidato para apresenta\u00e7\u00e3o de documentos<\/a> (publicado em 24\/09\/2025)\u00a0<\/span><\/p>\n<p><span style=\"font-family: verdana, geneva, sans-serif;\"><a href=\"https:\/\/www.ufmg.br\/dedd\/wp-content\/uploads\/2025\/04\/Edital-570-2025-Resultado-final.pdf\">Resultado final<\/a> (publicado em 23\/04\/2025)\u00a0<\/span><\/p>\n<p><span style=\"font-family: verdana, geneva, sans-serif;\"><a href=\"https:\/\/gpi.caed.ufmg.br\/index.php\/698297?lang=pt-BR\">Formul\u00e1rio para recursos ao resultado preliminar<\/a> (dispon\u00edvel at\u00e9 as 17h do dia 18\/04\/2025)\u00a0<\/span><\/p>\n<p><span style=\"font-family: verdana, geneva, sans-serif;\"><a href=\"https:\/\/www.ufmg.br\/dedd\/wp-content\/uploads\/2025\/04\/SEI_4130475_Ato_109.pdf\" target=\"_blank\" rel=\"noopener\">Resultado Preliminar &#8211; Edital N\u00ba 570\/2025<\/a> (publicado em 11\/04\/2025)<\/span><\/p>\n<p><span style=\"font-family: verdana, geneva, sans-serif; font-size: 12pt;\"><a href=\"https:\/\/www.ufmg.br\/dedd\/wp-content\/uploads\/2025\/04\/SEI_4116776_Portaria_3011.pdf\" target=\"_blank\" rel=\"noopener\">Portaria de Comiss\u00e3o &#8211; Edital N\u00ba 570\/2025<\/a> (publicada em 08\/04\/2025)<\/span><\/p>\n<p><span style=\"font-family: verdana, geneva, sans-serif;\"><a href=\"https:\/\/gpi.caed.ufmg.br\/index.php\/476653?lang=pt-BR\" target=\"_blank\" rel=\"noopener\">Formul\u00e1rio de inscri\u00e7\u00e3o<\/a> (dispon\u00edvel no per\u00edodo de 23\/03\/2025 a 06\/04\/2025)<\/span><\/p>\n<p><span style=\"font-family: verdana, geneva, sans-serif;\"><a href=\"https:\/\/gpi.caed.ufmg.br\/index.php\/539581?lang=pt-BR\" target=\"_blank\" rel=\"noopener\">Impugna\u00e7\u00e3o do edital<\/a> (dispon\u00edvel no per\u00edodo de 19\/03\/2025 a 20\/03\/2025)<\/span><\/p>\n<\/div>\n<div><span style=\"font-family: verdana, geneva, sans-serif; font-size: 12pt;\"><a href=\"https:\/\/www.ufmg.br\/dedd\/wp-content\/uploads\/2025\/03\/SEI_4015680_Edital_570-1.pdf\" target=\"_blank\" rel=\"noopener\">Edital N\u00ba 570\/2025 &#8211; Sele\u00e7\u00e3o de Coordenador de Curso &#8211; Gest\u00e3o Escolar<\/a> (publicado em 18\/03\/2025)<\/span><\/div>\n<div><\/div>\n","protected":false},"excerpt":{"rendered":"<p>Ato n\u00ba 290\/2025 &#8212; Convoca\u00e7\u00e3o de candidato para apresenta\u00e7\u00e3o de [&hellip;]<\/p>\n","protected":false},"author":11,"featured_media":0,"parent":0,"menu_order":0,"comment_status":"closed","ping_status":"closed","template":"","meta":[],"categories":[],"tags":[],"acf":[],"_links":{"self":[{"href":"https:\/\/www.ufmg.br\/dedd\/wp-json\/wp\/v2\/pages\/13109"}],"collection":[{"href":"https:\/\/www.ufmg.br\/dedd\/wp-json\/wp\/v2\/pages"}],"about":[{"href":"https:\/\/www.ufmg.br\/dedd\/wp-json\/wp\/v2\/types\/page"}],"author":[{"embeddable":true,"href":"https:\/\/www.ufmg.br\/dedd\/wp-json\/wp\/v2\/users\/11"}],"replies":[{"embeddable":true,"href":"https:\/\/www.ufmg.br\/dedd\/wp-json\/wp\/v2\/comments?post=13109"}],"version-history":[{"count":15,"href":"https:\/\/www.ufmg.br\/dedd\/wp-json\/wp\/v2\/pages\/13109\/revisions"}],"predecessor-version":[{"id":13398,"href":"https:\/\/www.ufmg.br\/dedd\/wp-json\/wp\/v2\/pages\/13109\/revisions\/13398"}],"wp:attachment":[{"href":"https:\/\/www.ufmg.br\/dedd\/wp-json\/wp\/v2\/media?parent=13109"}],"wp:term":[{"taxonomy":"category","embeddable":true,"href":"https:\/\/www.ufmg.br\/dedd\/wp-json\/wp\/v2\/categories?post=13109"},{"taxonomy":"post_tag","embeddable":true,"href":"https:\/\/www.ufmg.br\/dedd\/wp-json\/wp\/v2\/tags?post=13109"}],"curies":[{"name":"wp","href":"https:\/\/api.w.org\/{rel}","templated":true}]}}