{"id":13317,"date":"2025-04-01T15:42:59","date_gmt":"2025-04-01T18:42:59","guid":{"rendered":"https:\/\/www.ufmg.br\/dedd\/?page_id=13317"},"modified":"2025-05-07T17:24:56","modified_gmt":"2025-05-07T20:24:56","slug":"edital-782-2025","status":"publish","type":"page","link":"https:\/\/www.ufmg.br\/dedd\/edital-782-2025\/","title":{"rendered":"EDITAL N\u00ba 782\/2025 &#8211; 3\u00aa SELE\u00c7\u00c3O &#8211; ASSISTENTE PEDAG\u00d3GICO"},"content":{"rendered":"<p><span style=\"font-family: verdana, geneva, sans-serif;\"><a href=\"https:\/\/www.ufmg.br\/dedd\/wp-content\/uploads\/2025\/05\/SEI_4187850_Ato_137.pdf\" target=\"_blank\" rel=\"noopener\">Edital 782\/2025 &#8211; Ato 137 &#8211; Resultado da An\u00e1lise do Recurso<\/a> (publicado em 07\/05\/2025)\u00a0<\/span><\/p>\n<p><span style=\"font-family: verdana, geneva, sans-serif;\"><a href=\"https:\/\/www.ufmg.br\/dedd\/wp-content\/uploads\/2025\/05\/SEI_4187617_Ato_136.pdf\" target=\"_blank\" rel=\"noopener\">Edital 782\/2025 &#8211; Ato 136 &#8211; Resultado final Definitivo<\/a> (publicado em 07\/05\/2025)\u00a0<\/span><\/p>\n<p><span style=\"font-family: verdana, geneva, sans-serif;\"><a href=\"https:\/\/www.ufmg.br\/dedd\/wp-content\/uploads\/2025\/05\/Edital-782-2025-2a-Retificacao.pdf\">Segunda retifica\u00e7\u00e3o ao edital de sele\u00e7\u00e3o<\/a> (publicada em 06\/05\/2025)\u00a0<\/span><\/p>\n<p><span style=\"font-family: verdana, geneva, sans-serif;\"><a href=\"https:\/\/gpi.caed.ufmg.br\/index.php\/619183?lang=pt-BR\">Formul\u00e1rio para recursos ao recursos ao resultado preliminar<\/a> (dispon\u00edvel no per\u00edodo de 30\/04\/2025 a 04\/05\/2025)<\/span><\/p>\n<p><span style=\"font-family: verdana, geneva, sans-serif;\"><a href=\"https:\/\/www.ufmg.br\/dedd\/wp-content\/uploads\/2025\/04\/Edital-782-2025-Resultado-preliminar.pdf\">Resultado preliminar<\/a> (publicado em 29\/04\/2025)<\/span><\/p>\n<p><span style=\"font-family: verdana, geneva, sans-serif;\"><a href=\"https:\/\/www.ufmg.br\/dedd\/wp-content\/uploads\/2025\/04\/Edital-782-2025-Retificacao-Ato-102.pdf\">Retifica\u00e7\u00e3o ao edital de sele\u00e7\u00e3o<\/a> (publicada em 09\/04\/2025)\u00a0<\/span><\/p>\n<p><span style=\"font-family: verdana, geneva, sans-serif;\"><a href=\"https:\/\/www.ufmg.br\/dedd\/wp-content\/uploads\/2025\/04\/Edital-782-2025-Portaria-de-Comissao.pdf\">Portaria n\u00ba 2976\/2025 &#8212; Portaria de designa\u00e7\u00e3o de membros da comiss\u00e3o respons\u00e1vel pelo processo seletivo<\/a> (publicada em 08\/04\/2025)<\/span><\/p>\n<p><span style=\"font-family: verdana, geneva, sans-serif;\"><a href=\"https:\/\/gpi.caed.ufmg.br\/index.php\/753516?lang=pt-BR\" target=\"_blank\" rel=\"noopener\">Formul\u00e1rio de inscri\u00e7\u00e3o<\/a> (dispon\u00edvel no per\u00edodo de 07\/04\/2025 a 21\/04\/2025)<\/span><\/p>\n<p><span style=\"font-family: verdana, geneva, sans-serif;\"><a href=\"https:\/\/www.ufmg.br\/dedd\/wp-content\/uploads\/2025\/04\/SEI_4071468_Edital_782-2.pdf\" target=\"_blank\" rel=\"noopener\">Edital 782\/2025 &#8211; 3\u00aa Sele\u00e7\u00e3o de Assistente Pedag\u00f3gico<\/a> (publicado em 02\/04\/2025)<\/span><\/p>\n","protected":false},"excerpt":{"rendered":"<p>Edital 782\/2025 &#8211; Ato 137 &#8211; Resultado da An\u00e1lise do [&hellip;]<\/p>\n","protected":false},"author":11,"featured_media":0,"parent":0,"menu_order":0,"comment_status":"closed","ping_status":"closed","template":"","meta":[],"categories":[],"tags":[],"acf":[],"_links":{"self":[{"href":"https:\/\/www.ufmg.br\/dedd\/wp-json\/wp\/v2\/pages\/13317"}],"collection":[{"href":"https:\/\/www.ufmg.br\/dedd\/wp-json\/wp\/v2\/pages"}],"about":[{"href":"https:\/\/www.ufmg.br\/dedd\/wp-json\/wp\/v2\/types\/page"}],"author":[{"embeddable":true,"href":"https:\/\/www.ufmg.br\/dedd\/wp-json\/wp\/v2\/users\/11"}],"replies":[{"embeddable":true,"href":"https:\/\/www.ufmg.br\/dedd\/wp-json\/wp\/v2\/comments?post=13317"}],"version-history":[{"count":17,"href":"https:\/\/www.ufmg.br\/dedd\/wp-json\/wp\/v2\/pages\/13317\/revisions"}],"predecessor-version":[{"id":13494,"href":"https:\/\/www.ufmg.br\/dedd\/wp-json\/wp\/v2\/pages\/13317\/revisions\/13494"}],"wp:attachment":[{"href":"https:\/\/www.ufmg.br\/dedd\/wp-json\/wp\/v2\/media?parent=13317"}],"wp:term":[{"taxonomy":"category","embeddable":true,"href":"https:\/\/www.ufmg.br\/dedd\/wp-json\/wp\/v2\/categories?post=13317"},{"taxonomy":"post_tag","embeddable":true,"href":"https:\/\/www.ufmg.br\/dedd\/wp-json\/wp\/v2\/tags?post=13317"}],"curies":[{"name":"wp","href":"https:\/\/api.w.org\/{rel}","templated":true}]}}