{"id":13602,"date":"2025-06-17T12:08:33","date_gmt":"2025-06-17T15:08:33","guid":{"rendered":"https:\/\/www.ufmg.br\/dedd\/?page_id=13602"},"modified":"2025-06-26T14:08:39","modified_gmt":"2025-06-26T17:08:39","slug":"cursos-de-extensao-em-educacao-digital","status":"publish","type":"page","link":"https:\/\/www.ufmg.br\/dedd\/cursos-de-extensao-em-educacao-digital\/","title":{"rendered":"Cursos de extens\u00e3o em Educa\u00e7\u00e3o Digital"},"content":{"rendered":"<p>A DEDD\/UFMG oferta cursos de extens\u00e3o com no\u00e7\u00f5es b\u00e1sicas sobre temas ligados \u00e0 educa\u00e7\u00e3o digital, em resposta \u00e0 demanda da comunidade acad\u00eamica e do p\u00fablico externo por capacita\u00e7\u00f5es sobre as novas tecnologias aplicadas ao processo de ensino-aprendizagem.<\/p>\n<p>As chamadas, que costumam ser semestrais, s\u00e3o regidas por editais pr\u00f3prios, e as vagas preenchidas por ordem de inscri\u00e7\u00e3o.<\/p>\n<p>Para saber se h\u00e1 sele\u00e7\u00f5es abertas, acesse o menu\u00a0<a href=\"https:\/\/www.ufmg.br\/dedd\/editais\/\">Processos Seletivos (Editais)<\/a>.<\/p>\n<style>#sp-ea-13603 .spcollapsing { height: 0; overflow: hidden; transition-property: height;transition-duration: 300ms;}#sp-ea-13603.sp-easy-accordion>.sp-ea-single {border: 1px solid #e2e2e2; }#sp-ea-13603.sp-easy-accordion>.sp-ea-single>.ea-header a {color: #444;}#sp-ea-13603.sp-easy-accordion>.sp-ea-single>.sp-collapse>.ea-body {background: #fff; color: #444;}#sp-ea-13603.sp-easy-accordion>.sp-ea-single {background: #eee;}#sp-ea-13603.sp-easy-accordion>.sp-ea-single>.ea-header a .ea-expand-icon.fa { float: left; color: #444;font-size: 16px;}<\/style><div id=\"sp-ea-13603\" class=\"sp-ea-one sp-easy-accordion\" data-ex-icon=\"fa-minus\" data-col-icon=\"fa-plus\"  data-ea-active=\"ea-click\"  data-ea-mode=\"vertical\" data-preloader=\"\" data-scroll-active-item=\"\" data-offset-to-scroll=\"0\"><div class=\"ea-card ea-expand sp-ea-single\"><h3 class=\"ea-header\"><a class=\"collapsed\" data-sptoggle=\"spcollapse\" data-sptarget=#collapse136030 href=\"javascript:void(0)\"  aria-expanded=\"true\"><i class=\"ea-expand-icon fa fa-minus\"><\/i> Intelig\u00eancia Artificial no Ensino: Ferramentas e Estrat\u00e9gias para Professores <\/a><\/h3><div class=\"sp-collapse spcollapse collapsed show\" id=\"collapse136030\" data-parent=#sp-ea-13603><div class=\"ea-body\"><p>O curso \"Intelig\u00eancia Artificial no Ensino: Ferramentas e Estrat\u00e9gias para Professores\" abordar\u00e1 os principais conceitos, aplica\u00e7\u00f5es e reflex\u00f5es sobre o uso da Intelig\u00eancia Artificial (IA) no contexto educacional. O conte\u00fado ser\u00e1 organizado em cinco m\u00f3dulos tem\u00e1ticos, com li\u00e7\u00f5es te\u00f3ricas, atividades pr\u00e1ticas e recursos interativos para facilitar a compreens\u00e3o e estimular reflex\u00f5es cr\u00edticas sobre a presen\u00e7a da IA na educa\u00e7\u00e3o:<\/p>\n<p><span style=\"text-decoration: underline;\">1. Fundamentos de Intelig\u00eancia Artificial: c<\/span>onceitos b\u00e1sicos, hist\u00f3rico, principais \u00e1reas (Machine Learning, Deep Learning, Vis\u00e3o Computacional, PLN) e aplica\u00e7\u00f5es iniciais na educa\u00e7\u00e3o.<\/p>\n<p><span style=\"text-decoration: underline;\">2. Desafios \u00c9ticos e Pr\u00e1ticas Respons\u00e1veis:<\/span> quest\u00f5es \u00e9ticas, deepfakes, desigualdade no acesso, regula\u00e7\u00e3o, pol\u00edticas p\u00fablicas e uso consciente da IA no contexto educacional.<\/p>\n<p><span style=\"text-decoration: underline;\">3. Chatbots, Redes Neurais Generativas e Cria\u00e7\u00e3o de Prompts Inteligentes:<\/span> explora\u00e7\u00e3o de ferramentas como ChatGPT e Copilot, conceitos de interatividade e estrat\u00e9gias para cria\u00e7\u00e3o de prompts eficazes.<\/p>\n<p><span style=\"text-decoration: underline;\">4. Ferramentas de IA na Sala de Aula:<\/span> aplica\u00e7\u00f5es pr\u00e1ticas da IA em contextos pedag\u00f3gicos, como automatiza\u00e7\u00e3o de tarefas, apoio \u00e0 doc\u00eancia e integra\u00e7\u00e3o com pr\u00e1ticas de Educomunica\u00e7\u00e3o.<\/p>\n<p><span style=\"text-decoration: underline;\">5. Desenvolvendo Projetos Inovadores com IA:<\/span> cria\u00e7\u00e3o de projetos educacionais utilizando IA, com foco em metodologias ativas e inova\u00e7\u00e3o pedag\u00f3gica.<\/p>\n<p><strong>Carga hor\u00e1ria:\u00a0<\/strong>30 horas<\/p>\n<p><strong>Prazo para conclus\u00e3o:\u00a0<\/strong>at\u00e9 60 dias contados a partir da matr\u00edcula.<\/p>\n<p><strong>Avalia\u00e7\u00e3o e aprova\u00e7\u00e3o<\/strong>: ao final de cada unidade, h\u00e1 um question\u00e1rio avaliativo com perguntas de m\u00faltipla escolha, cujo objetivo \u00e9 refor\u00e7ar os principais pontos abordados. Para ser aprovado, o cursista dever\u00e1 alcan\u00e7ar aproveitamento m\u00ednimo de 60% no somat\u00f3rio dos question\u00e1rios avaliativos ao longo do curso. O certificado ser\u00e1 emitido automaticamente ap\u00f3s a finaliza\u00e7\u00e3o de todas as atividades e o cumprimento dos crit\u00e9rios de avalia\u00e7\u00e3o.<\/p>\n<p>Conhe\u00e7a melhor a proposta do curso assistindo ao v\u00eddeo de apresenta\u00e7\u00e3o abaixo.<\/p>\n<div class=\"arve\" data-mode=\"normal\" data-oembed=\"1\" data-provider=\"youtube\" id=\"arve-youtube-f50dkp_an9069e3e92b44b06288564105\" style=\"max-width:900px;\">\n<span class=\"arve-inner\"><br \/>\n<span class=\"arve-embed arve-embed--has-aspect-ratio\" style=\"aspect-ratio: 500 \/ 281\"><br \/>\n<span class=\"arve-ar\" style=\"padding-top:56.200000%\"><\/span><iframe allow=\"accelerometer; autoplay; clipboard-write; encrypted-media; gyroscope; picture-in-picture\" allowfullscreen class=\"arve-iframe fitvidsignore\" data-arve=\"arve-youtube-f50dkp_an9069e3e92b44b06288564105\" data-src-no-ap=\"https:\/\/www.youtube-nocookie.com\/embed\/F50dKP_AN90?feature=oembed&amp;iv_load_policy=3&amp;modestbranding=1&amp;rel=0&amp;autohide=1&amp;playsinline=0&amp;autoplay=0\" frameborder=\"0\" height=\"505.8\" sandbox=\"allow-scripts allow-same-origin allow-presentation allow-popups allow-popups-to-escape-sandbox\" scrolling=\"no\" src=\"https:\/\/www.youtube-nocookie.com\/embed\/F50dKP_AN90?feature=oembed&#038;iv_load_policy=3&#038;modestbranding=1&#038;rel=0&#038;autohide=1&#038;playsinline=0&#038;autoplay=0\" width=\"900\"><\/iframe><\/p>\n<p><\/span><\/p>\n<p><\/span><br \/>\n<script type=\"application\/ld+json\">{\"@context\":\"http:\\\/\\\/schema.org\\\/\",\"@id\":\"https:\\\/\\\/www.ufmg.br\\\/dedd\\\/cursos-de-extensao-em-educacao-digital\\\/#arve-youtube-f50dkp_an9069e3e92b44b06288564105\",\"type\":\"VideoObject\",\"embedURL\":\"https:\\\/\\\/www.youtube-nocookie.com\\\/embed\\\/F50dKP_AN90?feature=oembed&iv_load_policy=3&modestbranding=1&rel=0&autohide=1&playsinline=0&autoplay=0\"}<\/script>\n<\/div>\n<p>&nbsp;<\/p>\n<p>&nbsp;<\/p>\n<\/div><\/div><\/div><div class=\"ea-card  sp-ea-single\"><h3 class=\"ea-header\"><a class=\"collapsed\" data-sptoggle=\"spcollapse\" data-sptarget=#collapse136031 href=\"javascript:void(0)\"  aria-expanded=\"false\"><i class=\"ea-expand-icon fa fa-plus\"><\/i> Letramento Digital <\/a><\/h3><div class=\"sp-collapse spcollapse \" id=\"collapse136031\" data-parent=#sp-ea-13603><div class=\"ea-body\"><p>O curso \u201cLetramento Digital\u201d abordar\u00e1 o conceito de letramento e letramentos m\u00faltiplos, com foco especial nos ambientes digitais, para apoiar professores e estudantes de todas as \u00e1reas da educa\u00e7\u00e3o, desde a educa\u00e7\u00e3o infantil at\u00e9 o ensino superior, a navegar, interagir e ensinar no mundo digital com confian\u00e7a. A forma\u00e7\u00e3o tem tamb\u00e9m o objetivo auxiliar os docentes para auxiliar seus alunos a se tornarem cidad\u00e3os digitais conscientes.<\/p>\n<p>O conte\u00fado ser\u00e1 dividido em quatro unidades tem\u00e1ticas, com li\u00e7\u00f5es te\u00f3ricas, atividades pr\u00e1ticas e recursos interativos para facilitar a compreens\u00e3o dos principais conceitos trabalhados.<\/p>\n<p>1. <span style=\"text-decoration: underline;\">Fundamentos do Letramento e Letramentos M\u00faltiplos:<\/span> diferentes formas de letramento se conectam e influenciam nossa compreens\u00e3o do mundo digital.<br \/>\n2. <span style=\"text-decoration: underline;\">O Digital e a Sociedade Contempor\u00e2nea:<\/span>\u00a0 modos como a tecnologia transforma nossa vida, cultura e educa\u00e7\u00e3o.<br \/>\n3. <span style=\"text-decoration: underline;\">Leitura, Consumo e Produ\u00e7\u00e3o Cr\u00edtica de G\u00eaneros Digitais<\/span>: avalia\u00e7\u00e3o e produ\u00e7\u00e3o de conte\u00fados digitais de forma cr\u00edtica.<br \/>\n4. <span style=\"text-decoration: underline;\">Letramentos Digitais na Educa\u00e7\u00e3o<\/span>: aplica\u00e7\u00e3o dessas pr\u00e1ticas no ensino e produzir conte\u00fado de maneira \u00e9tica e inovadora.<\/p>\n<p><strong>Carga hor\u00e1ria:\u00a0<\/strong>30 horas<\/p>\n<p><strong>Prazo para conclus\u00e3o:\u00a0<\/strong>at\u00e9 60 dias contados a partir da matr\u00edcula.<\/p>\n<p><strong>Avalia\u00e7\u00e3o e aprova\u00e7\u00e3o<\/strong>: ao final de cada unidade, h\u00e1 um question\u00e1rio avaliativo com perguntas de m\u00faltipla escolha, cujo objetivo \u00e9 refor\u00e7ar os principais pontos abordados. Para ser aprovado, o cursista dever\u00e1 alcan\u00e7ar aproveitamento m\u00ednimo de 60% no somat\u00f3rio dos question\u00e1rios avaliativos ao longo do curso. O certificado ser\u00e1 emitido automaticamente ap\u00f3s a finaliza\u00e7\u00e3o de todas as atividades e o cumprimento dos crit\u00e9rios de avalia\u00e7\u00e3o.<\/p>\n<p>Conhe\u00e7a melhor a proposta do curso assistindo ao v\u00eddeo de apresenta\u00e7\u00e3o abaixo.<\/p>\n<div class=\"arve\" data-mode=\"normal\" data-oembed=\"1\" data-provider=\"youtube\" id=\"arve-youtube-xyvnnlo6vvo69e3e92b47532916261256\" style=\"max-width:900px;\">\n<span class=\"arve-inner\"><br \/>\n<span class=\"arve-embed arve-embed--has-aspect-ratio\" style=\"aspect-ratio: 500 \/ 281\"><br \/>\n<span class=\"arve-ar\" style=\"padding-top:56.200000%\"><\/span><iframe allow=\"accelerometer; autoplay; clipboard-write; encrypted-media; gyroscope; picture-in-picture\" allowfullscreen class=\"arve-iframe fitvidsignore\" data-arve=\"arve-youtube-xyvnnlo6vvo69e3e92b47532916261256\" data-src-no-ap=\"https:\/\/www.youtube-nocookie.com\/embed\/XyVNNlO6Vvo?feature=oembed&amp;iv_load_policy=3&amp;modestbranding=1&amp;rel=0&amp;autohide=1&amp;playsinline=0&amp;autoplay=0\" frameborder=\"0\" height=\"505.8\" sandbox=\"allow-scripts allow-same-origin allow-presentation allow-popups allow-popups-to-escape-sandbox\" scrolling=\"no\" src=\"https:\/\/www.youtube-nocookie.com\/embed\/XyVNNlO6Vvo?feature=oembed&#038;iv_load_policy=3&#038;modestbranding=1&#038;rel=0&#038;autohide=1&#038;playsinline=0&#038;autoplay=0\" width=\"900\"><\/iframe><\/p>\n<p><\/span><\/p>\n<p><\/span><br \/>\n<script type=\"application\/ld+json\">{\"@context\":\"http:\\\/\\\/schema.org\\\/\",\"@id\":\"https:\\\/\\\/www.ufmg.br\\\/dedd\\\/cursos-de-extensao-em-educacao-digital\\\/#arve-youtube-xyvnnlo6vvo69e3e92b47532916261256\",\"type\":\"VideoObject\",\"embedURL\":\"https:\\\/\\\/www.youtube-nocookie.com\\\/embed\\\/XyVNNlO6Vvo?feature=oembed&iv_load_policy=3&modestbranding=1&rel=0&autohide=1&playsinline=0&autoplay=0\"}<\/script>\n<\/div>\n<p>&nbsp;<\/p>\n<\/div><\/div><\/div><div class=\"ea-card  sp-ea-single\"><h3 class=\"ea-header\"><a class=\"collapsed\" data-sptoggle=\"spcollapse\" data-sptarget=#collapse136032 href=\"javascript:void(0)\"  aria-expanded=\"false\"><i class=\"ea-expand-icon fa fa-plus\"><\/i> Cidadania Digital: Desenvolvimento de Comportamentos Respons\u00e1veis e \u00c9ticos no Ambiente Digital<\/a><\/h3><div class=\"sp-collapse spcollapse \" id=\"collapse136032\" data-parent=#sp-ea-13603><div class=\"ea-body\"><p>O curso \u201cCidadania Digital: Desenvolvimento de Comportamentos Respons\u00e1veis e \u00c9ticos no Ambiente Digital\u201d tem o objetivo de capacitar os cursistas para compreender e aplicar os princ\u00edpios da cidadania digital e a agir com \u00e9tica, seguran\u00e7a e responsabilidade no mundo online, promovendo um espa\u00e7o mais seguro, inclusivo e democr\u00e1tico para todos.<\/p>\n<p>O conte\u00fado ser\u00e1 distribu\u00eddo em quatro unidades, que incluem no\u00e7\u00f5es te\u00f3ricas, atividades pr\u00e1ticas e recursos interativos para facilitar a compreens\u00e3o dos principais conceitos trabalhados.<\/p>\n<ol>\n<li><span style=\"text-decoration: underline;\">Os fundamentos da cidadania digital e seu impacto na sociedade;<\/span><\/li>\n<li><span style=\"text-decoration: underline;\">Privacidade, seguran\u00e7a e estrat\u00e9gias para prevenir e combater a viol\u00eancia online;<\/span><\/li>\n<li><span style=\"text-decoration: underline;\">O direito \u00e0 informa\u00e7\u00e3o e a import\u00e2ncia do combate \u00e0s fake news;<\/span><\/li>\n<li><span style=\"text-decoration: underline;\">Inclus\u00e3o digital, participa\u00e7\u00e3o cidad\u00e3 e fortalecimento da democracia por meio das tecnologias digitais.<\/span><\/li>\n<\/ol>\n<p>&nbsp;<\/p>\n<p><strong>Carga hor\u00e1ria:\u00a0<\/strong>30 horas<\/p>\n<p><strong>Prazo para conclus\u00e3o:\u00a0<\/strong>at\u00e9 60 dias contados a partir da matr\u00edcula.<\/p>\n<p><strong>Avalia\u00e7\u00e3o e aprova\u00e7\u00e3o<\/strong>: ao final de cada unidade, h\u00e1 um question\u00e1rio avaliativo com perguntas de m\u00faltipla escolha, cujo objetivo \u00e9 refor\u00e7ar os principais pontos abordados. Para ser aprovado, o cursista dever\u00e1 alcan\u00e7ar aproveitamento m\u00ednimo de 60% no somat\u00f3rio dos question\u00e1rios avaliativos ao longo do curso. O certificado ser\u00e1 emitido automaticamente ap\u00f3s a finaliza\u00e7\u00e3o de todas as atividades e o cumprimento dos crit\u00e9rios de avalia\u00e7\u00e3o.<\/p>\n<p>Conhe\u00e7a melhor a proposta do curso assistindo ao v\u00eddeo de apresenta\u00e7\u00e3o abaixo.<\/p>\n<div class=\"arve\" data-mode=\"normal\" data-oembed=\"1\" data-provider=\"youtube\" id=\"arve-youtube-jymmcuuupkq69e3e92b491ca656518473\" style=\"max-width:900px;\">\n<span class=\"arve-inner\"><br \/>\n<span class=\"arve-embed arve-embed--has-aspect-ratio\" style=\"aspect-ratio: 500 \/ 281\"><br \/>\n<span class=\"arve-ar\" style=\"padding-top:56.200000%\"><\/span><iframe allow=\"accelerometer; autoplay; clipboard-write; encrypted-media; gyroscope; picture-in-picture\" allowfullscreen class=\"arve-iframe fitvidsignore\" data-arve=\"arve-youtube-jymmcuuupkq69e3e92b491ca656518473\" data-src-no-ap=\"https:\/\/www.youtube-nocookie.com\/embed\/jYMmcuuupkQ?feature=oembed&amp;iv_load_policy=3&amp;modestbranding=1&amp;rel=0&amp;autohide=1&amp;playsinline=0&amp;autoplay=0\" frameborder=\"0\" height=\"505.8\" sandbox=\"allow-scripts allow-same-origin allow-presentation allow-popups allow-popups-to-escape-sandbox\" scrolling=\"no\" src=\"https:\/\/www.youtube-nocookie.com\/embed\/jYMmcuuupkQ?feature=oembed&#038;iv_load_policy=3&#038;modestbranding=1&#038;rel=0&#038;autohide=1&#038;playsinline=0&#038;autoplay=0\" width=\"900\"><\/iframe><\/p>\n<p><\/span><\/p>\n<p><\/span><br \/>\n<script type=\"application\/ld+json\">{\"@context\":\"http:\\\/\\\/schema.org\\\/\",\"@id\":\"https:\\\/\\\/www.ufmg.br\\\/dedd\\\/cursos-de-extensao-em-educacao-digital\\\/#arve-youtube-jymmcuuupkq69e3e92b491ca656518473\",\"type\":\"VideoObject\",\"embedURL\":\"https:\\\/\\\/www.youtube-nocookie.com\\\/embed\\\/jYMmcuuupkQ?feature=oembed&iv_load_policy=3&modestbranding=1&rel=0&autohide=1&playsinline=0&autoplay=0\"}<\/script>\n<\/div>\n<\/div><\/div><\/div><div class=\"ea-card  sp-ea-single\"><h3 class=\"ea-header\"><a class=\"collapsed\" data-sptoggle=\"spcollapse\" data-sptarget=#collapse136033 href=\"javascript:void(0)\"  aria-expanded=\"false\"><i class=\"ea-expand-icon fa fa-plus\"><\/i> Fundamentos da Educa\u00e7\u00e3o Digital<\/a><\/h3><div class=\"sp-collapse spcollapse \" id=\"collapse136033\" data-parent=#sp-ea-13603><div class=\"ea-body\"><p>O curso \u201cFundamentos da Educa\u00e7\u00e3o Digital\u201d tem o prop\u00f3sito de capacitar os professores e alunos para dominar as habilidades necess\u00e1rias para explorar, ao m\u00e1ximo, o potencial das ferramentas digitais no processo de ensino e aprendizagem.<\/p>\n<p>Ao final da forma\u00e7\u00e3o, o cursista dever\u00e1 ser capaz de definir os fundamentos da educa\u00e7\u00e3o digital, de analisar o contexto hist\u00f3rico e as pol\u00edticas p\u00fablicas de inclus\u00e3o digital no Brasil, de identificar os desafios e as potencialidades das tecnologias digitais na educa\u00e7\u00e3o e de atuar como agente de mudan\u00e7a na implementa\u00e7\u00e3o de pr\u00e1ticas pedag\u00f3gicas inovadoras.<\/p>\n<p>O conte\u00fado do curso \u00e9 organizado em cinco unidades, com a apresenta\u00e7\u00e3o de no\u00e7\u00f5es te\u00f3ricas e question\u00e1rios avaliativos para fixa\u00e7\u00e3o dos conceitos trabalhados.<\/p>\n<p><span style=\"text-decoration: underline;\">1. A educa\u00e7\u00e3o digital em perspectiva:<\/span> seus fundamentos e conceitos principais.<br \/>\n<span style=\"text-decoration: underline;\">2. Uma jornada hist\u00f3rica da educa\u00e7\u00e3o digital no Brasil:<\/span> pol\u00edticas e avan\u00e7os ao longo do tempo.<br \/>\n<span style=\"text-decoration: underline;\">3. O marco legal da educa\u00e7\u00e3o digital:<\/span> entendendo a Pol\u00edtica Nacional de Educa\u00e7\u00e3o Digital (PNED).<br \/>\n<span style=\"text-decoration: underline;\">4. A educa\u00e7\u00e3o digital escolar:<\/span> pr\u00e1ticas e estrat\u00e9gias para o dia a dia nas escolas.<br \/>\n<span style=\"text-decoration: underline;\">5. O papel dos sujeitos na educa\u00e7\u00e3o digital:<\/span> professores, alunos e gestores como agentes de transforma\u00e7\u00e3o.<\/p>\n<p><strong>Carga hor\u00e1ria:\u00a0<\/strong>30 horas<\/p>\n<p><strong>Prazo para conclus\u00e3o:\u00a0<\/strong>at\u00e9 60 dias contados a partir da matr\u00edcula.<\/p>\n<p><strong>Avalia\u00e7\u00e3o e aprova\u00e7\u00e3o<\/strong>: ao final de cada unidade, h\u00e1 um question\u00e1rio avaliativo com perguntas de m\u00faltipla escolha, cujo objetivo \u00e9 refor\u00e7ar os principais pontos abordados. Para ser aprovado, o cursista dever\u00e1 alcan\u00e7ar aproveitamento m\u00ednimo de 60% no somat\u00f3rio dos question\u00e1rios avaliativos ao longo do curso. O certificado ser\u00e1 emitido automaticamente ap\u00f3s a finaliza\u00e7\u00e3o de todas as atividades e o cumprimento dos crit\u00e9rios de avalia\u00e7\u00e3o.<\/p>\n<p>Conhe\u00e7a melhor a proposta do curso assistindo ao v\u00eddeo de apresenta\u00e7\u00e3o abaixo.<\/p>\n<p>&nbsp;<\/p>\n<p>&nbsp;<\/p>\n<p style=\"text-align: center;\"><iframe title=\"YouTube video player\" src=\"https:\/\/www.youtube.com\/embed\/nogj9vw3ozo?si=mjhKsqHuJ7umqNWf\" width=\"560\" height=\"315\" frameborder=\"0\" allowfullscreen=\"allowfullscreen\"><\/iframe><\/p>\n<\/div><\/div><\/div><\/div>\n","protected":false},"excerpt":{"rendered":"<p>A DEDD\/UFMG oferta cursos de extens\u00e3o com no\u00e7\u00f5es b\u00e1sicas sobre [&hellip;]<\/p>\n","protected":false},"author":5,"featured_media":0,"parent":0,"menu_order":0,"comment_status":"closed","ping_status":"closed","template":"","meta":[],"categories":[],"tags":[],"acf":[],"_links":{"self":[{"href":"https:\/\/www.ufmg.br\/dedd\/wp-json\/wp\/v2\/pages\/13602"}],"collection":[{"href":"https:\/\/www.ufmg.br\/dedd\/wp-json\/wp\/v2\/pages"}],"about":[{"href":"https:\/\/www.ufmg.br\/dedd\/wp-json\/wp\/v2\/types\/page"}],"author":[{"embeddable":true,"href":"https:\/\/www.ufmg.br\/dedd\/wp-json\/wp\/v2\/users\/5"}],"replies":[{"embeddable":true,"href":"https:\/\/www.ufmg.br\/dedd\/wp-json\/wp\/v2\/comments?post=13602"}],"version-history":[{"count":3,"href":"https:\/\/www.ufmg.br\/dedd\/wp-json\/wp\/v2\/pages\/13602\/revisions"}],"predecessor-version":[{"id":13657,"href":"https:\/\/www.ufmg.br\/dedd\/wp-json\/wp\/v2\/pages\/13602\/revisions\/13657"}],"wp:attachment":[{"href":"https:\/\/www.ufmg.br\/dedd\/wp-json\/wp\/v2\/media?parent=13602"}],"wp:term":[{"taxonomy":"category","embeddable":true,"href":"https:\/\/www.ufmg.br\/dedd\/wp-json\/wp\/v2\/categories?post=13602"},{"taxonomy":"post_tag","embeddable":true,"href":"https:\/\/www.ufmg.br\/dedd\/wp-json\/wp\/v2\/tags?post=13602"}],"curies":[{"name":"wp","href":"https:\/\/api.w.org\/{rel}","templated":true}]}}