{"id":13654,"date":"2025-06-26T11:45:13","date_gmt":"2025-06-26T14:45:13","guid":{"rendered":"https:\/\/www.ufmg.br\/dedd\/?page_id=13654"},"modified":"2025-07-31T08:47:23","modified_gmt":"2025-07-31T11:47:23","slug":"edital-1618-2025","status":"publish","type":"page","link":"https:\/\/www.ufmg.br\/dedd\/edital-1618-2025\/","title":{"rendered":"Edital 1.618\/2025 &#8212; Sele\u00e7\u00e3o para alunos dos cursos de extens\u00e3o em Educa\u00e7\u00e3o Digital da DEDD"},"content":{"rendered":"<p><span style=\"font-family: verdana, geneva, sans-serif;\"><a href=\"https:\/\/www.ufmg.br\/dedd\/wp-content\/uploads\/2025\/07\/Edital-1618-2025-Resultado-Final-Orientacoes-aos-selecionados.pdf\">Resultado final &#8212; orienta\u00e7\u00f5es aos selecionados<\/a> (publicadas em 31\/07\/2025)<\/span><\/p>\n<p><span style=\"font-family: verdana, geneva, sans-serif;\"><a href=\"https:\/\/www.ufmg.br\/dedd\/wp-content\/uploads\/2025\/07\/Edital-1618-2025-Resultado-Final-Candidatos-Selecionados.pdf\">Resultado final &#8212; Anexo I &#8212; rela\u00e7\u00e3o de candidatos selecionados<\/a> (publicado em 31\/07\/2025)<\/span><\/p>\n<p><span style=\"font-family: verdana, geneva, sans-serif;\"><a href=\"https:\/\/www.ufmg.br\/dedd\/wp-content\/uploads\/2025\/07\/Edital-1618-2025-Resultado-Final-Candidatos-Excedentes.pdf\">Resultado final &#8212; Anexo II &#8212; rela\u00e7\u00e3o de candidatos excedentes<\/a> (publicado em 31\/07\/2025)<\/span><\/p>\n<p><span style=\"font-family: verdana, geneva, sans-serif;\"><a href=\"https:\/\/www.ufmg.br\/dedd\/wp-content\/uploads\/2025\/07\/Edital-1618-2025-Resultado-preliminar.pdf\">Resultado preliminar &#8212; orienta\u00e7\u00f5es<\/a> (publicadas em 22\/07\/2025)\u00a0<\/span><\/p>\n<p><span style=\"font-family: verdana, geneva, sans-serif;\"><a href=\"https:\/\/www.ufmg.br\/dedd\/wp-content\/uploads\/2025\/07\/Edital-1618-2025-Anexo-II-Candidatos-Excedentes.pdf\">Resultado preliminar &#8212; Anexo I &#8212; rela\u00e7\u00e3o de candidatos excedentes<\/a> (publicado em 22\/07\/2025)\u00a0<\/span><\/p>\n<p><span style=\"font-family: verdana, geneva, sans-serif;\"><a href=\"https:\/\/www.ufmg.br\/dedd\/wp-content\/uploads\/2025\/07\/Edital-1618-2025-Anexo-I-Candidatos-Selecionados.pdf\">Resultado preliminar &#8212; Anexo II &#8212; rela\u00e7\u00e3o de candidatos selecionados<\/a> (publicado em 22\/07\/2025)\u00a0<\/span><\/p>\n<p><span style=\"font-family: verdana, geneva, sans-serif;\"><a href=\"https:\/\/www.ufmg.br\/dedd\/wp-content\/uploads\/2025\/06\/Edital-1618-2025-Edital-cursos-de-extensao-em-Educacao-Digital.pdf\" target=\"_blank\" rel=\"noopener\">Edital 1.618\/2025 &#8212; Sele\u00e7\u00e3o para alunos dos cursos de extens\u00e3o em Educa\u00e7\u00e3o Digital da DEDD<\/a> (publicado em 26\/06\/2025)<\/span><\/p>\n<p><span style=\"font-family: verdana, geneva, sans-serif;\"><a href=\"https:\/\/gpi.caed.ufmg.br\/index.php\/897183?lang=pt-BR\">Formul\u00e1rio para inscri\u00e7\u00f5e<\/a>s (dispon\u00edvel das 9h do dia 14\/7 at\u00e9 as 17h do dia 18\/7\/2025)<\/span><\/p>\n<p><span style=\"font-family: verdana, geneva, sans-serif;\">Para saber mais sobre os cursos, acesse a p\u00e1gina <a href=\"https:\/\/www.ufmg.br\/dedd\/cursos-de-extensao-em-educacao-digital\/\">&#8220;Cursos de extens\u00e3o em Educa\u00e7\u00e3o Digital&#8221;<\/a><\/span><\/p>\n<p>&nbsp;<\/p>\n<p>&nbsp;<\/p>\n","protected":false},"excerpt":{"rendered":"<p>Resultado final &#8212; orienta\u00e7\u00f5es aos selecionados (publicadas em 31\/07\/2025) Resultado [&hellip;]<\/p>\n","protected":false},"author":5,"featured_media":0,"parent":0,"menu_order":0,"comment_status":"closed","ping_status":"closed","template":"","meta":[],"categories":[],"tags":[],"acf":[],"_links":{"self":[{"href":"https:\/\/www.ufmg.br\/dedd\/wp-json\/wp\/v2\/pages\/13654"}],"collection":[{"href":"https:\/\/www.ufmg.br\/dedd\/wp-json\/wp\/v2\/pages"}],"about":[{"href":"https:\/\/www.ufmg.br\/dedd\/wp-json\/wp\/v2\/types\/page"}],"author":[{"embeddable":true,"href":"https:\/\/www.ufmg.br\/dedd\/wp-json\/wp\/v2\/users\/5"}],"replies":[{"embeddable":true,"href":"https:\/\/www.ufmg.br\/dedd\/wp-json\/wp\/v2\/comments?post=13654"}],"version-history":[{"count":14,"href":"https:\/\/www.ufmg.br\/dedd\/wp-json\/wp\/v2\/pages\/13654\/revisions"}],"predecessor-version":[{"id":13912,"href":"https:\/\/www.ufmg.br\/dedd\/wp-json\/wp\/v2\/pages\/13654\/revisions\/13912"}],"wp:attachment":[{"href":"https:\/\/www.ufmg.br\/dedd\/wp-json\/wp\/v2\/media?parent=13654"}],"wp:term":[{"taxonomy":"category","embeddable":true,"href":"https:\/\/www.ufmg.br\/dedd\/wp-json\/wp\/v2\/categories?post=13654"},{"taxonomy":"post_tag","embeddable":true,"href":"https:\/\/www.ufmg.br\/dedd\/wp-json\/wp\/v2\/tags?post=13654"}],"curies":[{"name":"wp","href":"https:\/\/api.w.org\/{rel}","templated":true}]}}