{"id":15015,"date":"2026-04-24T14:32:05","date_gmt":"2026-04-24T17:32:05","guid":{"rendered":"https:\/\/www.ufmg.br\/dedd\/?page_id=15015"},"modified":"2026-05-08T12:03:30","modified_gmt":"2026-05-08T15:03:30","slug":"edital-992-2026","status":"publish","type":"page","link":"https:\/\/www.ufmg.br\/dedd\/edital-992-2026\/","title":{"rendered":"EDITAL N\u00ba 992\/2026 &#8211; PROCESSO SELETIVO SIMPLIFICADO &#8211; DESIGNER GR\u00c1FICO &#8211; FUNDEP"},"content":{"rendered":"<p><span style=\"font-family: verdana, geneva, sans-serif;\"><a href=\"https:\/\/www.ufmg.br\/dedd\/wp-content\/uploads\/2026\/05\/SEI_5159967_Ato_67.pdf\" target=\"_blank\" rel=\"noopener\">Resultado da Etapa I e Convoca\u00e7\u00e3o para Entrevista<\/a> (publicado em 08\/05\/2026)<\/span><\/p>\n<p><span style=\"font-family: verdana, geneva, sans-serif;\"><a href=\"https:\/\/www.ufmg.br\/dedd\/wp-content\/uploads\/2026\/05\/SEI_5152555_Ato_65.pdf\">ATO N\u00ba 65 &#8211; \u00a0Resultado Preliminar da Etapa I<\/a> (publicado em 05\/05\/2026)<\/span><\/p>\n<p><span style=\"font-family: verdana, geneva, sans-serif;\"><a href=\"https:\/\/www.ufmg.br\/dedd\/wp-content\/uploads\/2026\/04\/SEI_5128383_Portaria_3871.pdf\" target=\"_blank\" rel=\"noopener\">Portaria n.\u00ba 3871\/2026 &#8211; Designa membros integrantes da comiss\u00e3o examinadora do processo seletivo<\/a> (publicada em 27\/04\/2026)<\/span><\/p>\n<p><span style=\"font-family: verdana, geneva, sans-serif;\"><a href=\"https:\/\/gpi.caed.ufmg.br\/index.php\/889619?lang=pt-BR\" target=\"_blank\" rel=\"noopener\">Formul\u00e1rio para recursos ao resultado preliminar<\/a> (dispon\u00edvel no per\u00edodo de 12\/05\/2026 at\u00e9 as 23:59h do dia 13\/05\/2026)<\/span><\/p>\n<p><span style=\"font-family: verdana, geneva, sans-serif;\"><a href=\"https:\/\/gpi.caed.ufmg.br\/index.php\/714542?lang=pt-BR\" target=\"_blank\" rel=\"noopener\">Formul\u00e1rio para recursos ao resultado da primeira etapa<\/a> (dispon\u00edvel no per\u00edodo de 06\/05\/2026 at\u00e9 as 23:59h do dia 07\/05\/2026)<\/span><\/p>\n<p><span style=\"font-family: verdana, geneva, sans-serif;\"><a href=\"https:\/\/gpi.caed.ufmg.br\/index.php\/945723?lang=pt-BR\" target=\"_blank\" rel=\"noopener\">Formul\u00e1rio de inscri\u00e7\u00e3o<\/a> (dispon\u00edvel no per\u00edodo de 27\/04\/2026 at\u00e9 as 23:59h do dia 04\/05\/2026)<\/span><\/p>\n<p><a href=\"https:\/\/www.ufmg.br\/dedd\/wp-content\/uploads\/2026\/04\/SEI_5126148_Edital_992.pdf\" target=\"_blank\" rel=\"noopener\"><span style=\"font-family: verdana, geneva, sans-serif;\">Edital N\u00ba 992\/2026 &#8211; Processo Seletivo Simplificado &#8211; Designer Gr\u00e1fico &#8211; FUNDEP<\/span><\/a><span style=\"font-family: verdana, geneva, sans-serif;\"> (publicado em 24\/04\/2026)<\/span><\/p>\n","protected":false},"excerpt":{"rendered":"<p>Resultado da Etapa I e Convoca\u00e7\u00e3o para Entrevista (publicado em [&hellip;]<\/p>\n","protected":false},"author":11,"featured_media":0,"parent":0,"menu_order":0,"comment_status":"closed","ping_status":"closed","template":"","meta":[],"categories":[],"tags":[],"acf":[],"_links":{"self":[{"href":"https:\/\/www.ufmg.br\/dedd\/wp-json\/wp\/v2\/pages\/15015"}],"collection":[{"href":"https:\/\/www.ufmg.br\/dedd\/wp-json\/wp\/v2\/pages"}],"about":[{"href":"https:\/\/www.ufmg.br\/dedd\/wp-json\/wp\/v2\/types\/page"}],"author":[{"embeddable":true,"href":"https:\/\/www.ufmg.br\/dedd\/wp-json\/wp\/v2\/users\/11"}],"replies":[{"embeddable":true,"href":"https:\/\/www.ufmg.br\/dedd\/wp-json\/wp\/v2\/comments?post=15015"}],"version-history":[{"count":12,"href":"https:\/\/www.ufmg.br\/dedd\/wp-json\/wp\/v2\/pages\/15015\/revisions"}],"predecessor-version":[{"id":15066,"href":"https:\/\/www.ufmg.br\/dedd\/wp-json\/wp\/v2\/pages\/15015\/revisions\/15066"}],"wp:attachment":[{"href":"https:\/\/www.ufmg.br\/dedd\/wp-json\/wp\/v2\/media?parent=15015"}],"wp:term":[{"taxonomy":"category","embeddable":true,"href":"https:\/\/www.ufmg.br\/dedd\/wp-json\/wp\/v2\/categories?post=15015"},{"taxonomy":"post_tag","embeddable":true,"href":"https:\/\/www.ufmg.br\/dedd\/wp-json\/wp\/v2\/tags?post=15015"}],"curies":[{"name":"wp","href":"https:\/\/api.w.org\/{rel}","templated":true}]}}