{"id":8133,"date":"2022-04-11T09:21:46","date_gmt":"2022-04-11T12:21:46","guid":{"rendered":"https:\/\/www.ufmg.br\/dedd\/?page_id=8133"},"modified":"2024-01-09T12:12:22","modified_gmt":"2024-01-09T14:12:22","slug":"compras","status":"publish","type":"page","link":"https:\/\/www.ufmg.br\/dedd\/compras\/","title":{"rendered":"Compras"},"content":{"rendered":"<p><strong>Planejamento das Contrata\u00e7\u00f5es e Renova\u00e7\u00f5es de Contratos<\/strong><\/p>\n<p>Em cumprimento ao dispostos nos Art. 9\u00ba, \u00a72\u00b0, e Art. 11\u00ba, \u00a73, da<a href=\"https:\/\/www.comprasgovernamentais.gov.br\/index.php\/legislacao\/instrucoes-normativas\/1068-in-1-de-2019\" target=\"_blank\" rel=\"noopener\"> Instru\u00e7\u00e3o Normativa n\u00ba 1, <\/a>da Secretaria de Gest\u00e3o do Minist\u00e9rio da Economia, o Caed publicar\u00e1, anualmente, o plano de Gerenciamento de Compras e de Contrata\u00e7\u00f5es, documento que relaciona os itens e servi\u00e7os que poder\u00e3o ser adquiridos pela Unidade.<\/p>\n<p>A rela\u00e7\u00e3o das mercadorias e servi\u00e7os que forem, de fato, adquiridos, ser\u00e1 divulgada ao final de cada exerc\u00edcio.<\/p>\n<style>#sp-ea-9331 .spcollapsing { height: 0; overflow: hidden; transition-property: height;transition-duration: 500ms;}#sp-ea-9331.sp-easy-accordion>.sp-ea-single {border: 1px solid #e2e2e2; }#sp-ea-9331.sp-easy-accordion>.sp-ea-single>.ea-header a {color: #444;}#sp-ea-9331.sp-easy-accordion>.sp-ea-single>.sp-collapse>.ea-body {background: #fff; color: #444;}#sp-ea-9331.sp-easy-accordion>.sp-ea-single {background: #eee;}#sp-ea-9331.sp-easy-accordion>.sp-ea-single>.ea-header a .ea-expand-icon.fa { float: left; color: #444;font-size: 16px;}<\/style><div id=\"sp-ea-9331\" class=\"sp-ea-one sp-easy-accordion\" data-ex-icon=\"fa-minus\" data-col-icon=\"fa-plus\"  data-ea-active=\"ea-click\"  data-ea-mode=\"vertical\" data-preloader=\"\" data-scroll-active-item=\"\" data-offset-to-scroll=\"0\"><div class=\"ea-card ea-expand sp-ea-single\"><h3 class=\"ea-header\"><a class=\"collapsed\" data-sptoggle=\"spcollapse\" data-sptarget=#collapse93310 href=\"javascript:void(0)\"  aria-expanded=\"true\"><i class=\"ea-expand-icon fa fa-minus\"><\/i> Exerc\u00edcio 2024<\/a><\/h3><div class=\"sp-collapse spcollapse collapsed show\" id=\"collapse93310\" data-parent=#sp-ea-9331><div class=\"ea-body\"><p><a href=\"https:\/\/www.ufmg.br\/dedd\/wp-content\/uploads\/2024\/01\/Portal-Nacional-de-Contratacoes-Publicas-2024.pdf\">Exerc\u00edcio \u2014 2024\u00a0<\/a><\/p>\n<\/div><\/div><\/div><div class=\"ea-card  sp-ea-single\"><h3 class=\"ea-header\"><a class=\"collapsed\" data-sptoggle=\"spcollapse\" data-sptarget=#collapse93311 href=\"javascript:void(0)\"  aria-expanded=\"false\"><i class=\"ea-expand-icon fa fa-plus\"><\/i> Exerc\u00edcio 2023<\/a><\/h3><div class=\"sp-collapse spcollapse \" id=\"collapse93311\" data-parent=#sp-ea-9331><div class=\"ea-body\"><p><a href=\"https:\/\/www.ufmg.br\/dedd\/wp-content\/uploads\/2022\/05\/Portal-Nacional-de-Contratacoes-Publicas.pdf-compras-publicadas.pdf\">Plano de Compras e de Contrata\u00e7\u00f5es \u2014 ano de 2023\u00a0<\/a><\/p>\n<\/div><\/div><\/div><div class=\"ea-card  sp-ea-single\"><h3 class=\"ea-header\"><a class=\"collapsed\" data-sptoggle=\"spcollapse\" data-sptarget=#collapse93312 href=\"javascript:void(0)\"  aria-expanded=\"false\"><i class=\"ea-expand-icon fa fa-plus\"><\/i> Exerc\u00edcio 2022<\/a><\/h3><div class=\"sp-collapse spcollapse \" id=\"collapse93312\" data-parent=#sp-ea-9331><div class=\"ea-body\"><p><a href=\"https:\/\/www.ufmg.br\/dedd\/wp-content\/uploads\/2022\/04\/Relatorio-do-Plano-Anual-2021.pdf\" target=\"_blank\" rel=\"noopener\">Plano de Compras e de Contrata\u00e7\u00f5es \u2014 ano de 2022<\/a><\/p>\n<\/div><\/div><\/div><div class=\"ea-card  sp-ea-single\"><h3 class=\"ea-header\"><a class=\"collapsed\" data-sptoggle=\"spcollapse\" data-sptarget=#collapse93313 href=\"javascript:void(0)\"  aria-expanded=\"false\"><i class=\"ea-expand-icon fa fa-plus\"><\/i> Exerc\u00edcio  2021<\/a><\/h3><div class=\"sp-collapse spcollapse \" id=\"collapse93313\" data-parent=#sp-ea-9331><div class=\"ea-body\"><p><a href=\"https:\/\/www.ufmg.br\/dedd\/wp-content\/uploads\/2022\/04\/Relatorio-do-Plano-Anual-2021.pdf\">Plano de Compras e de Contrata\u00e7\u00f5es \u2014 ano de 2021<\/a><\/p>\n<\/div><\/div><\/div><div class=\"ea-card  sp-ea-single\"><h3 class=\"ea-header\"><a class=\"collapsed\" data-sptoggle=\"spcollapse\" data-sptarget=#collapse93314 href=\"javascript:void(0)\"  aria-expanded=\"false\"><i class=\"ea-expand-icon fa fa-plus\"><\/i> Exerc\u00edcio 2020<\/a><\/h3><div class=\"sp-collapse spcollapse \" id=\"collapse93314\" data-parent=#sp-ea-9331><div class=\"ea-body\"><p><a href=\"https:\/\/www.ufmg.br\/dedd\/wp-content\/uploads\/2022\/04\/Relatorio-final-2020-pubicacao.pdf\" target=\"_blank\" rel=\"noopener\">Plano de Compras e de Contrata\u00e7\u00f5es \u2014 ano de 2020<\/a><\/p>\n<p><a href=\"https:\/\/www.ufmg.br\/dedd\/wp-content\/uploads\/2022\/04\/PGC-2021-entregue.pdf\" target=\"_blank\" rel=\"noopener\">Planejamento de Gerenciamento de Contrata\u00e7\u00f5es \u2014 ano de 2021<\/a><\/p>\n<\/div><\/div><\/div><\/div>\n","protected":false},"excerpt":{"rendered":"<p>Planejamento das Contrata\u00e7\u00f5es e Renova\u00e7\u00f5es de Contratos Em cumprimento ao [&hellip;]<\/p>\n","protected":false},"author":5,"featured_media":0,"parent":0,"menu_order":0,"comment_status":"closed","ping_status":"closed","template":"","meta":[],"categories":[],"tags":[],"acf":[],"_links":{"self":[{"href":"https:\/\/www.ufmg.br\/dedd\/wp-json\/wp\/v2\/pages\/8133"}],"collection":[{"href":"https:\/\/www.ufmg.br\/dedd\/wp-json\/wp\/v2\/pages"}],"about":[{"href":"https:\/\/www.ufmg.br\/dedd\/wp-json\/wp\/v2\/types\/page"}],"author":[{"embeddable":true,"href":"https:\/\/www.ufmg.br\/dedd\/wp-json\/wp\/v2\/users\/5"}],"replies":[{"embeddable":true,"href":"https:\/\/www.ufmg.br\/dedd\/wp-json\/wp\/v2\/comments?post=8133"}],"version-history":[{"count":11,"href":"https:\/\/www.ufmg.br\/dedd\/wp-json\/wp\/v2\/pages\/8133\/revisions"}],"predecessor-version":[{"id":10271,"href":"https:\/\/www.ufmg.br\/dedd\/wp-json\/wp\/v2\/pages\/8133\/revisions\/10271"}],"wp:attachment":[{"href":"https:\/\/www.ufmg.br\/dedd\/wp-json\/wp\/v2\/media?parent=8133"}],"wp:term":[{"taxonomy":"category","embeddable":true,"href":"https:\/\/www.ufmg.br\/dedd\/wp-json\/wp\/v2\/categories?post=8133"},{"taxonomy":"post_tag","embeddable":true,"href":"https:\/\/www.ufmg.br\/dedd\/wp-json\/wp\/v2\/tags?post=8133"}],"curies":[{"name":"wp","href":"https:\/\/api.w.org\/{rel}","templated":true}]}}