{"id":867,"date":"2016-06-16T21:34:54","date_gmt":"2016-06-16T21:34:54","guid":{"rendered":"https:\/\/www.ufmg.br\/dedd\/?page_id=867"},"modified":"2023-06-02T13:34:08","modified_gmt":"2023-06-02T16:34:08","slug":"animacoes-utilizadas-nos-cursos-ofertados-pelo-caedufmg","status":"publish","type":"page","link":"https:\/\/www.ufmg.br\/dedd\/pesquisa\/repositorio-acervo\/animacoes-utilizadas-nos-cursos-ofertados-pelo-caedufmg\/","title":{"rendered":"Anima\u00e7\u00f5es utilizadas nos cursos ofertados pelo Caed\/UFMG"},"content":{"rendered":"<ol>\n<li style=\"text-align: justify;\"><a href=\"http:\/\/video.rnp.br\/portal\/embed-video?idItem=26791\">\u201cElabora\u00e7\u00e3o de projeto de interven\u00e7\u00e3o\u201d,<\/a> da disciplina \u201cGest\u00e3o de Pessoas\u201d, ministrada pela prof.\u00aa Suzana dos Santos Gomes<\/li>\n<li style=\"text-align: justify;\"><a href=\"http:\/\/video.rnp.br\/portal\/embed-video?idItem=26386\">\u201cPrinc\u00edpios da Gest\u00e3o Administrativa Financeira P\u00fablica\u201d,<\/a> da disciplina \u201cGest\u00e3o Administrativa Financeira P\u00fablica\u201d, ministrada pela prof.\u00aa M\u00e1rcia Atha\u00edde<\/li>\n<li style=\"text-align: justify;\"><a href=\"http:\/\/video.rnp.br\/portal\/embed-video?idItem=26248\">\u201cConceitos de Or\u00e7amento\u201d,<\/a> da disciplina \u201cGest\u00e3o Administrativa Financeira P\u00fablica\u201d, ministrada pela prof\u00aa. Mariana Silva<\/li>\n<li style=\"text-align: justify;\">\u00a0<a href=\"http:\/\/video.rnp.br\/portal\/embed-video?idItem=26250\">\u201cClassifica\u00e7\u00e3o Or\u00e7ament\u00e1ria de Receitas e Despesas\u201d,<\/a> da disciplina \u201cGest\u00e3o Administrativa Financeira P\u00fablica\u201d, ministrada pela prof\u00aa. V\u00e2nia Moraes<\/li>\n<li style=\"text-align: justify;\">\u00a0<a href=\"http:\/\/video.rnp.br\/portal\/embed-video?idItem=26249\">\u201cProjetos em Funda\u00e7\u00e3o de Apoio\u201d<\/a>, da disciplina \u201cGest\u00e3o Administrativa Financeira P\u00fablica\u201d, ministrada pelas prof\u00aa. V\u00e2nia Moraes e Mariana Silva<\/li>\n<\/ol>\n<p><img decoding=\"async\" loading=\"lazy\" class=\"wp-image-872 alignleft\" src=\"https:\/\/www.ufmg.br\/dedd\/wp-content\/uploads\/Gestao.png\" alt=\"Gestao\" width=\"562\" height=\"306\" \/><\/p>\n","protected":false},"excerpt":{"rendered":"<p>\u201cElabora\u00e7\u00e3o de projeto de interven\u00e7\u00e3o\u201d, da disciplina \u201cGest\u00e3o de Pessoas\u201d, [&hellip;]<\/p>\n","protected":false},"author":5,"featured_media":0,"parent":8009,"menu_order":0,"comment_status":"closed","ping_status":"closed","template":"","meta":[],"categories":[],"tags":[],"acf":[],"_links":{"self":[{"href":"https:\/\/www.ufmg.br\/dedd\/wp-json\/wp\/v2\/pages\/867"}],"collection":[{"href":"https:\/\/www.ufmg.br\/dedd\/wp-json\/wp\/v2\/pages"}],"about":[{"href":"https:\/\/www.ufmg.br\/dedd\/wp-json\/wp\/v2\/types\/page"}],"author":[{"embeddable":true,"href":"https:\/\/www.ufmg.br\/dedd\/wp-json\/wp\/v2\/users\/5"}],"replies":[{"embeddable":true,"href":"https:\/\/www.ufmg.br\/dedd\/wp-json\/wp\/v2\/comments?post=867"}],"version-history":[{"count":2,"href":"https:\/\/www.ufmg.br\/dedd\/wp-json\/wp\/v2\/pages\/867\/revisions"}],"predecessor-version":[{"id":10125,"href":"https:\/\/www.ufmg.br\/dedd\/wp-json\/wp\/v2\/pages\/867\/revisions\/10125"}],"up":[{"embeddable":true,"href":"https:\/\/www.ufmg.br\/dedd\/wp-json\/wp\/v2\/pages\/8009"}],"wp:attachment":[{"href":"https:\/\/www.ufmg.br\/dedd\/wp-json\/wp\/v2\/media?parent=867"}],"wp:term":[{"taxonomy":"category","embeddable":true,"href":"https:\/\/www.ufmg.br\/dedd\/wp-json\/wp\/v2\/categories?post=867"},{"taxonomy":"post_tag","embeddable":true,"href":"https:\/\/www.ufmg.br\/dedd\/wp-json\/wp\/v2\/tags?post=867"}],"curies":[{"name":"wp","href":"https:\/\/api.w.org\/{rel}","templated":true}]}}

Animações utilizadas nos cursos ofertados pelo Caed/UFMG

<ol>
<li style="text-align: justify;"><a href="http://video.rnp.br/portal/embed-video?idItem=26791">“Elaboração de projeto de intervenção”,</a> da disciplina “Gestão de Pessoas”, ministrada pela prof.ª Suzana dos Santos Gomes</li>
<li style="text-align: justify;"><a href="http://video.rnp.br/portal/embed-video?idItem=26386">“Princípios da Gestão Administrativa Financeira Pública”,</a> da disciplina “Gestão Administrativa Financeira Pública”, ministrada pela prof.ª Márcia Athaíde</li>
<li style="text-align: justify;"><a href="http://video.rnp.br/portal/embed-video?idItem=26248">“Conceitos de Orçamento”,</a> da disciplina “Gestão Administrativa Financeira Pública”, ministrada pela profª. Mariana Silva</li>
<li style="text-align: justify;"> <a href="http://video.rnp.br/portal/embed-video?idItem=26250">“Classificação Orçamentária de Receitas e Despesas”,</a> da disciplina “Gestão Administrativa Financeira Pública”, ministrada pela profª. Vânia Moraes</li>
<li style="text-align: justify;"> <a href="http://video.rnp.br/portal/embed-video?idItem=26249">“Projetos em Fundação de Apoio”</a>, da disciplina “Gestão Administrativa Financeira Pública”, ministrada pelas profª. Vânia Moraes e Mariana Silva</li>
</ol>
<p><img decoding="async" loading="lazy" class="wp-image-872 alignleft" src="https://www.ufmg.br/dedd/wp-content/uploads/Gestao.png" alt="Gestao" width="562" height="306" /></p>

<p>“Elaboração de projeto de intervenção”, da disciplina “Gestão de Pessoas”, [&hellip;]</p>
