{"id":8749,"date":"2022-04-14T11:58:50","date_gmt":"2022-04-14T14:58:50","guid":{"rendered":"https:\/\/www.ufmg.br\/dedd\/?page_id=8749"},"modified":"2026-01-15T12:20:20","modified_gmt":"2026-01-15T15:20:20","slug":"selecoes-finalizadas","status":"publish","type":"page","link":"https:\/\/www.ufmg.br\/dedd\/selecoes-finalizadas\/","title":{"rendered":"Sele\u00e7\u00f5es finalizadas"},"content":{"rendered":"<p><a href=\"https:\/\/www.ufmg.br\/dedd\/selecoes-2025-2\/\">Sele\u00e7\u00f5es &#8211; 2025<\/a><\/p>\n<p><a href=\"https:\/\/www.ufmg.br\/dedd\/selecoes-2024\/\">Sele\u00e7\u00f5es &#8211; 2024<\/a><\/p>\n<p><a href=\"https:\/\/www.ufmg.br\/dedd\/selecoes-2023\/\">Sele\u00e7\u00f5es &#8211; 2023<\/a><\/p>\n<p><a href=\"https:\/\/www.ufmg.br\/dedd\/selecoes-2022\/\">Sele\u00e7\u00f5es &#8211; 2022<\/a><\/p>\n<p><a href=\"https:\/\/www.ufmg.br\/dedd\/selecoes-2021\/\">Sele\u00e7\u00f5es &#8211; 2021<\/a><\/p>\n<p><a href=\"https:\/\/www.ufmg.br\/dedd\/editais-2020\/\">Sele\u00e7\u00f5es &#8211; 2020<\/a><\/p>\n<p><a href=\"https:\/\/www.ufmg.br\/dedd\/selecoes-em2019\/\">Sele\u00e7\u00f5es &#8211; 2019<\/a><\/p>\n<p><a href=\"https:\/\/www.ufmg.br\/dedd\/selecoes-2018\/\">Sele\u00e7\u00f5es &#8211; 2018<\/a><\/p>\n","protected":false},"excerpt":{"rendered":"<p>Sele\u00e7\u00f5es &#8211; 2025 Sele\u00e7\u00f5es &#8211; 2024 Sele\u00e7\u00f5es &#8211; 2023 Sele\u00e7\u00f5es [&hellip;]<\/p>\n","protected":false},"author":5,"featured_media":0,"parent":0,"menu_order":0,"comment_status":"closed","ping_status":"closed","template":"","meta":[],"categories":[],"tags":[],"acf":[],"_links":{"self":[{"href":"https:\/\/www.ufmg.br\/dedd\/wp-json\/wp\/v2\/pages\/8749"}],"collection":[{"href":"https:\/\/www.ufmg.br\/dedd\/wp-json\/wp\/v2\/pages"}],"about":[{"href":"https:\/\/www.ufmg.br\/dedd\/wp-json\/wp\/v2\/types\/page"}],"author":[{"embeddable":true,"href":"https:\/\/www.ufmg.br\/dedd\/wp-json\/wp\/v2\/users\/5"}],"replies":[{"embeddable":true,"href":"https:\/\/www.ufmg.br\/dedd\/wp-json\/wp\/v2\/comments?post=8749"}],"version-history":[{"count":16,"href":"https:\/\/www.ufmg.br\/dedd\/wp-json\/wp\/v2\/pages\/8749\/revisions"}],"predecessor-version":[{"id":14578,"href":"https:\/\/www.ufmg.br\/dedd\/wp-json\/wp\/v2\/pages\/8749\/revisions\/14578"}],"wp:attachment":[{"href":"https:\/\/www.ufmg.br\/dedd\/wp-json\/wp\/v2\/media?parent=8749"}],"wp:term":[{"taxonomy":"category","embeddable":true,"href":"https:\/\/www.ufmg.br\/dedd\/wp-json\/wp\/v2\/categories?post=8749"},{"taxonomy":"post_tag","embeddable":true,"href":"https:\/\/www.ufmg.br\/dedd\/wp-json\/wp\/v2\/tags?post=8749"}],"curies":[{"name":"wp","href":"https:\/\/api.w.org\/{rel}","templated":true}]}}