{"id":8776,"date":"2022-04-14T12:46:54","date_gmt":"2022-04-14T15:46:54","guid":{"rendered":"https:\/\/www.ufmg.br\/dedd\/?page_id=8776"},"modified":"2024-07-03T15:54:23","modified_gmt":"2024-07-03T18:54:23","slug":"edital-1001-2021-selecao-de-alunos-para-o-curso-de-especializacao-em-ensino-de-artes-visuais","status":"publish","type":"page","link":"https:\/\/www.ufmg.br\/dedd\/servicos-o-que-fazemos\/edital-1001-2021-selecao-de-alunos-para-o-curso-de-especializacao-em-ensino-de-artes-visuais\/","title":{"rendered":"Edital 1001\/2021 \u2014 Sele\u00e7\u00e3o de alunos para o curso de especializa\u00e7\u00e3o em Ensino de Artes Visuais"},"content":{"rendered":"<p><a href=\"https:\/\/www.ufmg.br\/dedd\/wp-content\/uploads\/2022\/04\/Edital-1001-Novo-cronograma.pdf\">Novo cronograma<\/a> (publicado em 28\/07\/2021)<\/p>\n<p><a href=\"https:\/\/www.ufmg.br\/dedd\/wp-content\/uploads\/2022\/04\/Edital-1001-Nota-de-Esclarecimento.pdf\">Nota de esclarecimento<\/a> (publicada em 26\/07\/2021)<\/p>\n<p><a href=\"https:\/\/www.ufmg.br\/dedd\/wp-content\/uploads\/2022\/04\/Edital-1001-Resultado-final.pdf\">Resultado final<\/a> (publicado em 20\/07\/2021)<\/p>\n<p><a href=\"https:\/\/www.ufmg.br\/dedd\/wp-content\/uploads\/2022\/04\/Edital-1001-Resultado-Analise-dos-Recursos.pdf\">Resposta aos recursos ao resultado preliminar<\/a> (publicada em 20\/07\/2021)<\/p>\n<p><a href=\"https:\/\/www.ufmg.br\/dedd\/wp-content\/uploads\/2022\/04\/Edital-1001-Resultado-Preliminar-I-e-II-etapas.pdf\" target=\"_blank\" rel=\"noopener\">Resultado preliminar das primeiras e segunda etapas<\/a> (publicada em 09\/07\/2021)<\/p>\n<p><a href=\"https:\/\/www.ufmg.br\/dedd\/wp-content\/uploads\/2022\/04\/Edital-1001-2021-Inscricoes-homologadas.pdf\">Rela\u00e7\u00e3o de inscri\u00e7\u00f5es homologadas<\/a> (publicada em 06\/07\/2021)<\/p>\n<p><a href=\"https:\/\/www.ufmg.br\/dedd\/wp-content\/uploads\/2022\/04\/Edital-1070-2021-Portaria-4907-Comissao-Organizadora-1.pdf\">Portaria de Comiss\u00e3o 4907\/2021<\/a> &#8211; (publicada em 01\/07\/2021)<\/p>\n<p><a href=\"https:\/\/www.ufmg.br\/dedd\/formulario\/Edital-cursistas-CEEAV-2021\/\">Formul\u00e1rio para inscri\u00e7\u00f5es<\/a> (dispon\u00edvel at\u00e9 as 17h do dia 4\/7)<\/p>\n<p><a href=\"https:\/\/www.ufmg.br\/dedd\/wp-content\/uploads\/2022\/04\/Edital-1001-2021-Selecao-alunos-CEEAV.pdf\">Edital n\u00ba 1001\/2021<\/a> \u2014 Sele\u00e7\u00e3o de alunos para o curso de especializa\u00e7\u00e3o em Ensino de Artes Visuais (publicado em 29\/06\/2021)<\/p>\n","protected":false},"excerpt":{"rendered":"<p>Novo cronograma (publicado em 28\/07\/2021) Nota de esclarecimento (publicada em [&hellip;]<\/p>\n","protected":false},"author":5,"featured_media":0,"parent":9337,"menu_order":0,"comment_status":"closed","ping_status":"closed","template":"","meta":[],"categories":[220,209],"tags":[],"acf":[],"_links":{"self":[{"href":"https:\/\/www.ufmg.br\/dedd\/wp-json\/wp\/v2\/pages\/8776"}],"collection":[{"href":"https:\/\/www.ufmg.br\/dedd\/wp-json\/wp\/v2\/pages"}],"about":[{"href":"https:\/\/www.ufmg.br\/dedd\/wp-json\/wp\/v2\/types\/page"}],"author":[{"embeddable":true,"href":"https:\/\/www.ufmg.br\/dedd\/wp-json\/wp\/v2\/users\/5"}],"replies":[{"embeddable":true,"href":"https:\/\/www.ufmg.br\/dedd\/wp-json\/wp\/v2\/comments?post=8776"}],"version-history":[{"count":7,"href":"https:\/\/www.ufmg.br\/dedd\/wp-json\/wp\/v2\/pages\/8776\/revisions"}],"predecessor-version":[{"id":8796,"href":"https:\/\/www.ufmg.br\/dedd\/wp-json\/wp\/v2\/pages\/8776\/revisions\/8796"}],"up":[{"embeddable":true,"href":"https:\/\/www.ufmg.br\/dedd\/wp-json\/wp\/v2\/pages\/9337"}],"wp:attachment":[{"href":"https:\/\/www.ufmg.br\/dedd\/wp-json\/wp\/v2\/media?parent=8776"}],"wp:term":[{"taxonomy":"category","embeddable":true,"href":"https:\/\/www.ufmg.br\/dedd\/wp-json\/wp\/v2\/categories?post=8776"},{"taxonomy":"post_tag","embeddable":true,"href":"https:\/\/www.ufmg.br\/dedd\/wp-json\/wp\/v2\/tags?post=8776"}],"curies":[{"name":"wp","href":"https:\/\/api.w.org\/{rel}","templated":true}]}}