{"id":8798,"date":"2022-04-18T08:36:51","date_gmt":"2022-04-18T11:36:51","guid":{"rendered":"https:\/\/www.ufmg.br\/dedd\/?page_id=8798"},"modified":"2024-07-03T15:54:51","modified_gmt":"2024-07-03T18:54:51","slug":"edital-917-2021-selecao-para-coordenador-do-curso-de-especializacao-em-ensino-de-artes-visuais","status":"publish","type":"page","link":"https:\/\/www.ufmg.br\/dedd\/servicos-o-que-fazemos\/edital-917-2021-selecao-para-coordenador-do-curso-de-especializacao-em-ensino-de-artes-visuais\/","title":{"rendered":"Edital 917\/2021 \u2014 Sele\u00e7\u00e3o para coordenador do curso de especializa\u00e7\u00e3o em Ensino de Artes Visuais"},"content":{"rendered":"<p><a href=\"https:\/\/www.ufmg.br\/dedd\/wp-content\/uploads\/2022\/04\/Edital-917-Ato-de-Convocacao.pdf\">Ato de convoca\u00e7\u00e3o<\/a> (publicado em 01\/09\/\/2021)<\/p>\n<p><a href=\"https:\/\/www.ufmg.br\/dedd\/wp-content\/uploads\/2022\/04\/Edital-917-Resultado-Final.pdf\">Resultado final<\/a> (publicado em 31\/08\/2021)<\/p>\n<p><a href=\"https:\/\/www.ufmg.br\/dedd\/formulario\/Edital-917-2021-recurso\/\">Formul\u00e1rio para recursos<\/a> (dispon\u00edvel de 17 a 26\/08\/2021)<\/p>\n<p><a href=\"https:\/\/www.ufmg.br\/dedd\/wp-content\/uploads\/2022\/04\/Edital-917-Resultado-Preliminar.pdf\">Resultado Preliminar<\/a> (publicado em 16\/08\/2021)<\/p>\n<p><a href=\"https:\/\/www.ufmg.br\/dedd\/wp-content\/uploads\/2022\/04\/Edital-917-Portaria-5804.pdf\">Portaria n. 5804\/2021 \u2014 Designa membros para a comiss\u00e3o respons\u00e1vel pelo processo seletivo<\/a> (publicado em 13\/08\/2021)<\/p>\n<p><a href=\"https:\/\/www.ufmg.br\/dedd\/formulario\/Edital-917-2021-CEEAV\/\">Formul\u00e1rio para inscri\u00e7\u00f5es<\/a> (dispon\u00edvel do dia 2\/8 \u00e0s 16h do dia 10\/8)<\/p>\n<p><a href=\"https:\/\/www.ufmg.br\/dedd\/wp-content\/uploads\/2022\/04\/Edital-917-2021.pdf\">Edital 917\/2021 \u2014 Sele\u00e7\u00e3o para coordenador do curso de especializa\u00e7\u00e3o em Ensino de Artes Visuais<\/a> (publicado em 09\/07\/2021)<\/p>\n","protected":false},"excerpt":{"rendered":"<p>Ato de convoca\u00e7\u00e3o (publicado em 01\/09\/\/2021) Resultado final (publicado em [&hellip;]<\/p>\n","protected":false},"author":5,"featured_media":0,"parent":9337,"menu_order":0,"comment_status":"closed","ping_status":"closed","template":"","meta":[],"categories":[220,209],"tags":[],"acf":[],"_links":{"self":[{"href":"https:\/\/www.ufmg.br\/dedd\/wp-json\/wp\/v2\/pages\/8798"}],"collection":[{"href":"https:\/\/www.ufmg.br\/dedd\/wp-json\/wp\/v2\/pages"}],"about":[{"href":"https:\/\/www.ufmg.br\/dedd\/wp-json\/wp\/v2\/types\/page"}],"author":[{"embeddable":true,"href":"https:\/\/www.ufmg.br\/dedd\/wp-json\/wp\/v2\/users\/5"}],"replies":[{"embeddable":true,"href":"https:\/\/www.ufmg.br\/dedd\/wp-json\/wp\/v2\/comments?post=8798"}],"version-history":[{"count":7,"href":"https:\/\/www.ufmg.br\/dedd\/wp-json\/wp\/v2\/pages\/8798\/revisions"}],"predecessor-version":[{"id":8810,"href":"https:\/\/www.ufmg.br\/dedd\/wp-json\/wp\/v2\/pages\/8798\/revisions\/8810"}],"up":[{"embeddable":true,"href":"https:\/\/www.ufmg.br\/dedd\/wp-json\/wp\/v2\/pages\/9337"}],"wp:attachment":[{"href":"https:\/\/www.ufmg.br\/dedd\/wp-json\/wp\/v2\/media?parent=8798"}],"wp:term":[{"taxonomy":"category","embeddable":true,"href":"https:\/\/www.ufmg.br\/dedd\/wp-json\/wp\/v2\/categories?post=8798"},{"taxonomy":"post_tag","embeddable":true,"href":"https:\/\/www.ufmg.br\/dedd\/wp-json\/wp\/v2\/tags?post=8798"}],"curies":[{"name":"wp","href":"https:\/\/api.w.org\/{rel}","templated":true}]}}