{"id":8924,"date":"2022-04-19T09:04:37","date_gmt":"2022-04-19T12:04:37","guid":{"rendered":"https:\/\/www.ufmg.br\/dedd\/?page_id=8924"},"modified":"2024-07-03T15:54:24","modified_gmt":"2024-07-03T18:54:24","slug":"edital-1545-2021-selecao-de-bolsista-da-uab-para-atuar-como-professor-formador-do-curso-de-especializacao-em-educacao-em-ciencias-ceci","status":"publish","type":"page","link":"https:\/\/www.ufmg.br\/dedd\/servicos-o-que-fazemos\/edital-1545-2021-selecao-de-bolsista-da-uab-para-atuar-como-professor-formador-do-curso-de-especializacao-em-educacao-em-ciencias-ceci\/","title":{"rendered":"Edital 1545\/2021 \u2013 Sele\u00e7\u00e3o de bolsista da UAB para atuar como professor formador do curso de especializa\u00e7\u00e3o em Educa\u00e7\u00e3o em Ci\u00eancias (CECi)"},"content":{"rendered":"<p><a href=\"https:\/\/www.ufmg.br\/dedd\/wp-content\/uploads\/2023\/05\/Edital-1545-2021-Ato-de-convocacao.pdf\">Ato de convoca\u00e7\u00e3o n\u00ba 7 \u2014 Convoca candidatos listados a apresentarem documenta\u00e7\u00e3o<\/a> (publicado em 11\/02\/2022)<\/p>\n<p><a href=\"https:\/\/www.ufmg.br\/dedd\/wp-content\/uploads\/2023\/05\/Edital-1545-Resultado-Final.pdf\">Resultado Final do Edital 1545\/2021<\/a> (publicado em 16\/12\/2021)<\/p>\n<p><a href=\"https:\/\/www.ufmg.br\/dedd\/wp-content\/uploads\/2023\/05\/Edital-1545-2021-Resultado-Preliminar.pdf\">Resultado Preliminar da etapa I e II referente ao edital n\u00ba 1.545\/2021<\/a>\u00a0\u2013 professor formador \u2013 TCC \u2013 CECI (publicado em 02\/12\/2021)<\/p>\n<p><a href=\"https:\/\/www.ufmg.br\/dedd\/wp-content\/uploads\/2023\/05\/Edital-1545-2021-Portaria-Comissao.pdf\">Portaria de Comiss\u00e3o de sele\u00e7\u00e3o referente ao edital n\u00ba 1.545\/2021<\/a> \u2013 professor formador \u2013 TCC \u2013 CECI (publicado em 02\/12\/2021)<\/p>\n<p><a href=\"https:\/\/www.ufmg.br\/dedd\/formulario\/Edital-1545-2021-CECI\/\">Formul\u00e1rio de inscri\u00e7\u00e3o<\/a> (dispon\u00edvel de 03\/11\/2021 \u00e0s 17:00 de 21\/11\/2021)<\/p>\n<p><a href=\"https:\/\/www.ufmg.br\/dedd\/wp-content\/uploads\/2023\/05\/Edital-1545-2021.pdf\">Edital 1545\/2021 \u2013 Sele\u00e7\u00e3o de professor formador para atuar no curso de especializa\u00e7\u00e3o em Educa\u00e7\u00e3o em Ci\u00eancias<\/a>\u00a0(publicado em 21\/10\/2021)<\/p>\n","protected":false},"excerpt":{"rendered":"<p>Ato de convoca\u00e7\u00e3o n\u00ba 7 \u2014 Convoca candidatos listados a [&hellip;]<\/p>\n","protected":false},"author":5,"featured_media":0,"parent":9337,"menu_order":0,"comment_status":"closed","ping_status":"closed","template":"","meta":[],"categories":[220,209],"tags":[],"acf":[],"_links":{"self":[{"href":"https:\/\/www.ufmg.br\/dedd\/wp-json\/wp\/v2\/pages\/8924"}],"collection":[{"href":"https:\/\/www.ufmg.br\/dedd\/wp-json\/wp\/v2\/pages"}],"about":[{"href":"https:\/\/www.ufmg.br\/dedd\/wp-json\/wp\/v2\/types\/page"}],"author":[{"embeddable":true,"href":"https:\/\/www.ufmg.br\/dedd\/wp-json\/wp\/v2\/users\/5"}],"replies":[{"embeddable":true,"href":"https:\/\/www.ufmg.br\/dedd\/wp-json\/wp\/v2\/comments?post=8924"}],"version-history":[{"count":8,"href":"https:\/\/www.ufmg.br\/dedd\/wp-json\/wp\/v2\/pages\/8924\/revisions"}],"predecessor-version":[{"id":10040,"href":"https:\/\/www.ufmg.br\/dedd\/wp-json\/wp\/v2\/pages\/8924\/revisions\/10040"}],"up":[{"embeddable":true,"href":"https:\/\/www.ufmg.br\/dedd\/wp-json\/wp\/v2\/pages\/9337"}],"wp:attachment":[{"href":"https:\/\/www.ufmg.br\/dedd\/wp-json\/wp\/v2\/media?parent=8924"}],"wp:term":[{"taxonomy":"category","embeddable":true,"href":"https:\/\/www.ufmg.br\/dedd\/wp-json\/wp\/v2\/categories?post=8924"},{"taxonomy":"post_tag","embeddable":true,"href":"https:\/\/www.ufmg.br\/dedd\/wp-json\/wp\/v2\/tags?post=8924"}],"curies":[{"name":"wp","href":"https:\/\/api.w.org\/{rel}","templated":true}]}}

Edital 1545/2021 – Seleção de bolsista da UAB para atuar como professor formador do curso de especialização em Educação em Ciências (CECi)

<p><a href="https://www.ufmg.br/dedd/wp-content/uploads/2023/05/Edital-1545-2021-Ato-de-convocacao.pdf">Ato de convocação nº 7 — Convoca candidatos listados a apresentarem documentação</a> (publicado em 11/02/2022)</p>
<p><a href="https://www.ufmg.br/dedd/wp-content/uploads/2023/05/Edital-1545-Resultado-Final.pdf">Resultado Final do Edital 1545/2021</a> (publicado em 16/12/2021)</p>
<p><a href="https://www.ufmg.br/dedd/wp-content/uploads/2023/05/Edital-1545-2021-Resultado-Preliminar.pdf">Resultado Preliminar da etapa I e II referente ao edital nº 1.545/2021</a> – professor formador – TCC – CECI (publicado em 02/12/2021)</p>
<p><a href="https://www.ufmg.br/dedd/wp-content/uploads/2023/05/Edital-1545-2021-Portaria-Comissao.pdf">Portaria de Comissão de seleção referente ao edital nº 1.545/2021</a> – professor formador – TCC – CECI (publicado em 02/12/2021)</p>
<p><a href="https://www.ufmg.br/dedd/formulario/Edital-1545-2021-CECI/">Formulário de inscrição</a> (disponível de 03/11/2021 às 17:00 de 21/11/2021)</p>
<p><a href="https://www.ufmg.br/dedd/wp-content/uploads/2023/05/Edital-1545-2021.pdf">Edital 1545/2021 – Seleção de professor formador para atuar no curso de especialização em Educação em Ciências</a> (publicado em 21/10/2021)</p>

<p>Ato de convocação nº 7 — Convoca candidatos listados a [&hellip;]</p>
