{"id":8993,"date":"2022-04-19T11:19:50","date_gmt":"2022-04-19T14:19:50","guid":{"rendered":"https:\/\/www.ufmg.br\/dedd\/?page_id=8993"},"modified":"2024-07-03T15:54:24","modified_gmt":"2024-07-03T18:54:24","slug":"edital-383-2020-selecao-para-cursos-de-extensao-do-caed-oferta-2020-2","status":"publish","type":"page","link":"https:\/\/www.ufmg.br\/dedd\/servicos-o-que-fazemos\/edital-383-2020-selecao-para-cursos-de-extensao-do-caed-oferta-2020-2\/","title":{"rendered":"Edital 383\/2020 \u2014 Sele\u00e7\u00e3o para cursos de extens\u00e3o do Caed (oferta 2020\/2)"},"content":{"rendered":"<p><a href=\"https:\/\/www.ufmg.br\/dedd\/wp-content\/uploads\/2022\/04\/Edital-383-2020-Resultado-Final.pdf\">Resultado final \u2014 Sele\u00e7\u00e3o para cursos de extens\u00e3o do Caed (oferta 2020\/2)<\/a> (publicado em 25\/09\/2020)<\/p>\n<p><a href=\"https:\/\/www.ufmg.br\/dedd\/wp-content\/uploads\/2022\/04\/Edital-383-2020-Resultado-Preliminar.pdf\">Resultado provis\u00f3rio \u2014 Sele\u00e7\u00e3o para cursos de extens\u00e3o do Caed<\/a> (oferta 2020\/2) (publicado em 09\/09\/2020)<\/p>\n<p><a href=\"https:\/\/www.ufmg.br\/dedd\/wp-content\/uploads\/2022\/04\/Edital-383-2020-Portaria-Comissao.pdf\">Portaria n. 4680\/2020 \u2014 Designa membros da comiss\u00e3o examinadora do processo seletivo<\/a> (publicado em 03\/09\/2020)<\/p>\n<p><a href=\"https:\/\/www.ufmg.br\/dedd\/wp-content\/uploads\/2022\/04\/Edital-383-2020-edital-cursos-de-extensao.pdf\">Edital 383\/2020 \u2014 Sele\u00e7\u00e3o para cursos de extens\u00e3o do Caed<\/a> (oferta 2020\/2)<\/p>\n","protected":false},"excerpt":{"rendered":"<p>Resultado final \u2014 Sele\u00e7\u00e3o para cursos de extens\u00e3o do Caed [&hellip;]<\/p>\n","protected":false},"author":5,"featured_media":0,"parent":9337,"menu_order":0,"comment_status":"closed","ping_status":"closed","template":"","meta":[],"categories":[220,209],"tags":[],"acf":[],"_links":{"self":[{"href":"https:\/\/www.ufmg.br\/dedd\/wp-json\/wp\/v2\/pages\/8993"}],"collection":[{"href":"https:\/\/www.ufmg.br\/dedd\/wp-json\/wp\/v2\/pages"}],"about":[{"href":"https:\/\/www.ufmg.br\/dedd\/wp-json\/wp\/v2\/types\/page"}],"author":[{"embeddable":true,"href":"https:\/\/www.ufmg.br\/dedd\/wp-json\/wp\/v2\/users\/5"}],"replies":[{"embeddable":true,"href":"https:\/\/www.ufmg.br\/dedd\/wp-json\/wp\/v2\/comments?post=8993"}],"version-history":[{"count":4,"href":"https:\/\/www.ufmg.br\/dedd\/wp-json\/wp\/v2\/pages\/8993\/revisions"}],"predecessor-version":[{"id":9001,"href":"https:\/\/www.ufmg.br\/dedd\/wp-json\/wp\/v2\/pages\/8993\/revisions\/9001"}],"up":[{"embeddable":true,"href":"https:\/\/www.ufmg.br\/dedd\/wp-json\/wp\/v2\/pages\/9337"}],"wp:attachment":[{"href":"https:\/\/www.ufmg.br\/dedd\/wp-json\/wp\/v2\/media?parent=8993"}],"wp:term":[{"taxonomy":"category","embeddable":true,"href":"https:\/\/www.ufmg.br\/dedd\/wp-json\/wp\/v2\/categories?post=8993"},{"taxonomy":"post_tag","embeddable":true,"href":"https:\/\/www.ufmg.br\/dedd\/wp-json\/wp\/v2\/tags?post=8993"}],"curies":[{"name":"wp","href":"https:\/\/api.w.org\/{rel}","templated":true}]}}

Edital 383/2020 — Seleção para cursos de extensão do Caed (oferta 2020/2)

<p><a href="https://www.ufmg.br/dedd/wp-content/uploads/2022/04/Edital-383-2020-Resultado-Final.pdf">Resultado final — Seleção para cursos de extensão do Caed (oferta 2020/2)</a> (publicado em 25/09/2020)</p>
<p><a href="https://www.ufmg.br/dedd/wp-content/uploads/2022/04/Edital-383-2020-Resultado-Preliminar.pdf">Resultado provisório — Seleção para cursos de extensão do Caed</a> (oferta 2020/2) (publicado em 09/09/2020)</p>
<p><a href="https://www.ufmg.br/dedd/wp-content/uploads/2022/04/Edital-383-2020-Portaria-Comissao.pdf">Portaria n. 4680/2020 — Designa membros da comissão examinadora do processo seletivo</a> (publicado em 03/09/2020)</p>
<p><a href="https://www.ufmg.br/dedd/wp-content/uploads/2022/04/Edital-383-2020-edital-cursos-de-extensao.pdf">Edital 383/2020 — Seleção para cursos de extensão do Caed</a> (oferta 2020/2)</p>

<p>Resultado final — Seleção para cursos de extensão do Caed [&hellip;]</p>
