{"id":9038,"date":"2022-04-19T12:35:53","date_gmt":"2022-04-19T15:35:53","guid":{"rendered":"https:\/\/www.ufmg.br\/dedd\/?page_id=9038"},"modified":"2024-07-03T15:02:14","modified_gmt":"2024-07-03T18:02:14","slug":"selecoes-em2019","status":"publish","type":"page","link":"https:\/\/www.ufmg.br\/dedd\/selecoes-em2019\/","title":{"rendered":"Sele\u00e7\u00f5es em 2019"},"content":{"rendered":"<p><a href=\"https:\/\/www.ufmg.br\/dedd\/edital-09-2019-selecao-de-tutores-para-a-especializacao-em-gestao-de-instituicoes-federais-de-educacao-superior\/\">Edital 09\/2019 &#8211; Sele\u00e7\u00e3o de tutores para a especializa\u00e7\u00e3o em Gest\u00e3o de Institui\u00e7\u00f5es Federais de Educa\u00e7\u00e3o Superior<\/a><\/p>\n<p><a href=\"https:\/\/www.ufmg.br\/dedd\/edital-08-2019-selecao-de-monitores-para-o-curso-de-ciencias-biologicas-a-distancia\/\">Edital 08\/2019 &#8211; Sele\u00e7\u00e3o de monitores para o curso de Ci\u00eancias Biol\u00f3gicas a dist\u00e2ncia<\/a><\/p>\n<p><a href=\"https:\/\/www.ufmg.br\/dedd\/edital-07-2019-selecao-de-alunos-para-cursos-de-extensao-do-caed-ufmg\/\">Edital 07\/2019 &#8211; Sele\u00e7\u00e3o de alunos para cursos de extens\u00e3o do Caed\/UFMG<\/a><\/p>\n<p><a href=\"https:\/\/www.ufmg.br\/dedd\/edital-06-2019-selecao-de-tutor-para-o-curso-de-ciencias-biologicas-a-distancia\/\">Edital 06\/2019 &#8211; Sele\u00e7\u00e3o de tutor para o curso de Ci\u00eancias Biol\u00f3gicas a dist\u00e2ncia<\/a><\/p>\n<p><a href=\"https:\/\/www.ufmg.br\/dedd\/edital-05-2019-selecao-de-professor-orientador-do-curso-de-especializacao-em-formacao-de-educadores-em-saude-cefes\/\">Edital 05\/2019 &#8211; Sele\u00e7\u00e3o de professor orientador do curso de especializa\u00e7\u00e3o em Forma\u00e7\u00e3o de Educadores em Sa\u00fade (Cefes)<\/a><\/p>\n<p><a href=\"https:\/\/www.ufmg.br\/dedd\/edital-004-2019-processo-seletivo-de-graduando-em-pedagogia-para-bolsa-de-monitoria\/\">Edital 004\/2019 &#8211; Processo Seletivo de Graduando em Pedagogia para Bolsa de Monitoria<\/a><\/p>\n<p><a href=\"https:\/\/www.ufmg.br\/dedd\/edital-003-2019-processo-seletivo-de-graduando-em-quimica-para-bolsa-de-monitoria\/\">Edital 003\/2019 &#8211; Processo Seletivo de Graduando em Qu\u00edmica para Bolsa de Monitoria<\/a><\/p>\n<p><a href=\"https:\/\/www.ufmg.br\/dedd\/edital-02-2019-processo-seletivo-de-professores-orientadores-para-a-pos-graduacao-lato-sensu-em-projetos-sociais-formulacao-e-monitoramento\/\">Edital 02\/2019 &#8211; Processo seletivo de professores orientadores para a p\u00f3s-gradua\u00e7\u00e3o lato sensu em Projetos Sociais: Formula\u00e7\u00e3o e Monitoramento<\/a><\/p>\n<p><a href=\"https:\/\/www.ufmg.br\/dedd\/edital-001-2019-processo-seletivo-para-professor-formados-da-pos-graduacao-em-gestao-de-instituicoes-federais-de-educacao-superior\/\">Edital 001\/2019 &#8211; Processo seletivo para professor formados da p\u00f3s-gradua\u00e7\u00e3o em Gest\u00e3o de Institui\u00e7\u00f5es Federais de Educa\u00e7\u00e3o Superior<\/a><\/p>\n<p>&nbsp;<\/p>\n<p>&nbsp;<\/p>\n<p>&nbsp;<\/p>\n<p>&nbsp;<\/p>\n<p>&nbsp;<\/p>\n<p>&nbsp;<\/p>\n<p>&nbsp;<\/p>\n","protected":false},"excerpt":{"rendered":"<p>Edital 09\/2019 &#8211; Sele\u00e7\u00e3o de tutores para a especializa\u00e7\u00e3o em [&hellip;]<\/p>\n","protected":false},"author":5,"featured_media":0,"parent":0,"menu_order":0,"comment_status":"closed","ping_status":"closed","template":"","meta":[],"categories":[],"tags":[],"acf":[],"_links":{"self":[{"href":"https:\/\/www.ufmg.br\/dedd\/wp-json\/wp\/v2\/pages\/9038"}],"collection":[{"href":"https:\/\/www.ufmg.br\/dedd\/wp-json\/wp\/v2\/pages"}],"about":[{"href":"https:\/\/www.ufmg.br\/dedd\/wp-json\/wp\/v2\/types\/page"}],"author":[{"embeddable":true,"href":"https:\/\/www.ufmg.br\/dedd\/wp-json\/wp\/v2\/users\/5"}],"replies":[{"embeddable":true,"href":"https:\/\/www.ufmg.br\/dedd\/wp-json\/wp\/v2\/comments?post=9038"}],"version-history":[{"count":15,"href":"https:\/\/www.ufmg.br\/dedd\/wp-json\/wp\/v2\/pages\/9038\/revisions"}],"predecessor-version":[{"id":9136,"href":"https:\/\/www.ufmg.br\/dedd\/wp-json\/wp\/v2\/pages\/9038\/revisions\/9136"}],"wp:attachment":[{"href":"https:\/\/www.ufmg.br\/dedd\/wp-json\/wp\/v2\/media?parent=9038"}],"wp:term":[{"taxonomy":"category","embeddable":true,"href":"https:\/\/www.ufmg.br\/dedd\/wp-json\/wp\/v2\/categories?post=9038"},{"taxonomy":"post_tag","embeddable":true,"href":"https:\/\/www.ufmg.br\/dedd\/wp-json\/wp\/v2\/tags?post=9038"}],"curies":[{"name":"wp","href":"https:\/\/api.w.org\/{rel}","templated":true}]}}