{"id":9081,"date":"2022-04-20T08:39:45","date_gmt":"2022-04-20T11:39:45","guid":{"rendered":"https:\/\/www.ufmg.br\/dedd\/?page_id=9081"},"modified":"2024-07-03T15:53:34","modified_gmt":"2024-07-03T18:53:34","slug":"edital-05-2019-selecao-de-professor-orientador-do-curso-de-especializacao-em-formacao-de-educadores-em-saude-cefes","status":"publish","type":"page","link":"https:\/\/www.ufmg.br\/dedd\/servicos-o-que-fazemos\/edital-05-2019-selecao-de-professor-orientador-do-curso-de-especializacao-em-formacao-de-educadores-em-saude-cefes\/","title":{"rendered":"Edital 05\/2019 \u2014 Sele\u00e7\u00e3o de professor orientador do curso de especializa\u00e7\u00e3o em Forma\u00e7\u00e3o de Educadores em Sa\u00fade (Cefes)"},"content":{"rendered":"<p><a href=\"https:\/\/www.ufmg.br\/dedd\/wp-content\/uploads\/2022\/04\/Edital-05-2019-Resultado-Final.pdf\">Edital 05\/2019 \u2014 Resultado final da sele\u00e7\u00e3o de bolsista do programa UAB, para atuar na fun\u00e7\u00e3o de professor formador I e II do curso de especializa\u00e7\u00e3o em Forma\u00e7\u00e3o de Educadores em Sa\u00fade (Cefes)<\/a> (publicado em 10\/9\/19)<\/p>\n<p><a href=\"https:\/\/www.ufmg.br\/dedd\/wp-content\/uploads\/2022\/04\/Edital-05-2019-Resultado-Preliminar-Etapas-I-e-II.pdf\">Edital 05\/2019 \u2014 Resultado preliminar da sele\u00e7\u00e3o de bolsista do programa UAB, para atuar na fun\u00e7\u00e3o de professor formador I e II do curso de especializa\u00e7\u00e3o em Forma\u00e7\u00e3o de Educadores em Sa\u00fade (Cefes)<\/a> (publicado em 22\/8\/19)<\/p>\n<p><a href=\"https:\/\/www.ufmg.br\/dedd\/wp-content\/uploads\/2022\/04\/Edital-05-2019-Retificacao-ao-edital.pdf\">Edital 005\/2019 \u2014 Retifica\u00e7\u00e3o ao edital de sele\u00e7\u00e3o de bolsista do programa UAB, para atuar na fun\u00e7\u00e3o de professor formador I e II do curso de especializa\u00e7\u00e3o em Forma\u00e7\u00e3o de Educadores em Sa\u00fade (Cefes) <\/a>(publicado em 22\/8\/19)<\/p>\n<p><a href=\"https:\/\/www.ufmg.br\/dedd\/wp-content\/uploads\/2022\/04\/Edital-05-2019-portaria-Comissao.pdf\">Edital 05\/2019 \u2014 Portaria de designa\u00e7\u00e3o de membros da comiss\u00e3o de sele\u00e7\u00e3o de bolsista do programa UAB, para atuar na fun\u00e7\u00e3o de professor formador I e II do curso de especializa\u00e7\u00e3o em Forma\u00e7\u00e3o de Educadores em Sa\u00fade<\/a> (Cefes) (publicado em 14\/8\/19)<\/p>\n<p><a href=\"https:\/\/www.ufmg.br\/dedd\/wp-content\/uploads\/2022\/04\/Edital-05-2019-edital.pdf\">Edital 005\/2019 \u2014 Sele\u00e7\u00e3o para bolsista do programa UAB, para atuar na fun\u00e7\u00e3o de professor formador I e II do curso de especializa\u00e7\u00e3o em Forma\u00e7\u00e3o de Educadores em Sa\u00fade (Cefes)<\/a> (publicado em 10\/7\/19)<\/p>\n","protected":false},"excerpt":{"rendered":"<p>Edital 05\/2019 \u2014 Resultado final da sele\u00e7\u00e3o de bolsista do [&hellip;]<\/p>\n","protected":false},"author":5,"featured_media":0,"parent":9337,"menu_order":0,"comment_status":"closed","ping_status":"closed","template":"","meta":[],"categories":[220,209],"tags":[],"acf":[],"_links":{"self":[{"href":"https:\/\/www.ufmg.br\/dedd\/wp-json\/wp\/v2\/pages\/9081"}],"collection":[{"href":"https:\/\/www.ufmg.br\/dedd\/wp-json\/wp\/v2\/pages"}],"about":[{"href":"https:\/\/www.ufmg.br\/dedd\/wp-json\/wp\/v2\/types\/page"}],"author":[{"embeddable":true,"href":"https:\/\/www.ufmg.br\/dedd\/wp-json\/wp\/v2\/users\/5"}],"replies":[{"embeddable":true,"href":"https:\/\/www.ufmg.br\/dedd\/wp-json\/wp\/v2\/comments?post=9081"}],"version-history":[{"count":3,"href":"https:\/\/www.ufmg.br\/dedd\/wp-json\/wp\/v2\/pages\/9081\/revisions"}],"predecessor-version":[{"id":9089,"href":"https:\/\/www.ufmg.br\/dedd\/wp-json\/wp\/v2\/pages\/9081\/revisions\/9089"}],"up":[{"embeddable":true,"href":"https:\/\/www.ufmg.br\/dedd\/wp-json\/wp\/v2\/pages\/9337"}],"wp:attachment":[{"href":"https:\/\/www.ufmg.br\/dedd\/wp-json\/wp\/v2\/media?parent=9081"}],"wp:term":[{"taxonomy":"category","embeddable":true,"href":"https:\/\/www.ufmg.br\/dedd\/wp-json\/wp\/v2\/categories?post=9081"},{"taxonomy":"post_tag","embeddable":true,"href":"https:\/\/www.ufmg.br\/dedd\/wp-json\/wp\/v2\/tags?post=9081"}],"curies":[{"name":"wp","href":"https:\/\/api.w.org\/{rel}","templated":true}]}}