{"id":9182,"date":"2022-04-20T11:18:11","date_gmt":"2022-04-20T14:18:11","guid":{"rendered":"https:\/\/www.ufmg.br\/dedd\/?page_id=9182"},"modified":"2024-07-03T15:53:34","modified_gmt":"2024-07-03T18:53:34","slug":"estagiario-tic","status":"publish","type":"page","link":"https:\/\/www.ufmg.br\/dedd\/servicos-o-que-fazemos\/estagiario-tic\/","title":{"rendered":"Edital 010\/2018 &#8211; Sele\u00e7\u00e3o de estagi\u00e1rio para o setor de Tecnologia de Informa\u00e7\u00e3o e Comunica\u00e7\u00e3o (TICs)"},"content":{"rendered":"<p><a href=\"https:\/\/www.ufmg.br\/dedd\/wp-content\/uploads\/2022\/04\/Edital-010-2018-Resultado-Final.pdf\">Resultado final<\/a> (publicado em 11\/05\/2018)<\/p>\n<p><a href=\"https:\/\/www.ufmg.br\/dedd\/wp-content\/uploads\/2022\/04\/Edital-010-2018-Resultado-Parcial.pdf\">Resultado parcial<\/a> \u2013 Convoca\u00e7\u00e3o para entrevistas (publicado em 08\/05\/2018)<\/p>\n<p><a href=\"https:\/\/www.ufmg.br\/dedd\/wp-content\/uploads\/2022\/04\/Edital-010-2018-Estagiario-TIC.pdf\">Edital 010\/2018 \u2014 Sele\u00e7\u00e3o de estagi\u00e1rio para o setor de Tecnologia de Informa\u00e7\u00e3o e Comunica\u00e7\u00e3o<\/a> (TICs) (publicado em 17\/08\/2018)<\/p>\n<p>&nbsp;<\/p>\n<p>&nbsp;<\/p>\n","protected":false},"excerpt":{"rendered":"<p>Resultado final (publicado em 11\/05\/2018) Resultado parcial \u2013 Convoca\u00e7\u00e3o para [&hellip;]<\/p>\n","protected":false},"author":5,"featured_media":0,"parent":9337,"menu_order":0,"comment_status":"closed","ping_status":"closed","template":"","meta":[],"categories":[220,209],"tags":[],"acf":[],"_links":{"self":[{"href":"https:\/\/www.ufmg.br\/dedd\/wp-json\/wp\/v2\/pages\/9182"}],"collection":[{"href":"https:\/\/www.ufmg.br\/dedd\/wp-json\/wp\/v2\/pages"}],"about":[{"href":"https:\/\/www.ufmg.br\/dedd\/wp-json\/wp\/v2\/types\/page"}],"author":[{"embeddable":true,"href":"https:\/\/www.ufmg.br\/dedd\/wp-json\/wp\/v2\/users\/5"}],"replies":[{"embeddable":true,"href":"https:\/\/www.ufmg.br\/dedd\/wp-json\/wp\/v2\/comments?post=9182"}],"version-history":[{"count":4,"href":"https:\/\/www.ufmg.br\/dedd\/wp-json\/wp\/v2\/pages\/9182\/revisions"}],"predecessor-version":[{"id":9189,"href":"https:\/\/www.ufmg.br\/dedd\/wp-json\/wp\/v2\/pages\/9182\/revisions\/9189"}],"up":[{"embeddable":true,"href":"https:\/\/www.ufmg.br\/dedd\/wp-json\/wp\/v2\/pages\/9337"}],"wp:attachment":[{"href":"https:\/\/www.ufmg.br\/dedd\/wp-json\/wp\/v2\/media?parent=9182"}],"wp:term":[{"taxonomy":"category","embeddable":true,"href":"https:\/\/www.ufmg.br\/dedd\/wp-json\/wp\/v2\/categories?post=9182"},{"taxonomy":"post_tag","embeddable":true,"href":"https:\/\/www.ufmg.br\/dedd\/wp-json\/wp\/v2\/tags?post=9182"}],"curies":[{"name":"wp","href":"https:\/\/api.w.org\/{rel}","templated":true}]}}