{"id":9255,"date":"2022-04-25T09:11:32","date_gmt":"2022-04-25T12:11:32","guid":{"rendered":"https:\/\/www.ufmg.br\/dedd\/?page_id=9255"},"modified":"2024-07-03T15:53:33","modified_gmt":"2024-07-03T18:53:33","slug":"edital-002-2018-selecao-de-estagiario-para-o-programa-nacional-de-formacao-em-administracao-publica-pnap-na-ufmg","status":"publish","type":"page","link":"https:\/\/www.ufmg.br\/dedd\/servicos-o-que-fazemos\/edital-002-2018-selecao-de-estagiario-para-o-programa-nacional-de-formacao-em-administracao-publica-pnap-na-ufmg\/","title":{"rendered":"Edital 002\/2018 \u2013 Sele\u00e7\u00e3o de estagi\u00e1rio para o Programa Nacional de Forma\u00e7\u00e3o em Administra\u00e7\u00e3o P\u00fablica (PNAP) na UFMG"},"content":{"rendered":"<p><a href=\"https:\/\/www.ufmg.br\/dedd\/wp-content\/uploads\/2022\/04\/Edital-02-2018-Resultado-Final.pdf\">Resultado final<\/a> (publicado em 12\/03\/2018)<\/p>\n<p><a href=\"https:\/\/www.ufmg.br\/dedd\/wp-content\/uploads\/2022\/04\/Edital-02-2018-Resultado-Preliminar-apos-entrevista.pdf\">Resultado parcial \u2013 classifica\u00e7\u00e3o ap\u00f3s a entrevista<\/a> (publicado em 08\/03\/2018)<\/p>\n<p><a href=\"https:\/\/www.ufmg.br\/dedd\/wp-content\/uploads\/2022\/04\/Edital-02-2018-Resultado-Preliminar-Convocacao-para-entrevista.pdf\">Resultado parcial \u2013 convoca\u00e7\u00e3o para entrevistas<\/a> (publicado em 20\/02\/2018)<\/p>\n<p><a href=\"https:\/\/www.ufmg.br\/dedd\/wp-content\/uploads\/2022\/04\/Edital-02-2018-Ret-2.pdf\">Ato 2 de retifica\u00e7\u00e3o ao edital de sele\u00e7\u00e3o<\/a> (publicado em 19\/02\/2018)<\/p>\n<p><a href=\"https:\/\/www.ufmg.br\/dedd\/wp-content\/uploads\/2022\/04\/Edital-02-2018-Ret-1.pdf\">Ato 1 de retifica\u00e7\u00e3o ao edital de sele\u00e7\u00e3o<\/a> (publicado em 15\/02\/2018)<\/p>\n<p><a href=\"https:\/\/www.ufmg.br\/dedd\/wp-content\/uploads\/2022\/04\/Edital-02-2018-Estagiario-PNAP.pdf\">Edital de sele\u00e7\u00e3o<\/a> (publicado em 01\/02\/2018)<\/p>\n","protected":false},"excerpt":{"rendered":"<p>Resultado final (publicado em 12\/03\/2018) Resultado parcial \u2013 classifica\u00e7\u00e3o ap\u00f3s [&hellip;]<\/p>\n","protected":false},"author":5,"featured_media":0,"parent":9337,"menu_order":0,"comment_status":"closed","ping_status":"closed","template":"","meta":[],"categories":[220,209],"tags":[],"acf":[],"_links":{"self":[{"href":"https:\/\/www.ufmg.br\/dedd\/wp-json\/wp\/v2\/pages\/9255"}],"collection":[{"href":"https:\/\/www.ufmg.br\/dedd\/wp-json\/wp\/v2\/pages"}],"about":[{"href":"https:\/\/www.ufmg.br\/dedd\/wp-json\/wp\/v2\/types\/page"}],"author":[{"embeddable":true,"href":"https:\/\/www.ufmg.br\/dedd\/wp-json\/wp\/v2\/users\/5"}],"replies":[{"embeddable":true,"href":"https:\/\/www.ufmg.br\/dedd\/wp-json\/wp\/v2\/comments?post=9255"}],"version-history":[{"count":3,"href":"https:\/\/www.ufmg.br\/dedd\/wp-json\/wp\/v2\/pages\/9255\/revisions"}],"predecessor-version":[{"id":9264,"href":"https:\/\/www.ufmg.br\/dedd\/wp-json\/wp\/v2\/pages\/9255\/revisions\/9264"}],"up":[{"embeddable":true,"href":"https:\/\/www.ufmg.br\/dedd\/wp-json\/wp\/v2\/pages\/9337"}],"wp:attachment":[{"href":"https:\/\/www.ufmg.br\/dedd\/wp-json\/wp\/v2\/media?parent=9255"}],"wp:term":[{"taxonomy":"category","embeddable":true,"href":"https:\/\/www.ufmg.br\/dedd\/wp-json\/wp\/v2\/categories?post=9255"},{"taxonomy":"post_tag","embeddable":true,"href":"https:\/\/www.ufmg.br\/dedd\/wp-json\/wp\/v2\/tags?post=9255"}],"curies":[{"name":"wp","href":"https:\/\/api.w.org\/{rel}","templated":true}]}}