{"id":9294,"date":"2022-04-26T09:00:16","date_gmt":"2022-04-26T12:00:16","guid":{"rendered":"https:\/\/www.ufmg.br\/dedd\/?page_id=9294"},"modified":"2026-01-05T11:24:42","modified_gmt":"2026-01-05T14:24:42","slug":"cursos-de-graduacao-3","status":"publish","type":"page","link":"https:\/\/www.ufmg.br\/dedd\/cursos-de-graduacao-3\/","title":{"rendered":"Cursos de Gradua\u00e7\u00e3o"},"content":{"rendered":"<p style=\"text-align: justify;\">Os cursos de gradua\u00e7\u00e3o conferem os graus de bacharel ou de licenciado. Para curs\u00e1-los, \u00e9 necess\u00e1rio ter conclu\u00eddo o Ensino M\u00e9dio ou equivalente e ter sido selecionado por meio de processo seletivo.<\/p>\n<p style=\"text-align: justify;\">No caso das gradua\u00e7\u00f5es a dist\u00e2ncia, o ingresso se d\u00e1 por meio de aprova\u00e7\u00e3o em vestibular espec\u00edfico, regido por edital pr\u00f3prio, que adota a nota do Enem e outros crit\u00e9rios como situa\u00e7\u00e3o socioecon\u00f4mica e atua\u00e7\u00e3o profissional &#8212; se \u00e9 ou n\u00e3o professor da rede p\u00fablica de ensino, por exemplo.<\/p>\n<p style=\"text-align: justify;\">Todas as forma\u00e7\u00f5es s\u00e3o ministradas na modalidade semipresencial, com atividades e avalia\u00e7\u00f5es nos polos de apoio do programa UAB (Universidade Aberta do Brasil), com a frequ\u00eancia indicada pelo professor respons\u00e1vel pela disciplina.<\/p>\n<p>Para conferir os cursos de gradua\u00e7\u00e3o j\u00e1 ofertados com o apoio da DEDD, acesse a <a href=\"https:\/\/www.ufmg.br\/dedd\/wp-content\/uploads\/2022\/06\/Relacao-de-cursos-ja-ofertados-Graduacao-.pdf\">rela\u00e7\u00e3o dispon\u00edvel<\/a>.<\/p>\n<p style=\"text-align: justify;\">Atualmente, a UFMG oferta, por meio do programa UAB (Universidade Aberta do Brasil), os seguintes cursos:<\/p>\n<p style=\"text-align: justify;\"><style>#sp-ea-9279 .spcollapsing { height: 0; overflow: hidden; transition-property: height;transition-duration: 500ms;}#sp-ea-9279.sp-easy-accordion>.sp-ea-single {border: 1px solid #e2e2e2; }#sp-ea-9279.sp-easy-accordion>.sp-ea-single>.ea-header a {color: #444;}#sp-ea-9279.sp-easy-accordion>.sp-ea-single>.sp-collapse>.ea-body {background: #fff; color: #444;}#sp-ea-9279.sp-easy-accordion>.sp-ea-single {background: #eee;}#sp-ea-9279.sp-easy-accordion>.sp-ea-single>.ea-header a .ea-expand-icon.fa { float: left; color: #444;font-size: 16px;}<\/style><div id=\"sp-ea-9279\" class=\"sp-ea-one sp-easy-accordion\" data-ex-icon=\"fa-minus\" data-col-icon=\"fa-plus\"  data-ea-active=\"ea-click\"  data-ea-mode=\"vertical\" data-preloader=\"\" data-scroll-active-item=\"\" data-offset-to-scroll=\"0\"><div class=\"ea-card ea-expand sp-ea-single\"><h3 class=\"ea-header\"><a class=\"collapsed\" data-sptoggle=\"spcollapse\" data-sptarget=#collapse92790 href=\"javascript:void(0)\"  aria-expanded=\"true\"><i class=\"ea-expand-icon fa fa-minus\"><\/i> Ci\u00eancias Biol\u00f3gicas <\/a><\/h3><div class=\"sp-collapse spcollapse collapsed show\" id=\"collapse92790\" data-parent=#sp-ea-9279><div class=\"ea-body\"><p><span style=\"font-weight: 400;\">O curso de gradua\u00e7\u00e3o em Ci\u00eancias Biol\u00f3gicas na modalidade licenciatura a dist\u00e2ncia foi implantado em 2007, em atendimento a editais do MEC. Seu objetivo \u00e9 a forma\u00e7\u00e3o de profissionais capacitados para o exerc\u00edcio de atividades docentes nas diversas \u00e1reas da Biologia.<\/span><\/p>\n<p><b>Modalidade<\/b><span style=\"font-weight: 400;\">: integraliza\u00e7\u00e3o m\u00ednima em nove semestres e m\u00e1xima em 13 semestres.\u00a0<\/span><\/p>\n<p><b>Ofertante<\/b><span style=\"font-weight: 400;\">: Instituto de Ci\u00eancias Biol\u00f3gicas, em conv\u00eanio com a Secretaria de Estado de Ci\u00eancia e Tecnologia (SECT), Secretaria de Estado da Educa\u00e7\u00e3o (SEEMG) e as prefeituras dos polos fomento do programa Universidade Aberta do Brasil (UAB).\u00a0<\/span><\/p>\n<p><b>Carga hor\u00e1ria<\/b><span style=\"font-weight: 400;\">: 2.910 horas, distribu\u00eddas ao longo de dez semestres.\u00a0<\/span><\/p>\n<p><b>Dura\u00e7\u00e3o do curso<\/b><span style=\"font-weight: 400;\">: integraliza\u00e7\u00e3o m\u00ednima em nove semestres e m\u00e1xima em 13 semestres.\u00a0<\/span><\/p>\n<p><b>Organiza\u00e7\u00e3o<\/b><span style=\"font-weight: 400;\">: o curso tem uma organiza\u00e7\u00e3o modular, na modalidade de educa\u00e7\u00e3o a dist\u00e2ncia com momentos presenciais.\u00a0<\/span><\/p>\n<p><span style=\"font-weight: 400;\">A carga hor\u00e1ria compreende conte\u00fados curriculares de natureza acad\u00eamico-cient\u00edfico-cultural e disciplinas optativas, disciplinas pedag\u00f3gico-te\u00f3ricas e atividades pr\u00e1ticas como componente curricular, vivenciadas ao longo do curso, e est\u00e1gio curricular supervisionado.\u00a0<\/span><\/p>\n<p><span style=\"font-weight: 400;\">A carga hor\u00e1ria presencial do curso inclui pr\u00e1ticas de laborat\u00f3rios, trabalhos de campo, atendimento aos alunos por meio de tutorias, semin\u00e1rios, videoconfer\u00eancias, participa\u00e7\u00e3o em f\u00f3runs e atividades avaliativas.<\/span><\/p>\n<p><b>Matriz curricular: <\/b><span style=\"font-weight: 400;\">a ser disponibilizada<\/span><\/p>\n<p><strong>Coordena\u00e7\u00e3o:\u00a0<\/strong><\/p>\n<p><span style=\"font-weight: 400;\">Profa: Eliane Novato Silva<\/span><\/p>\n<p><span style=\"font-weight: 400;\">Email:\u00a0 <\/span><a href=\"mailto:ead@icb.ufmg.br\"><span style=\"font-weight: 400;\">ead@icb.ufmg.br<\/span><\/a><span style=\"font-weight: 400;\"> e <\/span><a href=\"mailto:eadbiologia@gmail.com\"><span style=\"font-weight: 400;\">eadbiologia@gmail.com<\/span><\/a><span style=\"font-weight: 400;\"> .\u00a0<\/span><\/p>\n<p><span style=\"font-weight: 400;\">Telefone: (31) 3409-2514.\u00a0<\/span><\/p>\n<\/div><\/div><\/div><div class=\"ea-card  sp-ea-single\"><h3 class=\"ea-header\"><a class=\"collapsed\" data-sptoggle=\"spcollapse\" data-sptarget=#collapse92791 href=\"javascript:void(0)\"  aria-expanded=\"false\"><i class=\"ea-expand-icon fa fa-plus\"><\/i> Qu\u00edmica <\/a><\/h3><div class=\"sp-collapse spcollapse \" id=\"collapse92791\" data-parent=#sp-ea-9279><div class=\"ea-body\"><p><span style=\"font-weight: 400;\">O curso de gradua\u00e7\u00e3o em Qu\u00edmica na modalidade a dist\u00e2ncia \u00e9 ofertado desde 2007 e visa \u00e0 forma\u00e7\u00e3o de profissionais habilitados para lecionar Qu\u00edmica no Ensino M\u00e9dio e Ci\u00eancias nas s\u00e9ries finais do Ensino Fundamental, introduzindo os estudantes no universo do discurso cient\u00edfico e na pr\u00e1tica educativa.\u00a0<\/span><\/p>\n<p><b>Modalidade:<\/b><span style=\"font-weight: 400;\"> Licenciatura<\/span><\/p>\n<p><b>Ofertante:<\/b><span style=\"font-weight: 400;\"> Instituto de Ci\u00eancias Exatas, em conv\u00eanio com a Secretaria de Estado de Ci\u00eancia e Tecnologia \u2013 SECT, Secretaria de Estado da Educa\u00e7\u00e3o \u2013 SEEMG e as prefeituras dos polos e fomento do programa Universidade Aberta do Brasil (UAB).\u00a0<\/span><\/p>\n<p><b>Carga hor\u00e1ria: <\/b><span style=\"font-weight: 400;\">2850 horas<\/span><b>\u00a0<\/b><\/p>\n<p><b>Dura\u00e7\u00e3o do curso: <\/b><span style=\"font-weight: 400;\">integraliza\u00e7\u00e3o m\u00ednima em nove semestres e m\u00e1xima em 13 semestres.\u00a0<\/span><\/p>\n<p><b>Organiza\u00e7\u00e3o<\/b><span style=\"font-weight: 400;\">: o curso \u00e9 ofertado prioritariamente a dist\u00e2ncia, formato pelo qual s\u00e3o ministradas disciplinas de natureza cient\u00edfico-cultural, com momentos presenciais que incluem pr\u00e1ticas de\u00a0 laborat\u00f3rios, atendimento aos alunos por meio de tutorias, semin\u00e1rios, videoconfer\u00eancias, participa\u00e7\u00e3o em f\u00f3runs e atividades avaliativas.<\/span><\/p>\n<p><b>Matriz curricular:\u00a0<\/b><\/p>\n<p><b>Coordena\u00e7\u00e3o:\u00a0<\/b><\/p>\n<p><span style=\"font-weight: 400;\">Prof: Amary Cesar<\/span><\/p>\n<p><span style=\"font-weight: 400;\">Email: <\/span><span style=\"font-weight: 400;\">yrra@ufmg.br\u00a0<\/span><\/p>\n<p><span style=\"font-weight: 400;\">Telefone: (31) 3409-6374<\/span><\/p>\n<\/div><\/div><\/div><\/div><\/p>\n","protected":false},"excerpt":{"rendered":"<p>Os cursos de gradua\u00e7\u00e3o conferem os graus de bacharel ou [&hellip;]<\/p>\n","protected":false},"author":5,"featured_media":0,"parent":0,"menu_order":0,"comment_status":"closed","ping_status":"closed","template":"","meta":[],"categories":[],"tags":[],"acf":[],"_links":{"self":[{"href":"https:\/\/www.ufmg.br\/dedd\/wp-json\/wp\/v2\/pages\/9294"}],"collection":[{"href":"https:\/\/www.ufmg.br\/dedd\/wp-json\/wp\/v2\/pages"}],"about":[{"href":"https:\/\/www.ufmg.br\/dedd\/wp-json\/wp\/v2\/types\/page"}],"author":[{"embeddable":true,"href":"https:\/\/www.ufmg.br\/dedd\/wp-json\/wp\/v2\/users\/5"}],"replies":[{"embeddable":true,"href":"https:\/\/www.ufmg.br\/dedd\/wp-json\/wp\/v2\/comments?post=9294"}],"version-history":[{"count":11,"href":"https:\/\/www.ufmg.br\/dedd\/wp-json\/wp\/v2\/pages\/9294\/revisions"}],"predecessor-version":[{"id":14473,"href":"https:\/\/www.ufmg.br\/dedd\/wp-json\/wp\/v2\/pages\/9294\/revisions\/14473"}],"wp:attachment":[{"href":"https:\/\/www.ufmg.br\/dedd\/wp-json\/wp\/v2\/media?parent=9294"}],"wp:term":[{"taxonomy":"category","embeddable":true,"href":"https:\/\/www.ufmg.br\/dedd\/wp-json\/wp\/v2\/categories?post=9294"},{"taxonomy":"post_tag","embeddable":true,"href":"https:\/\/www.ufmg.br\/dedd\/wp-json\/wp\/v2\/tags?post=9294"}],"curies":[{"name":"wp","href":"https:\/\/api.w.org\/{rel}","templated":true}]}}