{"id":9360,"date":"2022-05-02T08:34:29","date_gmt":"2022-05-02T11:34:29","guid":{"rendered":"https:\/\/www.ufmg.br\/dedd\/?page_id=9360"},"modified":"2026-04-02T11:20:05","modified_gmt":"2026-04-02T14:20:05","slug":"servicos-prestados","status":"publish","type":"page","link":"https:\/\/www.ufmg.br\/dedd\/servicos-o-que-fazemos\/servicos-prestados\/","title":{"rendered":"Servi\u00e7os prestados"},"content":{"rendered":"<p><span style=\"font-weight: 400;\">Professores e servidores t\u00e9cnicos da UFMG interessados em ofertar cursos\u00a0<\/span><span style=\"font-weight: 400;\">e disciplinas a dist\u00e2ncia podem contar com a orienta\u00e7\u00e3o da equipe de assessores\u00a0<\/span><span style=\"font-weight: 400;\">pedag\u00f3gicos da DEDD para adaptar suas atividades para a modalidade, incluindo:\u00a0<\/span><\/p>\n<p>&#8211; consultoria sobre Educa\u00e7\u00e3o a Dist\u00e2ncia (EaD) e Educa\u00e7\u00e3o Digital (ED) para institui\u00e7\u00f5es parceiras;<\/p>\n<p>&#8211; apoio did\u00e1tico-pedag\u00f3gico no planejamento e na produ\u00e7\u00e3o de materiais did\u00e1ticos, disciplinas e cursos na modalidade EaD;<\/p>\n<p>&#8211; apoio did\u00e1tico-pedag\u00f3gico no emprego de recursos educacionais digitais oriundos da EaD nos cursos e disciplinas da modalidade presencial;<\/p>\n<p>&#8211; apoio na elabora\u00e7\u00e3o de videoaulas e outros recursos did\u00e1ticos relacionados \u00e0 EaD e \u00e0 ED;<\/p>\n<p>&#8211; planejamento e organiza\u00e7\u00e3o do conte\u00fado;<\/p>\n<p>&#8211; montagem da disciplina, incluindo atividades avaliativas, no Ambiente Virtual de Aprendizagem (AVA) da DEDD, o DEDD Virtual ;<\/p>\n<p><span style=\"font-weight: 400;\">&#8211; cadastramento de alunos no DEDD Virtual;<\/span><\/p>\n<p><span style=\"font-weight: 400;\">&#8211; produ\u00e7\u00e3o de identidade visual, incluindo customiza\u00e7\u00e3o do ambiente da disciplina e produ\u00e7\u00e3o de pe\u00e7as gr\u00e1ficas para cursos com processos seletivos para alunos;<\/span><\/p>\n<p>&#8211; produ\u00e7\u00e3o de videoaulas, com roteiriza\u00e7\u00e3o, grava\u00e7\u00e3o e edi\u00e7\u00e3o;<\/p>\n<p>&#8211; apoio \u00e0 divulga\u00e7\u00e3o de processos seletivos abertos dos cursos apoiados pela DEDD;<\/p>\n<p>&#8211; apoio \u00e0 realiza\u00e7\u00e3o de processos seletivos para ingresso, utilizando ferramentas da EaD e tecnologias digitais, nos programas de p\u00f3s-gradua\u00e7\u00e3o da UFMG e para cursos de gradua\u00e7\u00e3o a dist\u00e2ncia, especializa\u00e7\u00e3o e extens\u00e3o, al\u00e9m de organizar sele\u00e7\u00f5es para tutores e professores das nossas forma\u00e7\u00f5es.<\/p>\n<p>Informa\u00e7\u00f5es:<a href=\"mailto:ead@ufmg.br\"> ead@ufmg.br<\/a>.<\/p>\n","protected":false},"excerpt":{"rendered":"<p>Professores e servidores t\u00e9cnicos da UFMG interessados em ofertar cursos\u00a0e [&hellip;]<\/p>\n","protected":false},"author":5,"featured_media":0,"parent":9337,"menu_order":0,"comment_status":"closed","ping_status":"closed","template":"","meta":[],"categories":[],"tags":[],"acf":[],"_links":{"self":[{"href":"https:\/\/www.ufmg.br\/dedd\/wp-json\/wp\/v2\/pages\/9360"}],"collection":[{"href":"https:\/\/www.ufmg.br\/dedd\/wp-json\/wp\/v2\/pages"}],"about":[{"href":"https:\/\/www.ufmg.br\/dedd\/wp-json\/wp\/v2\/types\/page"}],"author":[{"embeddable":true,"href":"https:\/\/www.ufmg.br\/dedd\/wp-json\/wp\/v2\/users\/5"}],"replies":[{"embeddable":true,"href":"https:\/\/www.ufmg.br\/dedd\/wp-json\/wp\/v2\/comments?post=9360"}],"version-history":[{"count":26,"href":"https:\/\/www.ufmg.br\/dedd\/wp-json\/wp\/v2\/pages\/9360\/revisions"}],"predecessor-version":[{"id":14912,"href":"https:\/\/www.ufmg.br\/dedd\/wp-json\/wp\/v2\/pages\/9360\/revisions\/14912"}],"up":[{"embeddable":true,"href":"https:\/\/www.ufmg.br\/dedd\/wp-json\/wp\/v2\/pages\/9337"}],"wp:attachment":[{"href":"https:\/\/www.ufmg.br\/dedd\/wp-json\/wp\/v2\/media?parent=9360"}],"wp:term":[{"taxonomy":"category","embeddable":true,"href":"https:\/\/www.ufmg.br\/dedd\/wp-json\/wp\/v2\/categories?post=9360"},{"taxonomy":"post_tag","embeddable":true,"href":"https:\/\/www.ufmg.br\/dedd\/wp-json\/wp\/v2\/tags?post=9360"}],"curies":[{"name":"wp","href":"https:\/\/api.w.org\/{rel}","templated":true}]}}

Serviços prestados

<p><span style="font-weight: 400;">Professores e servidores técnicos da UFMG interessados em ofertar cursos </span><span style="font-weight: 400;">e disciplinas a distância podem contar com a orientação da equipe de assessores </span><span style="font-weight: 400;">pedagógicos da DEDD para adaptar suas atividades para a modalidade, incluindo: </span></p>
<p>&#8211; consultoria sobre Educação a Distância (EaD) e Educação Digital (ED) para instituições parceiras;</p>
<p>&#8211; apoio didático-pedagógico no planejamento e na produção de materiais didáticos, disciplinas e cursos na modalidade EaD;</p>
<p>&#8211; apoio didático-pedagógico no emprego de recursos educacionais digitais oriundos da EaD nos cursos e disciplinas da modalidade presencial;</p>
<p>&#8211; apoio na elaboração de videoaulas e outros recursos didáticos relacionados à EaD e à ED;</p>
<p>&#8211; planejamento e organização do conteúdo;</p>
<p>&#8211; montagem da disciplina, incluindo atividades avaliativas, no Ambiente Virtual de Aprendizagem (AVA) da DEDD, o DEDD Virtual ;</p>
<p><span style="font-weight: 400;">&#8211; cadastramento de alunos no DEDD Virtual;</span></p>
<p><span style="font-weight: 400;">&#8211; produção de identidade visual, incluindo customização do ambiente da disciplina e produção de peças gráficas para cursos com processos seletivos para alunos;</span></p>
<p>&#8211; produção de videoaulas, com roteirização, gravação e edição;</p>
<p>&#8211; apoio à divulgação de processos seletivos abertos dos cursos apoiados pela DEDD;</p>
<p>&#8211; apoio à realização de processos seletivos para ingresso, utilizando ferramentas da EaD e tecnologias digitais, nos programas de pós-graduação da UFMG e para cursos de graduação a distância, especialização e extensão, além de organizar seleções para tutores e professores das nossas formações.</p>
<p>Informações:<a href="mailto:ead@ufmg.br"> ead@ufmg.br</a>.</p>

<p>Professores e servidores técnicos da UFMG interessados em ofertar cursos e [&hellip;]</p>
