{"id":9462,"date":"2022-05-04T09:17:10","date_gmt":"2022-05-04T12:17:10","guid":{"rendered":"https:\/\/www.ufmg.br\/dedd\/?page_id=9462"},"modified":"2023-05-31T13:41:45","modified_gmt":"2023-05-31T16:41:45","slug":"eventos","status":"publish","type":"page","link":"https:\/\/www.ufmg.br\/dedd\/extensao\/eventos\/","title":{"rendered":"Eventos"},"content":{"rendered":"<style>#sp-ea-9469 .spcollapsing { height: 0; overflow: hidden; transition-property: height;transition-duration: 500ms;}#sp-ea-9469.sp-easy-accordion>.sp-ea-single {border: 1px solid #e2e2e2; }#sp-ea-9469.sp-easy-accordion>.sp-ea-single>.ea-header a {color: #444;}#sp-ea-9469.sp-easy-accordion>.sp-ea-single>.sp-collapse>.ea-body {background: #fff; color: #444;}#sp-ea-9469.sp-easy-accordion>.sp-ea-single {background: #eee;}#sp-ea-9469.sp-easy-accordion>.sp-ea-single>.ea-header a .ea-expand-icon.fa { float: left; color: #444;font-size: 16px;}<\/style><div id=\"sp-ea-9469\" class=\"sp-ea-one sp-easy-accordion\" data-ex-icon=\"fa-minus\" data-col-icon=\"fa-plus\"  data-ea-active=\"ea-click\"  data-ea-mode=\"vertical\" data-preloader=\"\" data-scroll-active-item=\"\" data-offset-to-scroll=\"0\"><div class=\"ea-card ea-expand sp-ea-single\"><h3 class=\"ea-header\"><a class=\"collapsed\" data-sptoggle=\"spcollapse\" data-sptarget=#collapse94690 href=\"javascript:void(0)\"  aria-expanded=\"true\"><i class=\"ea-expand-icon fa fa-minus\"><\/i> 21\u00baESUD|10\u00baCIESUD <\/a><\/h3><div class=\"sp-collapse spcollapse collapsed show\" id=\"collapse94690\" data-parent=#sp-ea-9469><div class=\"ea-body\"><p>O <a href=\"https:\/\/www.ufmg.br\/dedd\/esud2025\/\">21\u00ba ESUD e 10\u00ba CIESUD 2025<\/a> \u00e9 uma realiza\u00e7\u00e3o da Associa\u00e7\u00e3o Universidade em Rede (<a class=\"links\" href=\"https:\/\/www.aunirede.org.br\/\" target=\"_blank\" rel=\"external noopener\" data-type=\"link\" data-id=\"https:\/\/www.aunirede.org.br\/\">UniRede<\/a>) em parceria com a Universidade Federal de Minas Gerais (<a class=\"links\" href=\"https:\/\/www.ufmg.br\/\" target=\"_blank\" rel=\"noreferrer noopener\" data-type=\"link\" data-id=\"https:\/\/www.ufmg.br\/\">UFMG<\/a>), por meio da Diretoria de Educa\u00e7\u00e3o a Dist\u00e2ncia e Educa\u00e7\u00e3o Digital (<a class=\"links\" href=\"https:\/\/www.ufmg.br\/dedd\" target=\"_blank\" rel=\"noreferrer noopener\" data-type=\"link\" data-id=\"https:\/\/www.ufmg.br\/dedd\">DEDD<\/a>) da UFMG. O evento prop\u00f5e um espa\u00e7o de converg\u00eancia para debates sobre o futuro da Educa\u00e7\u00e3o a Dist\u00e2ncia no Brasil e no cen\u00e1rio internacional, sob o tema \u201cDisrup\u00e7\u00e3o Tecnol\u00f3gica e Pol\u00edtica na EAD\u201d, e tamb\u00e9m prop\u00f5e discutir como as inova\u00e7\u00f5es tecnol\u00f3gicas impactam as pr\u00e1ticas pedag\u00f3gicas e as pol\u00edticas educacionais, sobretudo diante das novas Diretrizes Curriculares Nacionais de 2024 e dos Referenciais de Qualidade para EaD.<\/p>\n<\/div><\/div><\/div><div class=\"ea-card  sp-ea-single\"><h3 class=\"ea-header\"><a class=\"collapsed\" data-sptoggle=\"spcollapse\" data-sptarget=#collapse94691 href=\"javascript:void(0)\"  aria-expanded=\"false\"><i class=\"ea-expand-icon fa fa-plus\"><\/i> Programa Aproxime-se <\/a><\/h3><div class=\"sp-collapse spcollapse \" id=\"collapse94691\" data-parent=#sp-ea-9469><div class=\"ea-body\"><p style=\"text-align: justify;\">Desde 2013, a DEDD promove, anualmente, atividades cient\u00edfico-culturais em munic\u00edpios mineiros, por mei0 do Aproxime-se, seu programa de extens\u00e3o.<\/p>\n<p style=\"text-align: justify;\">As atra\u00e7\u00f5es, sempre gratuitas e com certificado de participa\u00e7\u00e3o, incluem palestras, oficinas, sess\u00f5es de cinema comentado, mesas de debate e n\u00fameros culturais. A programa\u00e7\u00e3o \u00e9 ofertada tanto presencial, nas sedes dos polos de apoio, quanto virtualmente.<\/p>\n<p style=\"text-align: justify;\">Em fun\u00e7\u00e3o das restri\u00e7\u00f5es adotadas em fun\u00e7\u00e3o da pandemia de covid-19, as atividades aconteceram em formato online em 2020 e 2021. Com a melhora dos indicadores de sa\u00fade, as atividades retornaram ao formato presencial, em 2022.<\/p>\n<p style=\"text-align: justify;\">Para acompanhar as informa\u00e7\u00f5es sobre a edi\u00e7\u00e3o atual, acesse <a href=\"https:\/\/www.ufmg.br\/dedd\/extensao\/programa-aproxime-se\/\">a p\u00e1gina do programa<\/a>.<\/p>\n<\/div><\/div><\/div><div class=\"ea-card  sp-ea-single\"><h3 class=\"ea-header\"><a class=\"collapsed\" data-sptoggle=\"spcollapse\" data-sptarget=#collapse94692 href=\"javascript:void(0)\"  aria-expanded=\"false\"><i class=\"ea-expand-icon fa fa-plus\"><\/i> Col\u00f3quio \"Desafios do Ensino Superior e EaD\"<\/a><\/h3><div class=\"sp-collapse spcollapse \" id=\"collapse94692\" data-parent=#sp-ea-9469><div class=\"ea-body\"><p style=\"text-align: justify;\">Em abril de 2017,\u00a0 a DEDD e o Instituto de Estudos Avan\u00e7ados Transdisciplinares (Ieat\/UFMG) promoveram o Col\u00f3quio <a href=\"https:\/\/www.ufmg.br\/dedd\/coloquiodesafios\/index.html\">\"Desafios do Ensino Superior e EaD\"<\/a> para debater os desafios do ensino superior, marco regulat\u00f3rio, tecnologia, acessibilidade e EaD.<\/p>\n<\/div><\/div><\/div><div class=\"ea-card  sp-ea-single\"><h3 class=\"ea-header\"><a class=\"collapsed\" data-sptoggle=\"spcollapse\" data-sptarget=#collapse94693 href=\"javascript:void(0)\"  aria-expanded=\"false\"><i class=\"ea-expand-icon fa fa-plus\"><\/i> II Conexed<\/a><\/h3><div class=\"sp-collapse spcollapse \" id=\"collapse94693\" data-parent=#sp-ea-9469><div class=\"ea-body\"><p style=\"text-align: justify;\">O II Col\u00f3quio de Extens\u00e3o Universit\u00e1ria na Educa\u00e7\u00e3o a Dist\u00e2ncia - CONEXED II tem como objetivo refletir sobre a extens\u00e3o universit\u00e1ria na educa\u00e7\u00e3o a dist\u00e2ncia, procurando analisar a evolu\u00e7\u00e3o das a\u00e7\u00f5es extensionistas na Educa\u00e7\u00e3o a Dist\u00e2ncia na universidade e nas institui\u00e7\u00f5es parceiras que adotam a pr\u00e1xis dessa natureza. A partir deste Col\u00f3quio, pretende-se divulgar e refletir o desenvolvimento de Programas e A\u00e7\u00f5es de Extens\u00e3o voltada para alunos e para as comunidades dos polos de Educa\u00e7\u00e3o a Dist\u00e2ncia.<\/p>\n<p style=\"text-align: justify;\">Para acessar o site do II Conexed clique em: <a href=\"https:\/\/www.ufmg.br\/dedd\/conexed\/\">https:\/\/www.ufmg.br\/dedd\/conexed\/<\/a><\/p>\n<\/div><\/div><\/div><div class=\"ea-card  sp-ea-single\"><h3 class=\"ea-header\"><a class=\"collapsed\" data-sptoggle=\"spcollapse\" data-sptarget=#collapse94694 href=\"javascript:void(0)\"  aria-expanded=\"false\"><i class=\"ea-expand-icon fa fa-plus\"><\/i> PromovEaD:  Discutindo a visibilidade da EaD P\u00fablica no Brasil<\/a><\/h3><div class=\"sp-collapse spcollapse \" id=\"collapse94694\" data-parent=#sp-ea-9469><div class=\"ea-body\"><p style=\"text-align: justify;\">A DEDD organizou, em 2015, a primeira edi\u00e7\u00e3o do <a href=\"https:\/\/www.ufmg.br\/dedd\/promovead\/index.html\">PromovEaD \u2013 Discutindo a visibilidade da EaD P\u00fablica no Brasil<\/a>, que reuniu coordenadores e profissionais de comunica\u00e7\u00e3o dos centros de apoio das institui\u00e7\u00f5es p\u00fablicas de ensino superior ofertantes de cursos na modalidade EaD.<\/p>\n<p style=\"text-align: justify;\">O evento <a href=\"https:\/\/www.aunirede.org.br\/portal\/promovead\/\">foi integrado ao calend\u00e1rio da UniRede<\/a> e promovido por outros quatro anos, totalizando cinco edi\u00e7\u00f5es.<\/p>\n<\/div><\/div><\/div><div class=\"ea-card  sp-ea-single\"><h3 class=\"ea-header\"><a class=\"collapsed\" data-sptoggle=\"spcollapse\" data-sptarget=#collapse94695 href=\"javascript:void(0)\"  aria-expanded=\"false\"><i class=\"ea-expand-icon fa fa-plus\"><\/i> Semin\u00e1rio Internacional de Educa\u00e7\u00e3o a Dist\u00e2ncia\u00a0<\/a><\/h3><div class=\"sp-collapse spcollapse \" id=\"collapse94695\" data-parent=#sp-ea-9469><div class=\"ea-body\"><p style=\"text-align: justify;\"><span style=\"font-weight: 400;\">A DEDD promoveu cinco edi\u00e7\u00f5es do Semin\u00e1rio Internacional Educa\u00e7\u00e3o a Dist\u00e2ncia, com a participa\u00e7\u00e3o de autoridades na \u00e1rea, nacionais e internacionais. As programa\u00e7\u00f5es inclu\u00edram palestras, confer\u00eancias, mesas redondas, debates, apresenta\u00e7\u00e3o de trabalhos e lan\u00e7amento de livros.\u00a0<\/span><\/p>\n<p style=\"text-align: justify;\"><span style=\"font-weight: 400;\">Nas p\u00e1ginas das <\/span><a href=\"https:\/\/www.ufmg.br\/dedd\/seminario\/iv\/\"><span style=\"font-weight: 400;\">quarta<\/span><\/a><span style=\"font-weight: 400;\"> e <\/span><a href=\"https:\/\/www.ufmg.br\/dedd\/seminario\/\"><span style=\"font-weight: 400;\">quinta<\/span><\/a><span style=\"font-weight: 400;\"> edi\u00e7\u00f5es, est\u00e3o dispon\u00edveis os trabalhos apresentados e outras informa\u00e7\u00f5es sobre os eventos. <\/span><\/p>\n<\/div><\/div><\/div><div class=\"ea-card  sp-ea-single\"><h3 class=\"ea-header\"><a class=\"collapsed\" data-sptoggle=\"spcollapse\" data-sptarget=#collapse94696 href=\"javascript:void(0)\"  aria-expanded=\"false\"><i class=\"ea-expand-icon fa fa-plus\"><\/i> UEaDSL<\/a><\/h3><div class=\"sp-collapse spcollapse \" id=\"collapse94696\" data-parent=#sp-ea-9469><div class=\"ea-body\"><p style=\"text-align: justify;\">Desde 2015, a DEDD apoia a realiza\u00e7\u00e3o do <a href=\"http:\/\/www.periodicos.letras.ufmg.br\/index.php\/ueadsl\/issue\/archive\">UEaDSL, congresso online e ass\u00edncrono que debate Universidade, EaD e Software Livre<\/a>, promovido pelo grupo Texto Livre da Faculdade de Letras (Fale).<\/p>\n<\/div><\/div><\/div><\/div>\n","protected":false},"excerpt":{"rendered":"","protected":false},"author":5,"featured_media":0,"parent":9413,"menu_order":0,"comment_status":"closed","ping_status":"closed","template":"","meta":[],"categories":[],"tags":[],"acf":[],"_links":{"self":[{"href":"https:\/\/www.ufmg.br\/dedd\/wp-json\/wp\/v2\/pages\/9462"}],"collection":[{"href":"https:\/\/www.ufmg.br\/dedd\/wp-json\/wp\/v2\/pages"}],"about":[{"href":"https:\/\/www.ufmg.br\/dedd\/wp-json\/wp\/v2\/types\/page"}],"author":[{"embeddable":true,"href":"https:\/\/www.ufmg.br\/dedd\/wp-json\/wp\/v2\/users\/5"}],"replies":[{"embeddable":true,"href":"https:\/\/www.ufmg.br\/dedd\/wp-json\/wp\/v2\/comments?post=9462"}],"version-history":[{"count":6,"href":"https:\/\/www.ufmg.br\/dedd\/wp-json\/wp\/v2\/pages\/9462\/revisions"}],"predecessor-version":[{"id":9472,"href":"https:\/\/www.ufmg.br\/dedd\/wp-json\/wp\/v2\/pages\/9462\/revisions\/9472"}],"up":[{"embeddable":true,"href":"https:\/\/www.ufmg.br\/dedd\/wp-json\/wp\/v2\/pages\/9413"}],"wp:attachment":[{"href":"https:\/\/www.ufmg.br\/dedd\/wp-json\/wp\/v2\/media?parent=9462"}],"wp:term":[{"taxonomy":"category","embeddable":true,"href":"https:\/\/www.ufmg.br\/dedd\/wp-json\/wp\/v2\/categories?post=9462"},{"taxonomy":"post_tag","embeddable":true,"href":"https:\/\/www.ufmg.br\/dedd\/wp-json\/wp\/v2\/tags?post=9462"}],"curies":[{"name":"wp","href":"https:\/\/api.w.org\/{rel}","templated":true}]}}