{"id":9983,"date":"2023-05-23T08:15:38","date_gmt":"2023-05-23T11:15:38","guid":{"rendered":"https:\/\/www.ufmg.br\/dedd\/?page_id=9713"},"modified":"2024-07-03T15:51:59","modified_gmt":"2024-07-03T18:51:59","slug":"edital-no-1217-2023-selecao-para-tutor-do-curso-de-especializacao-em-educacao-em-ciencias","status":"publish","type":"page","link":"https:\/\/www.ufmg.br\/dedd\/edital-no-1217-2023-selecao-para-tutor-do-curso-de-especializacao-em-educacao-em-ciencias\/","title":{"rendered":"Edital n\u00ba 1217\/2023 &#8212; Sele\u00e7\u00e3o para tutor do curso de Especializa\u00e7\u00e3o em Educa\u00e7\u00e3o em Ci\u00eancias"},"content":{"rendered":"<p><\/p>\r\n<p><a href=\"https:\/\/gpi.caed.ufmg.br\/index.php\/967978?lang=pt-BR\">Formul\u00e1rio para recursos ao resultado preliminar da entrevista<\/a> (publicado em 18\/07\/2023)\u00a0<\/p>\r\n<p><a href=\"https:\/\/www.ufmg.br\/dedd\/wp-content\/uploads\/2024\/06\/Edital-1217-2023-Resultado-preliminar-da-entrevista.pdf\">Resultado preliminar da entrevista<\/a> (publicado em 19\/07\/2023)\u00a0<\/p>\r\n<p><a href=\"https:\/\/www.ufmg.br\/dedd\/wp-content\/uploads\/2024\/06\/Edital-1217-2023-Respostas-ao-recursos.pdf\">Resposta aos recursos ao resultado preliminar e convoca\u00e7\u00e3o para entrevista<\/a> (publicado em 12\/08\/2023)\u00a0<\/p>\r\n<p><a href=\"https:\/\/gpi.caed.ufmg.br\/index.php\/967978?lang=pt-BR\">Formul\u00e1rio para recursos ao resultado preliminar<\/a> (dispon\u00edvel de 28\/06 a 7\/07\/2023)\u00a0<\/p>\r\n<p><a href=\"https:\/\/www.ufmg.br\/dedd\/wp-content\/uploads\/2024\/06\/Edital-1217-Resultado-preliminar-das-etapas-I-e-II.pdf\">Resultado preliminar<\/a> (publicado em 29\/06\/2023)\u00a0<\/p>\r\n<p><a href=\"https:\/\/gpi.caed.ufmg.br\/index.php\/473241?lang=pt-BR\">Formul\u00e1rio para inscri\u00e7\u00f5es<\/a> (dispon\u00edvel de 1\/06 at\u00e9 as 17h do dia 28\/06\/2023)\u00a0<\/p>\r\n<p><a href=\"https:\/\/www.ufmg.br\/dedd\/wp-content\/uploads\/2023\/05\/SEI_UFMG-2326420-Edital.pdf\">Edital n\u00ba 1217\/2023 &#8212; Sele\u00e7\u00e3o para tutor do curso de Especializa\u00e7\u00e3o em Educa\u00e7\u00e3o em Ci\u00eancias <\/a>(publicado em 23\/05\/2023)<\/p>\r\n","protected":false},"excerpt":{"rendered":"<p>Formul\u00e1rio para recursos ao resultado preliminar da entrevista (publicado em [&hellip;]<\/p>\n","protected":false},"author":5,"featured_media":0,"parent":0,"menu_order":0,"comment_status":"closed","ping_status":"closed","template":"","meta":[],"categories":[220,209],"tags":[],"acf":[],"_links":{"self":[{"href":"https:\/\/www.ufmg.br\/dedd\/wp-json\/wp\/v2\/pages\/9983"}],"collection":[{"href":"https:\/\/www.ufmg.br\/dedd\/wp-json\/wp\/v2\/pages"}],"about":[{"href":"https:\/\/www.ufmg.br\/dedd\/wp-json\/wp\/v2\/types\/page"}],"author":[{"embeddable":true,"href":"https:\/\/www.ufmg.br\/dedd\/wp-json\/wp\/v2\/users\/5"}],"replies":[{"embeddable":true,"href":"https:\/\/www.ufmg.br\/dedd\/wp-json\/wp\/v2\/comments?post=9983"}],"version-history":[{"count":12,"href":"https:\/\/www.ufmg.br\/dedd\/wp-json\/wp\/v2\/pages\/9983\/revisions"}],"predecessor-version":[{"id":10763,"href":"https:\/\/www.ufmg.br\/dedd\/wp-json\/wp\/v2\/pages\/9983\/revisions\/10763"}],"wp:attachment":[{"href":"https:\/\/www.ufmg.br\/dedd\/wp-json\/wp\/v2\/media?parent=9983"}],"wp:term":[{"taxonomy":"category","embeddable":true,"href":"https:\/\/www.ufmg.br\/dedd\/wp-json\/wp\/v2\/categories?post=9983"},{"taxonomy":"post_tag","embeddable":true,"href":"https:\/\/www.ufmg.br\/dedd\/wp-json\/wp\/v2\/tags?post=9983"}],"curies":[{"name":"wp","href":"https:\/\/api.w.org\/{rel}","templated":true}]}}