{"id":769,"date":"2026-02-03T00:43:48","date_gmt":"2026-02-03T03:43:48","guid":{"rendered":"https:\/\/www.ufmg.br\/defesademocracia\/?page_id=769"},"modified":"2026-02-03T18:23:58","modified_gmt":"2026-02-03T21:23:58","slug":"sobre","status":"publish","type":"page","link":"https:\/\/www.ufmg.br\/defesademocracia\/sobre\/","title":{"rendered":"SOBRE"},"content":{"rendered":"<h1 style=\"text-align: center;\"><b>Manifesto PET CDD: A Ponte entre a Ci\u00eancia e a Cidadania<\/b><\/h1>\n<hr \/>\n<p>&nbsp;<\/p>\n<p><span style=\"font-weight: 400;\">No cora\u00e7\u00e3o da Universidade Federal de Minas Gerais (UFMG), onde a pesquisa encontra a urg\u00eancia da sociedade, nasce o <\/span><b>Programa de Educa\u00e7\u00e3o Tutorial Comunica\u00e7\u00e3o e Democracia no Combate \u00e0 Desinforma\u00e7\u00e3o (PET CDD)<\/b><span style=\"font-weight: 400;\">. Nosso objetivo n\u00e3o \u00e9 oferecer respostas prontas, mas caminhos de reflex\u00e3o em um cen\u00e1rio marcado por excessos de informa\u00e7\u00e3o, disputas de sentido e fragiliza\u00e7\u00e3o da confian\u00e7a. Assumimos o compromisso de investigar, interpretar e compartilhar descobertas de forma acess\u00edvel.\u00a0<\/span><\/p>\n<p><span style=\"font-weight: 400;\">N\u00e3o nos contentamos com a superf\u00edcie dos fatos. Somos, por voca\u00e7\u00e3o, <\/span><b>bisbilhoteiros <\/b><span style=\"font-weight: 400;\">incans\u00e1veis, mergulhando nos estudos e projetos da UFMG que debatem a defesa da democracia e o impacto da desinforma\u00e7\u00e3o na sociedade atual. N\u00e3o nos interessa impor verdades, mas provocar questionamentos.\u00a0 <\/span><b>Observamos<\/b><span style=\"font-weight: 400;\"> fen\u00f4menos, analisamos discursos, cruzamos dados e questionamos narrativas, sempre na busca de novas compreens\u00f5es sobre como a informa\u00e7\u00e3o circula, como a desinforma\u00e7\u00e3o se estabelece e quais impactos isso gera na vida democr\u00e1tica e social.\u00a0<\/span><\/p>\n<p><span style=\"font-weight: 400;\">Nossa miss\u00e3o \u00e9 ser a ponte que liga o conhecimento acad\u00eamico \u00e0 vida de cada cidad\u00e3o, impactado por um cen\u00e1rio de caos informacional cada vez mais presente no cotidiano. Atrav\u00e9s da experimenta\u00e7\u00e3o metodol\u00f3gica, diante da desordem dos dados, trabalhamos para construir um modo <\/span><b>arrojado <\/b><span style=\"font-weight: 400;\">de agir.<\/span><\/p>\n<p><span style=\"font-weight: 400;\">Assumimos o papel do <\/span><b>Grilo Falante<\/b><span style=\"font-weight: 400;\">.\u00a0<\/span><\/p>\n<p><span style=\"font-weight: 400;\">Somos aquela voz persistente que sussurra \u2014 e \u00e0s vezes grita \u2014 conselhos necess\u00e1rios para que a sociedade n\u00e3o se perca em mentiras convenientes. Somos <\/span><b>argumentadores<\/b><span style=\"font-weight: 400;\"> por excel\u00eancia, pois sabemos que a democracia se fortalece no debate robusto. Por isso, nosso trabalho visa sempre tornar p\u00fablicas as descobertas. Atuamos como <\/span><b>int\u00e9rpretes, traduzindo<\/b><span style=\"font-weight: 400;\"> a complexidade acad\u00eamica para o dom\u00ednio da <\/span><b>cidadania<\/b><span style=\"font-weight: 400;\">.\u00a0<\/span><\/p>\n<p><span style=\"font-weight: 400;\">Convidamos a todos \u00e0 <\/span><b>colabora\u00e7\u00e3o<\/b><span style=\"font-weight: 400;\">, pois a busca do conhecimento e a defesa da democracia s\u00e3o um projeto coletivo. Este \u00e9 o nosso foco: levar a ci\u00eancia da UFMG para as ruas, transformando a pesquisa em conhecimento aplicado na pr\u00e1tica e em novas formas de a\u00e7\u00e3o. Somos a consci\u00eancia que guia o Pin\u00f3quio, da desinforma\u00e7\u00e3o de volta ao caminho da realidade.<\/span><\/p>\n<p><span style=\"font-weight: 400;\">PET CDD: A ponte que transforma o saber da UFMG em Cidadania e Acesso para todos.<\/span><\/p>\n<p>&nbsp;<\/p>\n<div id=\"attachment_748\" style=\"width: 310px\" class=\"wp-caption aligncenter\"><img aria-describedby=\"caption-attachment-748\" loading=\"lazy\" class=\"size-medium wp-image-748\" src=\"https:\/\/www.ufmg.br\/defesademocracia\/wp-content\/uploads\/2026\/01\/WhatsApp-Image-2026-01-09-at-15.27.52-300x212.jpeg\" alt=\"PET-CDD\" width=\"300\" height=\"212\" srcset=\"https:\/\/www.ufmg.br\/defesademocracia\/wp-content\/uploads\/2026\/01\/WhatsApp-Image-2026-01-09-at-15.27.52-300x212.jpeg 300w, https:\/\/www.ufmg.br\/defesademocracia\/wp-content\/uploads\/2026\/01\/WhatsApp-Image-2026-01-09-at-15.27.52-1024x724.jpeg 1024w, https:\/\/www.ufmg.br\/defesademocracia\/wp-content\/uploads\/2026\/01\/WhatsApp-Image-2026-01-09-at-15.27.52-768x543.jpeg 768w, https:\/\/www.ufmg.br\/defesademocracia\/wp-content\/uploads\/2026\/01\/WhatsApp-Image-2026-01-09-at-15.27.52-1536x1086.jpeg 1536w, https:\/\/www.ufmg.br\/defesademocracia\/wp-content\/uploads\/2026\/01\/WhatsApp-Image-2026-01-09-at-15.27.52.jpeg 1600w\" sizes=\"(max-width: 300px) 100vw, 300px\" \/><p id=\"caption-attachment-748\" class=\"wp-caption-text\">Logo oficial do PET-CDD<\/p><\/div>\n","protected":false},"excerpt":{"rendered":"<p>Manifesto PET CDD: A Ponte entre a Ci\u00eancia e a [&hellip;]<\/p>\n","protected":false},"author":6,"featured_media":0,"parent":0,"menu_order":0,"comment_status":"closed","ping_status":"closed","template":"","meta":[],"acf":[],"_links":{"self":[{"href":"https:\/\/www.ufmg.br\/defesademocracia\/wp-json\/wp\/v2\/pages\/769"}],"collection":[{"href":"https:\/\/www.ufmg.br\/defesademocracia\/wp-json\/wp\/v2\/pages"}],"about":[{"href":"https:\/\/www.ufmg.br\/defesademocracia\/wp-json\/wp\/v2\/types\/page"}],"author":[{"embeddable":true,"href":"https:\/\/www.ufmg.br\/defesademocracia\/wp-json\/wp\/v2\/users\/6"}],"replies":[{"embeddable":true,"href":"https:\/\/www.ufmg.br\/defesademocracia\/wp-json\/wp\/v2\/comments?post=769"}],"version-history":[{"count":9,"href":"https:\/\/www.ufmg.br\/defesademocracia\/wp-json\/wp\/v2\/pages\/769\/revisions"}],"predecessor-version":[{"id":801,"href":"https:\/\/www.ufmg.br\/defesademocracia\/wp-json\/wp\/v2\/pages\/769\/revisions\/801"}],"wp:attachment":[{"href":"https:\/\/www.ufmg.br\/defesademocracia\/wp-json\/wp\/v2\/media?parent=769"}],"curies":[{"name":"wp","href":"https:\/\/api.w.org\/{rel}","templated":true}]}}

<h1 style="text-align: center;"><b>Manifesto PET CDD: A Ponte entre a Ciência e a Cidadania</b></h1>
<hr />
<p>&nbsp;</p>
<p><span style="font-weight: 400;">No coração da Universidade Federal de Minas Gerais (UFMG), onde a pesquisa encontra a urgência da sociedade, nasce o </span><b>Programa de Educação Tutorial Comunicação e Democracia no Combate à Desinformação (PET CDD)</b><span style="font-weight: 400;">. Nosso objetivo não é oferecer respostas prontas, mas caminhos de reflexão em um cenário marcado por excessos de informação, disputas de sentido e fragilização da confiança. Assumimos o compromisso de investigar, interpretar e compartilhar descobertas de forma acessível. </span></p>
<p><span style="font-weight: 400;">Não nos contentamos com a superfície dos fatos. Somos, por vocação, </span><b>bisbilhoteiros </b><span style="font-weight: 400;">incansáveis, mergulhando nos estudos e projetos da UFMG que debatem a defesa da democracia e o impacto da desinformação na sociedade atual. Não nos interessa impor verdades, mas provocar questionamentos.  </span><b>Observamos</b><span style="font-weight: 400;"> fenômenos, analisamos discursos, cruzamos dados e questionamos narrativas, sempre na busca de novas compreensões sobre como a informação circula, como a desinformação se estabelece e quais impactos isso gera na vida democrática e social. </span></p>
<p><span style="font-weight: 400;">Nossa missão é ser a ponte que liga o conhecimento acadêmico à vida de cada cidadão, impactado por um cenário de caos informacional cada vez mais presente no cotidiano. Através da experimentação metodológica, diante da desordem dos dados, trabalhamos para construir um modo </span><b>arrojado </b><span style="font-weight: 400;">de agir.</span></p>
<p><span style="font-weight: 400;">Assumimos o papel do </span><b>Grilo Falante</b><span style="font-weight: 400;">. </span></p>
<p><span style="font-weight: 400;">Somos aquela voz persistente que sussurra — e às vezes grita — conselhos necessários para que a sociedade não se perca em mentiras convenientes. Somos </span><b>argumentadores</b><span style="font-weight: 400;"> por excelência, pois sabemos que a democracia se fortalece no debate robusto. Por isso, nosso trabalho visa sempre tornar públicas as descobertas. Atuamos como </span><b>intérpretes, traduzindo</b><span style="font-weight: 400;"> a complexidade acadêmica para o domínio da </span><b>cidadania</b><span style="font-weight: 400;">. </span></p>
<p><span style="font-weight: 400;">Convidamos a todos à </span><b>colaboração</b><span style="font-weight: 400;">, pois a busca do conhecimento e a defesa da democracia são um projeto coletivo. Este é o nosso foco: levar a ciência da UFMG para as ruas, transformando a pesquisa em conhecimento aplicado na prática e em novas formas de ação. Somos a consciência que guia o Pinóquio, da desinformação de volta ao caminho da realidade.</span></p>
<p><span style="font-weight: 400;">PET CDD: A ponte que transforma o saber da UFMG em Cidadania e Acesso para todos.</span></p>
<p>&nbsp;</p>
<div id="attachment_748" style="width: 310px" class="wp-caption aligncenter"><img aria-describedby="caption-attachment-748" loading="lazy" class="size-medium wp-image-748" src="https://www.ufmg.br/defesademocracia/wp-content/uploads/2026/01/WhatsApp-Image-2026-01-09-at-15.27.52-300x212.jpeg" alt="PET-CDD" width="300" height="212" srcset="https://www.ufmg.br/defesademocracia/wp-content/uploads/2026/01/WhatsApp-Image-2026-01-09-at-15.27.52-300x212.jpeg 300w, https://www.ufmg.br/defesademocracia/wp-content/uploads/2026/01/WhatsApp-Image-2026-01-09-at-15.27.52-1024x724.jpeg 1024w, https://www.ufmg.br/defesademocracia/wp-content/uploads/2026/01/WhatsApp-Image-2026-01-09-at-15.27.52-768x543.jpeg 768w, https://www.ufmg.br/defesademocracia/wp-content/uploads/2026/01/WhatsApp-Image-2026-01-09-at-15.27.52-1536x1086.jpeg 1536w, https://www.ufmg.br/defesademocracia/wp-content/uploads/2026/01/WhatsApp-Image-2026-01-09-at-15.27.52.jpeg 1600w" sizes="(max-width: 300px) 100vw, 300px" /><p id="caption-attachment-748" class="wp-caption-text">Logo oficial do PET-CDD</p></div>

<p>Manifesto PET CDD: A Ponte entre a Ciência e a [&hellip;]</p>
