{"id":774,"date":"2026-02-03T00:44:36","date_gmt":"2026-02-03T03:44:36","guid":{"rendered":"https:\/\/www.ufmg.br\/defesademocracia\/?page_id=774"},"modified":"2026-04-24T00:41:54","modified_gmt":"2026-04-24T03:41:54","slug":"materiais","status":"publish","type":"page","link":"https:\/\/www.ufmg.br\/defesademocracia\/materiais\/","title":{"rendered":"MATERIAIS"},"content":{"rendered":"<h1 style=\"text-align: center;\"><strong>Cine Debate<\/strong><\/h1>\n<p>&nbsp;<\/p>\n<p><span style=\"font-weight: 400;\">O Cine Debate \u00e9 um projeto que busca ensinar, por meio de filmes, o que \u00e9 a desinforma\u00e7\u00e3o, como ela funciona e quais s\u00e3o os seus efeitos na sociedade.<\/span><\/p>\n<p><span style=\"font-weight: 400;\">O cinema \u00e9 um formato que reflete diferentes aspectos da sociedade, com representa\u00e7\u00f5es sobre cultura, hist\u00f3ria, desigualdades, entre outros. A utiliza\u00e7\u00e3o de filmes como recurso did\u00e1tico traz um vi\u00e9s din\u00e2mico para o ensino e, por isso, o PET CDD elaborou materiais que convidam a refletir e discutir sobre o tema da desinforma\u00e7\u00e3o em cinco filmes:<\/span><\/p>\n<ul>\n<li style=\"font-weight: 400;\" aria-level=\"1\"><span style=\"font-weight: 400;\">Carandiru<\/span><\/li>\n<li style=\"font-weight: 400;\" aria-level=\"1\"><span style=\"font-weight: 400;\">V de Vingan\u00e7a<\/span><\/li>\n<li style=\"font-weight: 400;\" aria-level=\"1\"><span style=\"font-weight: 400;\">Ele Est\u00e1 de Volta<\/span><\/li>\n<li style=\"font-weight: 400;\" aria-level=\"1\"><span style=\"font-weight: 400;\">Argo<\/span><\/li>\n<li style=\"font-weight: 400;\" aria-level=\"1\"><span style=\"font-weight: 400;\">N\u00e3o Olhe Para Cima<\/span><\/li>\n<\/ul>\n<p>&nbsp;<\/p>\n<p><span style=\"font-weight: 400;\">Estes materiais te auxiliar\u00e3o a: apontar os pontos-chave de cada obra; utilizar refer\u00eancias externas para aprofundar-se nos temas; propor reflex\u00f5es sobre os efeitos da desinforma\u00e7\u00e3o e realizar atividades did\u00e1ticas em sala de aula.<\/span><\/p>\n<p><span style=\"font-weight: 400;\">Traga um novo formato para a sala de aula baixando o material abaixo:<\/span><\/p>\n<p>&nbsp;<\/p>\n<p><img loading=\"lazy\" class=\"size-medium wp-image-910 aligncenter\" src=\"https:\/\/www.ufmg.br\/defesademocracia\/wp-content\/uploads\/2026\/04\/AAAABQDZ87mxW18iH5ZQy9A4ohzFl-jxc0_VIc_w_xG39_pvDW2-TCN4xXI6dzbdMHXyb-mG4Z0UDSgL2ybeqFZrDiMbRLrqyGzCoPHmCB02w-214x300.jpg\" alt=\"Dont look up\" width=\"214\" height=\"300\" srcset=\"https:\/\/www.ufmg.br\/defesademocracia\/wp-content\/uploads\/2026\/04\/AAAABQDZ87mxW18iH5ZQy9A4ohzFl-jxc0_VIc_w_xG39_pvDW2-TCN4xXI6dzbdMHXyb-mG4Z0UDSgL2ybeqFZrDiMbRLrqyGzCoPHmCB02w-214x300.jpg 214w, https:\/\/www.ufmg.br\/defesademocracia\/wp-content\/uploads\/2026\/04\/AAAABQDZ87mxW18iH5ZQy9A4ohzFl-jxc0_VIc_w_xG39_pvDW2-TCN4xXI6dzbdMHXyb-mG4Z0UDSgL2ybeqFZrDiMbRLrqyGzCoPHmCB02w.jpg 450w\" sizes=\"(max-width: 214px) 100vw, 214px\" \/><\/p>\n<h2 style=\"text-align: left;\">\u00a0<a href=\"https:\/\/docs.google.com\/document\/d\/1YHJJixVlB9MwHX4Pk69r1GSJT0ONCu4_\/edit?usp=sharing&amp;ouid=113133396704676231554&amp;rtpof=true&amp;sd=true\"><strong>Roteiro Oficial<\/strong><\/a><\/h2>\n<p>&nbsp;<\/p>\n<p>&nbsp;<\/p>\n<p>&nbsp;<\/p>\n<p>&nbsp;<\/p>\n<p>&nbsp;<\/p>\n<p>&nbsp;<\/p>\n<p>&nbsp;<\/p>\n<p><strong>Por Lara Oliveira<\/strong><\/p>\n<p>Belo Horizonte, fev. 2026<\/p>\n","protected":false},"excerpt":{"rendered":"<p>Cine Debate &nbsp; O Cine Debate \u00e9 um projeto que [&hellip;]<\/p>\n","protected":false},"author":6,"featured_media":0,"parent":0,"menu_order":0,"comment_status":"closed","ping_status":"closed","template":"","meta":[],"acf":[],"_links":{"self":[{"href":"https:\/\/www.ufmg.br\/defesademocracia\/wp-json\/wp\/v2\/pages\/774"}],"collection":[{"href":"https:\/\/www.ufmg.br\/defesademocracia\/wp-json\/wp\/v2\/pages"}],"about":[{"href":"https:\/\/www.ufmg.br\/defesademocracia\/wp-json\/wp\/v2\/types\/page"}],"author":[{"embeddable":true,"href":"https:\/\/www.ufmg.br\/defesademocracia\/wp-json\/wp\/v2\/users\/6"}],"replies":[{"embeddable":true,"href":"https:\/\/www.ufmg.br\/defesademocracia\/wp-json\/wp\/v2\/comments?post=774"}],"version-history":[{"count":12,"href":"https:\/\/www.ufmg.br\/defesademocracia\/wp-json\/wp\/v2\/pages\/774\/revisions"}],"predecessor-version":[{"id":913,"href":"https:\/\/www.ufmg.br\/defesademocracia\/wp-json\/wp\/v2\/pages\/774\/revisions\/913"}],"wp:attachment":[{"href":"https:\/\/www.ufmg.br\/defesademocracia\/wp-json\/wp\/v2\/media?parent=774"}],"curies":[{"name":"wp","href":"https:\/\/api.w.org\/{rel}","templated":true}]}}

<h1 style="text-align: center;"><strong>Cine Debate</strong></h1>
<p>&nbsp;</p>
<p><span style="font-weight: 400;">O Cine Debate é um projeto que busca ensinar, por meio de filmes, o que é a desinformação, como ela funciona e quais são os seus efeitos na sociedade.</span></p>
<p><span style="font-weight: 400;">O cinema é um formato que reflete diferentes aspectos da sociedade, com representações sobre cultura, história, desigualdades, entre outros. A utilização de filmes como recurso didático traz um viés dinâmico para o ensino e, por isso, o PET CDD elaborou materiais que convidam a refletir e discutir sobre o tema da desinformação em cinco filmes:</span></p>
<ul>
<li style="font-weight: 400;" aria-level="1"><span style="font-weight: 400;">Carandiru</span></li>
<li style="font-weight: 400;" aria-level="1"><span style="font-weight: 400;">V de Vingança</span></li>
<li style="font-weight: 400;" aria-level="1"><span style="font-weight: 400;">Ele Está de Volta</span></li>
<li style="font-weight: 400;" aria-level="1"><span style="font-weight: 400;">Argo</span></li>
<li style="font-weight: 400;" aria-level="1"><span style="font-weight: 400;">Não Olhe Para Cima</span></li>
</ul>
<p>&nbsp;</p>
<p><span style="font-weight: 400;">Estes materiais te auxiliarão a: apontar os pontos-chave de cada obra; utilizar referências externas para aprofundar-se nos temas; propor reflexões sobre os efeitos da desinformação e realizar atividades didáticas em sala de aula.</span></p>
<p><span style="font-weight: 400;">Traga um novo formato para a sala de aula baixando o material abaixo:</span></p>
<p>&nbsp;</p>
<p><img loading="lazy" class="size-medium wp-image-910 aligncenter" src="https://www.ufmg.br/defesademocracia/wp-content/uploads/2026/04/AAAABQDZ87mxW18iH5ZQy9A4ohzFl-jxc0_VIc_w_xG39_pvDW2-TCN4xXI6dzbdMHXyb-mG4Z0UDSgL2ybeqFZrDiMbRLrqyGzCoPHmCB02w-214x300.jpg" alt="Dont look up" width="214" height="300" srcset="https://www.ufmg.br/defesademocracia/wp-content/uploads/2026/04/AAAABQDZ87mxW18iH5ZQy9A4ohzFl-jxc0_VIc_w_xG39_pvDW2-TCN4xXI6dzbdMHXyb-mG4Z0UDSgL2ybeqFZrDiMbRLrqyGzCoPHmCB02w-214x300.jpg 214w, https://www.ufmg.br/defesademocracia/wp-content/uploads/2026/04/AAAABQDZ87mxW18iH5ZQy9A4ohzFl-jxc0_VIc_w_xG39_pvDW2-TCN4xXI6dzbdMHXyb-mG4Z0UDSgL2ybeqFZrDiMbRLrqyGzCoPHmCB02w.jpg 450w" sizes="(max-width: 214px) 100vw, 214px" /></p>
<h2 style="text-align: left;"> <a href="https://docs.google.com/document/d/1YHJJixVlB9MwHX4Pk69r1GSJT0ONCu4_/edit?usp=sharing&amp;ouid=113133396704676231554&amp;rtpof=true&amp;sd=true"><strong>Roteiro Oficial</strong></a></h2>
<p>&nbsp;</p>
<p>&nbsp;</p>
<p>&nbsp;</p>
<p>&nbsp;</p>
<p>&nbsp;</p>
<p>&nbsp;</p>
<p>&nbsp;</p>
<p><strong>Por Lara Oliveira</strong></p>
<p>Belo Horizonte, fev. 2026</p>

<p>Cine Debate &nbsp; O Cine Debate é um projeto que [&hellip;]</p>
