{"id":142,"date":"2021-06-08T16:19:03","date_gmt":"2021-06-08T19:19:03","guid":{"rendered":"https:\/\/www.ufmg.br\/dgi\/?page_id=142"},"modified":"2025-08-21T09:35:15","modified_gmt":"2025-08-21T12:35:15","slug":"sic","status":"publish","type":"page","link":"https:\/\/www.ufmg.br\/dgi\/sic\/","title":{"rendered":"Servi\u00e7o de Informa\u00e7\u00e3o ao Cidad\u00e3o"},"content":{"rendered":"<p>O Servi\u00e7o de Informa\u00e7\u00e3o ao Cidad\u00e3o da UFMG, criado em 2014, atende aos requisitos da Lei 12.527\/2011, Lei de Acesso \u00e0 Informa\u00e7\u00e3o, se constituindo em um canal de comunica\u00e7\u00e3o com o cidad\u00e3o, para acesso \u00e0s informa\u00e7\u00f5es p\u00fablicas produzidas ou sob guarda da Universidade.<\/p>\n<p>Qualquer pessoa f\u00edsica ou jur\u00eddica, pode demandar informa\u00e7\u00f5es a um \u00f3rg\u00e3o ou entidade p\u00fablica, independente de idade e nacionalidade. Basta formalizar o pedido junto ao Servi\u00e7o de Informa\u00e7\u00e3o ao Cidad\u00e3o \u2013 SIC, identificando-se e especificando a informa\u00e7\u00e3o solicitada.<\/p>\n<p>A UFMG reconhece que a informa\u00e7\u00e3o por ela produzida ou sob sua guarda \u00e9 um bem p\u00fablico e incentiva a Cultura do Acesso.<\/p>\n<p>&nbsp;<\/p>\n<p><strong>Autoridade de Monitoramento da LAI na UFMG:<\/strong><\/p>\n<p>Profa. Joana Ziller<\/p>\n<p>Diretora de Governan\u00e7a Informacional<\/p>\n<p>&nbsp;<\/p>\n<p><strong>Localiza\u00e7\u00e3o e funcionamento do SIC: <\/strong><\/p>\n<p>Unidade Administrativa III da UFMG \u2013 2\u00ba andar \u2013 Segunda a quinta de 8:00h \u00e0s 17:00h &#8211; Sexta de 9:00h \u00e0s 17:00h.<\/p>\n<p>Telefone: 31 3409-3872<\/p>\n<p>E-mail: sic@ufmg.br<\/p>\n<p>&nbsp;<\/p>\n<p>Informa\u00e7\u00e3o \u00e9 um direito seu!<\/p>\n<p>Para registrar um pedido de acesso \u00e0 informa\u00e7\u00e3o <a href=\"https:\/\/falabr.cgu.gov.br\/publico\/Manifestacao\/SelecionarTipoManifestacao.aspx\" target=\"_blank\" rel=\"noopener\">clique aqui <\/a><\/p>\n","protected":false},"excerpt":{"rendered":"<p>O Servi\u00e7o de Informa\u00e7\u00e3o ao Cidad\u00e3o da UFMG, criado em [&hellip;]<\/p>\n","protected":false},"author":1,"featured_media":0,"parent":0,"menu_order":0,"comment_status":"closed","ping_status":"closed","template":"","meta":[],"_links":{"self":[{"href":"https:\/\/www.ufmg.br\/dgi\/wp-json\/wp\/v2\/pages\/142"}],"collection":[{"href":"https:\/\/www.ufmg.br\/dgi\/wp-json\/wp\/v2\/pages"}],"about":[{"href":"https:\/\/www.ufmg.br\/dgi\/wp-json\/wp\/v2\/types\/page"}],"author":[{"embeddable":true,"href":"https:\/\/www.ufmg.br\/dgi\/wp-json\/wp\/v2\/users\/1"}],"replies":[{"embeddable":true,"href":"https:\/\/www.ufmg.br\/dgi\/wp-json\/wp\/v2\/comments?post=142"}],"version-history":[{"count":7,"href":"https:\/\/www.ufmg.br\/dgi\/wp-json\/wp\/v2\/pages\/142\/revisions"}],"predecessor-version":[{"id":414,"href":"https:\/\/www.ufmg.br\/dgi\/wp-json\/wp\/v2\/pages\/142\/revisions\/414"}],"wp:attachment":[{"href":"https:\/\/www.ufmg.br\/dgi\/wp-json\/wp\/v2\/media?parent=142"}],"curies":[{"name":"wp","href":"https:\/\/api.w.org\/{rel}","templated":true}]}}