{"id":68,"date":"2020-06-10T13:30:02","date_gmt":"2020-06-10T16:30:02","guid":{"rendered":"http:\/\/150.164.63.214:8888\/templates\/orgaos\/\/?page_id=68"},"modified":"2024-04-17T14:23:47","modified_gmt":"2024-04-17T17:23:47","slug":"contato","status":"publish","type":"page","link":"https:\/\/www.ufmg.br\/dgi\/contato\/","title":{"rendered":"Contato"},"content":{"rendered":"<p><a href=\"https:\/\/falabr.cgu.gov.br\/publico\/Manifestacao\/SelecionarTipoManifestacao.aspx?ReturnUrl=%2f\">REGISTRE AQUI<\/a> o seu pedido de informa\u00e7\u00e3o ao SIC ou a sua manifesta\u00e7\u00e3o \u00e0 Ouvidoria da UFMG.<\/p>\n<p>&nbsp;<\/p>\n<p>Para o envio de manifesta\u00e7\u00e3o escrita pelos correios, segue endere\u00e7o:<\/p>\n<p>Ouvidoria Geral da UFMG<\/p>\n<p>Av. Pres. Ant\u00f4nio Carlos, 6627 &#8211; Pampulha, Belo Horizonte &#8211; MG, 31270-901<\/p>\n<p>Localiza\u00e7\u00e3o: Unidade Administrativa III &#8211; 2\u00ba andar.<\/p>\n<p>&nbsp;<\/p>\n<p>Para outros assuntos seguem os nossos contatos:<\/p>\n<p><strong>Diretoria de Governan\u00e7a Informacional<\/strong><\/p>\n<p>info@dgi.ufmg.br<\/p>\n<p>3409-5546<\/p>\n<p><strong>Ouvidoria Geral<br \/>\n<\/strong><\/p>\n<p>ouvidoria@ufmg.br<\/p>\n<p>3409-6466<\/p>\n<p><strong>Servi\u00e7o de Informa\u00e7\u00e3o ao Cidad\u00e3o <\/strong><\/p>\n<p>sic@ufmg.br<\/p>\n<p>3409-3872<\/p>\n","protected":false},"excerpt":{"rendered":"<p>REGISTRE AQUI o seu pedido de informa\u00e7\u00e3o ao SIC ou [&hellip;]<\/p>\n","protected":false},"author":1,"featured_media":0,"parent":0,"menu_order":4,"comment_status":"closed","ping_status":"closed","template":"","meta":[],"_links":{"self":[{"href":"https:\/\/www.ufmg.br\/dgi\/wp-json\/wp\/v2\/pages\/68"}],"collection":[{"href":"https:\/\/www.ufmg.br\/dgi\/wp-json\/wp\/v2\/pages"}],"about":[{"href":"https:\/\/www.ufmg.br\/dgi\/wp-json\/wp\/v2\/types\/page"}],"author":[{"embeddable":true,"href":"https:\/\/www.ufmg.br\/dgi\/wp-json\/wp\/v2\/users\/1"}],"replies":[{"embeddable":true,"href":"https:\/\/www.ufmg.br\/dgi\/wp-json\/wp\/v2\/comments?post=68"}],"version-history":[{"count":14,"href":"https:\/\/www.ufmg.br\/dgi\/wp-json\/wp\/v2\/pages\/68\/revisions"}],"predecessor-version":[{"id":371,"href":"https:\/\/www.ufmg.br\/dgi\/wp-json\/wp\/v2\/pages\/68\/revisions\/371"}],"wp:attachment":[{"href":"https:\/\/www.ufmg.br\/dgi\/wp-json\/wp\/v2\/media?parent=68"}],"curies":[{"name":"wp","href":"https:\/\/api.w.org\/{rel}","templated":true}]}}