{"id":1058,"date":"2026-04-14T10:46:56","date_gmt":"2026-04-14T13:46:56","guid":{"rendered":"https:\/\/www.ufmg.br\/drca\/?page_id=1058"},"modified":"2026-04-14T10:46:56","modified_gmt":"2026-04-14T13:46:56","slug":"3a-chamada-8","status":"publish","type":"page","link":"https:\/\/www.ufmg.br\/drca\/3a-chamada-8\/","title":{"rendered":"3\u00aa Chamada"},"content":{"rendered":"\n<p class=\"wp-block-paragraph\"><a href=\"https:\/\/www.ufmg.br\/drca\/wp-content\/uploads\/2026\/04\/LISTA-DE-CONVOCADOS-3a-CHAMADA-E-2a-ANTECIPACAO-HABILIDADES-2024.pdf\">Convoca\u00e7\u00e3o<\/a><\/p>\n\n\n\n<p class=\"wp-block-paragraph\"><a href=\"https:\/\/www.ufmg.br\/drca\/wp-content\/uploads\/2026\/04\/3a-CHAMADA-HABILIDADES-2026-RESULTADO-AMPLA-CONCORRENCIA-CONFIRMADOS.pdf\">Registros Confirmados da Ampla Concorr\u00eancia<\/a><\/p>\n\n\n\n<p class=\"wp-block-paragraph\"><a href=\"https:\/\/www.ufmg.br\/drca\/wp-content\/uploads\/2026\/04\/3a-CHAMADA-HABILIDADES-2026-RESULTADO-AMPLA-CONCORRENCIA-INDEFERIDOS.pdf\">Registros Indeferidos da Ampla Concorr\u00eancia<\/a><\/p>\n\n\n\n<p class=\"wp-block-paragraph\"><\/p>\n\n\n\n<p class=\"wp-block-paragraph\"><\/p>\n","protected":false},"excerpt":{"rendered":"<p>Convoca\u00e7\u00e3o Registros Confirmados da Ampla Concorr\u00eancia Registros Indeferidos da Ampla Concorr\u00eancia<\/p>\n","protected":false},"author":5,"featured_media":0,"parent":0,"menu_order":0,"comment_status":"closed","ping_status":"closed","template":"","meta":{"_acf_changed":false,"_crdt_document":"{\"document\":\"AAAH8NvS6hLeAccBBjYBA1AgGAEBCABIAgiSAgK6ARLqBLQEAQEIApQDApwBlAHIBkgAngYBAQgClAMCnAGUAcgGSACeBgEBCAJCSACWBgEBCAJCSACWBgEBCABI0h+SIAIWqAECmAGoAQMABgIEAgoDAyICBgMECAIEAwEEAwEMAwAKAwAcAwAGAhYEAwIEDgwECAMCrAGSAf4Z1g+8ARq+CZ4BnAGyDQIWqgQECAYMBDgMBgQGEgIMAh4CCBYGAgQSEAoE3iCeAZwB7Ay8IgKYATEIugO8AZgKngGODwIWqgQECAYMBDgMBgQGEgIMAh4CCBYGAgQSEAoE3iCeAawXApgB5QEoASEAJwAEACcBKAQnACgGJwBEAIQABwAoAicBKAAnAKgABACEA4cAKAInAQQAhAMoACcAhwAoAicBBACEAygAJwCHACgCJwEEACgAJwCHACgCJwEEACgAJwCHACgCJwEoACcABACEBYEAhACBAIQAgQCEAIEAhACBAIQAgQCEAIEAhACBAIQAgQCEAIEAhAGBAIQAgQCEAIEAhACBAIQAgQCEAIEAhAGBAIQBgQCEAYEAhAGBAIQBgQCEAIEAhACBAIQAgQCEAIEAhACBAIQAgQCEAKgAxAGEAMQBhADEHoQAqADEnBf1FXN0YXRldmVyc2lvbmRvY3VtZW50ZGF0ZWRvY3VtZW50c3RhdHVzZG9jdW1lbnR0aXRsZVJhc2N1bmhvIGF1dG9tw6F0aWNvZG9jdW1lbnRjb250ZW50ZG9jdW1lbnRleGNlcnB0ZG9jdW1lbnRhdXRob3Jkb2N1bWVudGZlYXR1cmVkX21lZGlhZG9jdW1lbnRjb21tZW50X3N0YXR1c2RvY3VtZW50cGluZ19zdGF0dXNkb2N1bWVudHRlbXBsYXRlZG9jdW1lbnRtZXRhX2FjZl9jaGFuZ2VkZm9vdG5vdGVzX2VsZW1lbnRvcl9lZGl0X21vZGVfZWxlbWVudG9yX3RlbXBsYXRlX3R5cGVfZWxlbWVudG9yX2RhdGFfZWxlbWVudG9yX3BhZ2Vfc2V0dGluZ3Nkb2N1bWVudGZvbGRlcmRvY3VtZW50YmxvY2tzM8KqIENoYW1hZGEgY2xpZW50SWRpc1ZhbGlkbmFtZWF0dHJpYnV0ZXNjb250ZW50ZHJvcENhcGlubmVyQmxvY2tzPGEgaHJlZj0iaHR0cHM6Ly93d3cudWZtZy5ici9kcmNhL3dwLWNvbnRlbnQvdXBsb2Fkcy8yMDI2LzA0L0xJU1RBLURFLUNPTlZPQ0FET1MtMmEtQ0hBTUFEQS1FLTFhLUFOVEVDSVBBQ0FPLUhBQklMSURBREVTLTIwMjYucGRmIj5Db252b2Nhw6fDo288L2E+Y2xpZW50SWRpc1ZhbGlkbmFtZWF0dHJpYnV0ZXNjb250ZW50PGEgaHJlZj0iaHR0cHM6Ly93d3cudWZtZy5ici9kcmNhL3dwLWNvbnRlbnQvdXBsb2Fkcy8yMDI2LzA0LzJhLUNIQU1BREEtRS0xYS1BTlRFQ0lQQUNBTy1IQUJJTElEQURFUy0yMDI2LVJFU1VMVEFETy1BTVBMQS1DT05DT1JSRU5DSUEtQ09ORklSTUFET1MucGRmIj5SZWdpc3Ryb3MgQ29uZmlybWFkb3MgZGEgQW1wbGEgQ29uY29ycsOqbmNpYTwvYT5kcm9wQ2FwaW5uZXJCbG9ja3NjbGllbnRJZGlzVmFsaWRuYW1lYXR0cmlidXRlc2NvbnRlbnQ8YSBocmVmPSJodHRwczovL3d3dy51Zm1nLmJyL2RyY2Evd3AtY29udGVudC91cGxvYWRzLzIwMjYvMDQvMmEtQ0hBTUFEQS1FLTFhLUFOVEVDSVBBQ0FPLUhBQklMSURBREVTLTIwMjYtUkVTVUxUQURPLUFNUExBLUNPTkNPUlJFTkNJQS1JTkRFRkVSSURPUy5wZGYiPlJlZ2lzdHJvcyBJbmRlZmVyaWRvcyBkYSBBbXBsYSBDb25jb3Jyw6puY2lhPC9hPmRyb3BDYXBpbm5lckJsb2Nrc2NsaWVudElkaXNWYWxpZG5hbWVhdHRyaWJ1dGVzY29udGVudDxhIGhyZWY9Imh0dHBzOi8vd3d3LnVmbWcuYnIvZHJjYS93cC1jb250ZW50L3VwbG9hZHMvMjAyNi8wNC8yYS1DSEFNQURBLUUtMWEtQU5URUNJUEFDQU8tSEFCSUxJREFERVMtMjAyNi1SRVNVTFRBRE8tUkVTRVJWQS1ERS1WQUdBUy1DT05GSVJNQURPUy5wZGYiPlJlZ2lzdHJvcyBDb25maXJtYWRvcyBkYSBSZXNlcnZhIGRlIFZhZ2FzPC9hPmRyb3BDYXBpbm5lckJsb2Nrc2NsaWVudElkaXNWYWxpZG5hbWVhdHRyaWJ1dGVzY29udGVudDxhIGhyZWY9Imh0dHBzOi8vd3d3LnVmbWcuYnIvZHJjYS93cC1jb250ZW50L3VwbG9hZHMvMjAyNi8wNC8yYS1DSEFNQURBLUUtMWEtQU5URUNJUEFDQU8tSEFCSUxJREFERVMtMjAyNi1SRVNVTFRBRE8tUkVTRVJWQS1ERS1WQUdBUy1JTkRFRkVSSURPUy5wZGYiPlJlZ2lzdHJvcyBJbmRlZmVyaWRvcyBkYSBSZXNlcnZhIGRlIFZhZ2FzPC9hPmRyb3BDYXBpbm5lckJsb2Nrc2NsaWVudElkaXNWYWxpZG5hbWVhdHRyaWJ1dGVzY29udGVudGRyb3BDYXBpbm5lckJsb2NrczwhLS0gd3A6cGFyYWdyYXBoIC0tPgo8cD5Db252b2Nhw6fDo288L3A+CjwhLS0gL3dwOnBhcmFncmFwaCAtLT4KCjwhLS0gd3A6cGFyYWdyYXBoIC0tPgo8cD5SZWdpc3Ryb3MgQ29uZmlybWFkb3MgZGEgQW1wbGEgQ29uY29ycsOqbmNpYTwvcD4KPCEtLSAvd3A6cGFyYWdyYXBoIC0tPgoKPCEtLSB3cDpwYXJhZ3JhcGggLS0+CjxwPmV0c2ZyZHJjYS9wLS9wYWEtLS0tLS1wPlJlZ2lzdHJvcyBuZnJkb3MgZGEgYSBhYTwvcD4KPCEtLSAvd3A6cGFyYWdyYXBoIC0tPgoKPCEtLSB3cDpwYXJhZ3JhcGggLS0+CjxwPjwvcD4KPCEtLSAvd3A6cGFyYWdyYXBoIC0tPgoKPCEtLSB3cDpwYXJhZ3JhcGggLS0+CjxwPjwvcD4KPCEtLSAvd3A6cGFyYWdyYXBoIC0tPjxhIGhyZWY9Imh0dHBzOi8vd3d3LnVmbWcuYnIvZHJjYS93cC1jb250ZW50L3VwbG9hZHMvMjAyNi8wNC9MSVNUQS1ERS1PTlZPQ0FET1MtM2EtQ0hBTUFEQS1FLTJhLUFOVEVDSVBBQ0FPLUhBQklMSURBREVTLTIwMjQucGRmIj5DPC9hPjxhIGhyZWY9Imh0dHBzOi8vd3d3LnVmbWcuYnIvZHJjYS93cC1jb250ZW50L3VwbG9hZHMvMjAyNi8wNC8zYS1DSEFNQURBLUhBQklMSURBREVTLTIwMjYtRVNVTFRBRE8tQU1QTEEtQ09OQ09SUkVOQ0lBLUlOREVGRVJJRE9TLnBkZiI+UjwvYT48YSBocmVmPSJodHRwczovL3d3dy51Zm1nLmJyL2RyY2Evd3AtY29udGVudC91cGxvYWRzLzIwMjYvMDQvTElTVEEtREUtT05WT0NBRE9TLTNhLUNIQU1BREEtRS0yYS1BTlRFQ0lQQUNBTy1IQUJJTElEQURFUy0yMDI0LnBkZiI+Q2E+PC88YSBocmY9Imh0cDovL3d3dy51bWcuYi93Y29udGVudHVsb2RzLzIwMjYvMDQvM0NIQU1BREFIQUJJTElEQURFUzIwMjZSRVNVTFRBRE9BTVBMQUNPTkNPUlJFTkNJQS1JTkRFRkVSSURPUy5kZiJJZGVlaUFtcGxDb25jb3Jyw6puY2k8Lz48YSBocmVmPSJodHRwczovL3d3dy51Zm1nLmJyL2RyY2Evd3AtY29udGVudC91cGxvYWRzLzIwMjYvMDQvM2EtQ0hBTUFEQS1IQUJJTElEQURFUy0yMDI2LUVTVUxUQURPLUFNUExBLUNPTkNPUlJFTkNJQS1DT05GSVJNQURPUy5wZGYiPlI8L2E+PGEgaHJlZj0iaHR0cHM6Ly93d3cudWZtZy5ici9kcmNhL3dwLWNvbnRlbnQvdXBsb2Fkcy8yMDI2LzA0LzNhLUNIQU1BREEtSEFCSUxJREFERVMtMjAyNi1FU1VMVEFETy1BTVBMQS1DT05DT1JSRU5DSUEtQ09ORklSTUFET1MucGRmIj5SYT48LwUHCAQIBggFEwgHCAcIBggOCA4IC0gBBAwJFBgPGAgGCAYBCggHBApHAAuGAQE9CQQIBwQKB6oBAS4qBAcLCAcECgeqAQEuKgQHCwgHBAoHgwMHCwgHBAoHgwMHCwgHBApHAAsZAQs0ASw0QRULQQEHAkEANpEBhgE9BJkBLgSGAT0EBQQCCARBAAcBAgwHCwQJBRkDAQJBAAQLAgGZAS4EmQEuBAsBAwAAAQcABQEBABxCAQEAQQACAEEAAgBBAAIAQQACAEEAAgBBAAIAHkEnAwIFQQARA0EABAIBAgEGBQ4DAgECBgRBAClBAAHHAQB9AXcTMjAyNi0wNC0xNFQxMDo0NDo1Mn0FfQB3BmNsb3NlZHcGY2xvc2VkdwB5dwB3AHcAdwB+dQF9F3ckNGQ1MjgxODItNTZiYy00NTEwLTkzZDUtMDIxOWM0N2U0MTkweHcOY29yZS9wYXJhZ3JhcGh5dyRkNzQ3MmUwMi0yYTk4LTRhZTktYmI1Yi1mZjkyMzk4NzBlODN3JDM0NTlkNTAyLTNjZTgtNDkzMS1iYWUwLWE5NmUxYTYxYmJhMXh3DmNvcmUvcGFyYWdyYXBoeXckNTFmMjA0OTktNDQ3Zi00NzVkLTk5MmItYjA5YzU0YjJlMDVkeHcOY29yZS9wYXJhZ3JhcGh5dyRmZTkyODA5OS1iYTdkLTRjZmEtOTk5MC1jMzcwYWY3NmI0ODh4dw5jb3JlL3BhcmFncmFwaHl3JGU4Mjg2NjQ4LTQ3N2MtNDJiMS04YmNmLTUxZDVlMjliMTdmZXh3DmNvcmUvcGFyYWdyYXBoeXckNDc2M2RmNzItYzRmOS00YmJkLWI2MjEtNjc1MzhiNzFiM2NkeHcOY29yZS9wYXJhZ3JhcGh5dyRlODI4NjY0OC00NzdjLTQyYjEtOGJjZi01MWQ1ZTI5YjE3ZmV3B3B1Ymxpc2gB8K2ptQkqAgABEhwAB0UBPAkDBmkBLSoDCGkBLSoDAwAEwgECygHCAQABAgEBAQQBAAEAARABAgEAAQACAwEBAQABAQEAAQUCBAINAgIMAQIAAQEHBQIDAQABADYo\",\"updateId\":496987331}","footnotes":""},"folder":[23],"class_list":["post-1058","page","type-page","status-publish","hentry"],"acf":[],"_links":{"self":[{"href":"https:\/\/www.ufmg.br\/drca\/wp-json\/wp\/v2\/pages\/1058","targetHints":{"allow":["GET"]}}],"collection":[{"href":"https:\/\/www.ufmg.br\/drca\/wp-json\/wp\/v2\/pages"}],"about":[{"href":"https:\/\/www.ufmg.br\/drca\/wp-json\/wp\/v2\/types\/page"}],"author":[{"embeddable":true,"href":"https:\/\/www.ufmg.br\/drca\/wp-json\/wp\/v2\/users\/5"}],"replies":[{"embeddable":true,"href":"https:\/\/www.ufmg.br\/drca\/wp-json\/wp\/v2\/comments?post=1058"}],"version-history":[{"count":1,"href":"https:\/\/www.ufmg.br\/drca\/wp-json\/wp\/v2\/pages\/1058\/revisions"}],"predecessor-version":[{"id":1063,"href":"https:\/\/www.ufmg.br\/drca\/wp-json\/wp\/v2\/pages\/1058\/revisions\/1063"}],"wp:attachment":[{"href":"https:\/\/www.ufmg.br\/drca\/wp-json\/wp\/v2\/media?parent=1058"}],"wp:term":[{"taxonomy":"folder","embeddable":true,"href":"https:\/\/www.ufmg.br\/drca\/wp-json\/wp\/v2\/folder?post=1058"}],"curies":[{"name":"wp","href":"https:\/\/api.w.org\/{rel}","templated":true}]}}