{"id":1280,"date":"2026-04-22T10:52:47","date_gmt":"2026-04-22T13:52:47","guid":{"rendered":"https:\/\/www.ufmg.br\/drca\/?page_id=1280"},"modified":"2026-04-22T10:56:59","modified_gmt":"2026-04-22T13:56:59","slug":"5-procedimentos-seguintes-ao-registro-academico","status":"publish","type":"page","link":"https:\/\/www.ufmg.br\/drca\/5-procedimentos-seguintes-ao-registro-academico\/","title":{"rendered":"5. Procedimentos seguintes ao Registro Acad\u00eamico"},"content":{"rendered":"\t\t<div data-elementor-type=\"wp-page\" data-elementor-id=\"1280\" class=\"elementor elementor-1280\">\n\t\t\t\t<div class=\"elementor-element elementor-element-cfd2b47 e-flex e-con-boxed e-con e-parent\" data-id=\"cfd2b47\" data-element_type=\"container\" data-e-type=\"container\">\n\t\t\t\t\t<div class=\"e-con-inner\">\n\t\t\t\t<div class=\"elementor-element elementor-element-6fc27cb elementor-widget elementor-widget-text-editor\" data-id=\"6fc27cb\" data-element_type=\"widget\" data-e-type=\"widget\" data-widget_type=\"text-editor.default\">\n\t\t\t\t\t\t\t\t\t<p>Ap\u00f3s a atribui\u00e7\u00e3o do n\u00famero de registro, o aluno de p\u00f3s-gradua\u00e7\u00e3o dever\u00e1 realizar outras duas opera\u00e7\u00f5es, ambas atrav\u00e9s da internet, para realizar sua matr\u00edcula.<\/p><p><strong>1. Acesso ao Portal Minha UFMG<\/strong><\/p><p>A partir do momento da confirma\u00e7\u00e3o do Registro Acad\u00eamico pelo DRCA, o aluno receber\u00e1, em at\u00e9 72 horas, mensagem eletr\u00f4nica contendo seu n\u00famero de registro, seus N\u00fameros de Identifica\u00e7\u00e3o Pessoal (NIPs) e orienta\u00e7\u00f5es de acesso.<\/p><p>O aluno dever\u00e1, ent\u00e3o, fazer o seu primeiro acesso ao <a href=\"http:\/\/minha.ufmg.br\/\" target=\"_blank\" rel=\"noopener\">Portal Minha UFMG<\/a> e seguir as instru\u00e7\u00f5es recebidas.<\/p><p>Caso n\u00e3o tenha recebido a mensagem eletr\u00f4nica dentro do prazo de 72 horas, o aluno dever\u00e1 solicitar \u00e0 Secretaria do Curso o seu n\u00famero de registro e entrar em contato com a Diretoria de Tecnologia da Informa\u00e7\u00e3o (DTI), atrav\u00e9s do telefone <strong>3409-4009<\/strong> ou do e-mail <strong>suporte@dti.ufmg.br<\/strong>, para orienta\u00e7\u00f5es.<\/p><p>Os usu\u00e1rios que j\u00e1 possuam login e senha de acesso ao Portal Minha UFMG, continuar\u00e3o usando os mesmos, mas dever\u00e3o aguardar o recebimento da mensagem eletr\u00f4nica para os procedimentos.<\/p><p><strong>2. Matr\u00edcula<\/strong><\/p><p>Matr\u00edcula \u00e9 a inscri\u00e7\u00e3o em disciplina ou em outra atividade acad\u00eamica a ser desenvolvida em um per\u00edodo letivo. O aluno de p\u00f3s-gradua\u00e7\u00e3o n\u00e3o pode deixar de se matricular em cada per\u00edodo letivo, sob pena de ser desligado do curso conforme Art. 61 do anexo \u00e0 Resolu\u00e7\u00e3o Complementar 02\/2017-CEPE (<a href=\"https:\/\/www.ufmg.br\/prpg\/wp-content\/uploads\/2017\/07\/2017_02_NormasGeraisPos-Graduacao.pdf\" target=\"_blank\" rel=\"noopener\">Normas Gerais de P\u00f3s-Gradua\u00e7\u00e3o<\/a>).<\/p><p>Os alunos de cursos de mestrado e doutorado realizam suas matr\u00edculas em sistema pr\u00f3prio, acess\u00edvel atrav\u00e9s do Portal Minha UFMG.<\/p><p>Os alunos de cursos de especializa\u00e7\u00e3o realizam suas matr\u00edculas nas secretarias de seus cursos. Quando o curso for realizado na modalidade de Ensino a Dist\u00e2ncia (EAD), a matr\u00edcula ser\u00e1 efetivada em local indicado pela secretaria.<\/p><p>Os prazos para a realiza\u00e7\u00e3o da Matr\u00edcula ser\u00e3o fornecidos pela Secretaria do curso, que orientar\u00e1 o aluno sobre o procedimento de matr\u00edcula. As datas-limite de Matr\u00edcula s\u00e3o previstas no <a href=\"https:\/\/www.ufmg.br\/a-universidade\/calendario-escolar\/\" target=\"_blank\" rel=\"noopener\">Calend\u00e1rio Escolar da UFMG<\/a>.<\/p><p><br \/><strong>Matr\u00edcula On-line [somente cursos de mestrado e doutorado]<\/strong><\/p><p>O acesso \u00e0 Matr\u00edcula On-line se d\u00e1 atrav\u00e9s do link \u201cMatr\u00edcula da P\u00f3s-Gradua\u00e7\u00e3o\u201d, dentro da caixa \u201cSistemas\u201d, no Portal Minha UFMG. O aluno poder\u00e1 obter, ao acessar o menu \u201cAjuda\u201d do sistema de matr\u00edcula, o <a href=\"https:\/\/sistemas.ufmg.br\/matriculapos\/ajuda\/manual\/manualDoUsuario.pdf\" target=\"_blank\" rel=\"noopener\">manual do usu\u00e1rio<\/a>, bem como enviar mensagens para o Help Desk a fim de esclarecer suas d\u00favidas.<\/p><p>Caso o aluno n\u00e3o consiga acessar o Portal Minha UFMG dentro do prazo de matr\u00edcula informado pela Secretaria de seu curso, dever\u00e1 entrar em contato com essa para cientific\u00e1-la e receber novas instru\u00e7\u00f5es.<\/p>\t\t\t\t\t\t\t\t<\/div>\n\t\t\t\t\t<\/div>\n\t\t\t\t<\/div>\n\t\t\t\t<\/div>\n\t\t","protected":false},"excerpt":{"rendered":"<p>Ap\u00f3s a atribui\u00e7\u00e3o do n\u00famero de registro, o aluno de p\u00f3s-gradua\u00e7\u00e3o dever\u00e1 realizar outras duas opera\u00e7\u00f5es, ambas atrav\u00e9s da internet, para realizar sua matr\u00edcula. 1. Acesso ao Portal Minha UFMG A partir do momento da confirma\u00e7\u00e3o do Registro Acad\u00eamico pelo DRCA, o aluno receber\u00e1, em at\u00e9 72 horas, mensagem eletr\u00f4nica contendo seu n\u00famero de registro, [&hellip;]<\/p>\n","protected":false},"author":4,"featured_media":0,"parent":0,"menu_order":0,"comment_status":"closed","ping_status":"closed","template":"","meta":{"_acf_changed":false,"_crdt_document":"{\"document\":\"AAAGz8HN8BUkEQcAAwgEAhYBA24FAAIEAwAGCQkABQACBAMABhUoAicABACEDCcBKAQnACgGJwBEAMSqA\/gCc3RhdGV2ZXJzaW9uZG9jdW1lbnRkYXRlZG9jdW1lbnRzdGF0dXNkb2N1bWVudHRpdGxlUmFzY3VuaG8gYXV0b23DoXRpY29kb2N1bWVudGNvbnRlbnRkb2N1bWVudGV4Y2VycHRkb2N1bWVudGF1dGhvcmRvY3VtZW50ZmVhdHVyZWRfbWVkaWFkb2N1bWVudGNvbW1lbnRfc3RhdHVzZG9jdW1lbnRwaW5nX3N0YXR1c2RvY3VtZW50dGVtcGxhdGVkb2N1bWVudG1ldGFfYWNmX2NoYW5nZWRmb290bm90ZXNfZWxlbWVudG9yX2VkaXRfbW9kZV9lbGVtZW50b3JfdGVtcGxhdGVfdHlwZV9lbGVtZW50b3JfZGF0YV9lbGVtZW50b3JfcGFnZV9zZXR0aW5nc2RvY3VtZW50Zm9sZGVyZG9jdW1lbnRibG9ja3M1LiBQcm9lZGltZXRzc2VnaW5lcyBhIFJlZ2lzcm8gQWNhZMOqbQUHCAQIBggFA0EIAgEDCAcIBwgGCA4IDggLSAEEDAkUGA8YCAYIRgAFQQADAgQGCQkBAwAAAQcABQEEQgEBAAJBDQErAH0BdxMyMDI2LTA0LTIyVDEwOjUyOjQwdwphdXRvLWRyYWZ0fQR9AHcGY2xvc2VkdwZjbG9zZWR3AHl3AHcAdwB3AH51AX0tAc\/gpvgKBQQCAQABAAIAAwE=\",\"updateId\":894789177}","footnotes":""},"folder":[45],"class_list":["post-1280","page","type-page","status-publish","hentry"],"acf":[],"_links":{"self":[{"href":"https:\/\/www.ufmg.br\/drca\/wp-json\/wp\/v2\/pages\/1280","targetHints":{"allow":["GET"]}}],"collection":[{"href":"https:\/\/www.ufmg.br\/drca\/wp-json\/wp\/v2\/pages"}],"about":[{"href":"https:\/\/www.ufmg.br\/drca\/wp-json\/wp\/v2\/types\/page"}],"author":[{"embeddable":true,"href":"https:\/\/www.ufmg.br\/drca\/wp-json\/wp\/v2\/users\/4"}],"replies":[{"embeddable":true,"href":"https:\/\/www.ufmg.br\/drca\/wp-json\/wp\/v2\/comments?post=1280"}],"version-history":[{"count":4,"href":"https:\/\/www.ufmg.br\/drca\/wp-json\/wp\/v2\/pages\/1280\/revisions"}],"predecessor-version":[{"id":1285,"href":"https:\/\/www.ufmg.br\/drca\/wp-json\/wp\/v2\/pages\/1280\/revisions\/1285"}],"wp:attachment":[{"href":"https:\/\/www.ufmg.br\/drca\/wp-json\/wp\/v2\/media?parent=1280"}],"wp:term":[{"taxonomy":"folder","embeddable":true,"href":"https:\/\/www.ufmg.br\/drca\/wp-json\/wp\/v2\/folder?post=1280"}],"curies":[{"name":"wp","href":"https:\/\/api.w.org\/{rel}","templated":true}]}}