{"id":1289,"date":"2026-04-22T11:00:55","date_gmt":"2026-04-22T14:00:55","guid":{"rendered":"https:\/\/www.ufmg.br\/drca\/?page_id=1289"},"modified":"2026-04-22T11:01:46","modified_gmt":"2026-04-22T14:01:46","slug":"6-links-uteis","status":"publish","type":"page","link":"https:\/\/www.ufmg.br\/drca\/6-links-uteis\/","title":{"rendered":"6. Links \u00dateis"},"content":{"rendered":"\t\t<div data-elementor-type=\"wp-page\" data-elementor-id=\"1289\" class=\"elementor elementor-1289\">\n\t\t\t\t<div class=\"elementor-element elementor-element-c2b3eab e-flex e-con-boxed e-con e-parent\" data-id=\"c2b3eab\" data-element_type=\"container\" data-e-type=\"container\">\n\t\t\t\t\t<div class=\"e-con-inner\">\n\t\t\t\t<div class=\"elementor-element elementor-element-aea63b6 elementor-widget elementor-widget-text-editor\" data-id=\"aea63b6\" data-element_type=\"widget\" data-e-type=\"widget\" data-widget_type=\"text-editor.default\">\n\t\t\t\t\t\t\t\t\t<p>Geral:\u00a0<a href=\"https:\/\/www.ufmg.br\/a-universidade\/calendario-escolar\/\" target=\"_blank\" rel=\"noopener\">Calend\u00e1rio Escolar da UFMG<\/a><\/p><p>P\u00f3s-Gradua\u00e7\u00e3o:\u00a0<a href=\"https:\/\/www.ufmg.br\/prpg\/doutoradomestrado\/\" target=\"_blank\" rel=\"noopener\">Programas de P\u00f3s-Gradua\u00e7\u00e3o da UFMG<\/a>\u00a0(stricto sensu) [Site PRPG]<\/p><p>P\u00f3s-Gradua\u00e7\u00e3o:\u00a0<a title=\"Voc\u00ea ser\u00e1 redirecionado para o site da CAPES. \" href=\"http:\/\/conteudoweb.capes.gov.br\/conteudoweb\/ProjetoRelacaoCursosServlet?acao=pesquisarRegiaoIesPrograma&amp;codigoIes=32001010\" target=\"_blank\" rel=\"noopener\">Mestrados e Doutorados da UFMG reconhecidos pela CAPES<\/a><\/p><p>P\u00f3s-Gradua\u00e7\u00e3o:\u00a0<a href=\"https:\/\/www.ufmg.br\/prpg\/especializacao\/\" target=\"_blank\" rel=\"noopener\">Cursos de Especializa\u00e7\u00e3o<\/a>\u00a0oferecidos pela UFMG [Site PRPG]<\/p><p>P\u00f3s-Gradua\u00e7\u00e3o:\u00a0<a href=\"https:\/\/www.ufmg.br\/prpg\/editais\/\" target=\"_blank\" rel=\"noopener\">Editais de Processos Seletivos<\/a>\u00a0(stricto sensu) [Site PRPG]<\/p><p>P\u00f3s-Gradua\u00e7\u00e3o:\u00a0<a title=\"Conhe\u00e7a as Normas Gerais da P\u00f3s-Gradua\u00e7\u00e3o. \" href=\"https:\/\/www.ufmg.br\/prpg\/wp-content\/uploads\/2017\/07\/2017_02_NormasGeraisPos-Graduacao.pdf\" target=\"_blank\" rel=\"noopener\">Normas Gerais<\/a>\u00a0(Res. Compl. CEPE 02\/2017, de 04\/07\/2017)<\/p><p>Candidato:\u00a0<a title=\"Apenas para candidatos classificados em processo seletivo. \" href=\"https:\/\/sistemas.ufmg.br\/cadastroprevio\" target=\"_blank\" rel=\"noopener\">Formul\u00e1rio de Cadastramento Pr\u00e9vio ao Registro Acad\u00eamico<\/a><\/p><p>Candidato:\u00a0<a href=\"https:\/\/www2.ufmg.br\/drca\/content\/download\/30219\/200824\/file\/Formul%C3%A1rio%20Autodeclara%C3%A7%C3%A3o%20%C3%89tnico-Racial%20Negro.pdf\" target=\"_self\">Formul\u00e1rio de Autodeclara\u00e7\u00e3o \u00c9tnico-Racial: Candidatos optantes negros<\/a><\/p><p>Candidato:\u00a0<a href=\"http:\/\/www.portalconsular.mre.gov.br\/legalizacao-de-documentos\/documentos-emitidos-no-exterior\" target=\"_blank\" rel=\"noopener\">Legaliza\u00e7\u00e3o de documentos emitidos no exterior<\/a><\/p><p>Secretaria:\u00a0<a href=\"https:\/\/www.ufmg.br\/drca\/wp-content\/uploads\/2026\/04\/Formulario-Autodeclaracao-Etnico-Racial-Negro.pdf\" target=\"_blank\" rel=\"noopener\">Of\u00edcio Padr\u00e3o de Encaminhamento de Documenta\u00e7\u00e3o<\/a><\/p><p>Portal Minha UFMG:\u00a0<a href=\"http:\/\/minha.ufmg.br\/\" target=\"_blank\" rel=\"noopener\">Acesso<\/a><\/p><p>Portal Minha UFMG:\u00a0<a href=\"http:\/\/www.lcc.ufmg.br\/index.php?option=com_content&amp;view=article&amp;id=11&amp;Itemid=12\" target=\"_blank\" rel=\"noopener\">Sobre o Portal<\/a><\/p><p>Portal Minha UFMG:\u00a0<a title=\"Informa\u00e7\u00f5es sobre o Portal Minha UFMG, folha de NIPs e suporte. \" href=\"https:\/\/www.ufmg.br\/dti\" target=\"_blank\" rel=\"noopener\">Site da Diretoria de Tecnologia da Informa\u00e7\u00e3o<\/a><\/p><p>Aluno:\u00a0<a title=\"Somente para alunos com acesso ao Portal Minha UFMG.\" href=\"https:\/\/www.ufmg.br\/drca\/wp-content\/uploads\/2026\/04\/manualDoUsuario.pdf\" target=\"_blank\" rel=\"noopener\">Manual da Matr\u00edcula On-line da P\u00f3s-Gradua\u00e7\u00e3o<\/a><\/p>\t\t\t\t\t\t\t\t<\/div>\n\t\t\t\t\t<\/div>\n\t\t\t\t<\/div>\n\t\t\t\t<\/div>\n\t\t","protected":false},"excerpt":{"rendered":"<p>Geral:\u00a0Calend\u00e1rio Escolar da UFMG P\u00f3s-Gradua\u00e7\u00e3o:\u00a0Programas de P\u00f3s-Gradua\u00e7\u00e3o da UFMG\u00a0(stricto sensu) [Site PRPG] P\u00f3s-Gradua\u00e7\u00e3o:\u00a0Mestrados e Doutorados da UFMG reconhecidos pela CAPES P\u00f3s-Gradua\u00e7\u00e3o:\u00a0Cursos de Especializa\u00e7\u00e3o\u00a0oferecidos pela UFMG [Site PRPG] P\u00f3s-Gradua\u00e7\u00e3o:\u00a0Editais de Processos Seletivos\u00a0(stricto sensu) [Site PRPG] P\u00f3s-Gradua\u00e7\u00e3o:\u00a0Normas Gerais\u00a0(Res. Compl. CEPE 02\/2017, de 04\/07\/2017) Candidato:\u00a0Formul\u00e1rio de Cadastramento Pr\u00e9vio ao Registro Acad\u00eamico Candidato:\u00a0Formul\u00e1rio de Autodeclara\u00e7\u00e3o \u00c9tnico-Racial: Candidatos optantes negros [&hellip;]<\/p>\n","protected":false},"author":4,"featured_media":0,"parent":0,"menu_order":0,"comment_status":"closed","ping_status":"closed","template":"","meta":{"_acf_changed":false,"_crdt_document":"{\"document\":\"AAAG3JarzgUXEAYKAgQCBAIIAhQBA2oHAAoFCAwHAAoVKAInAAQAhAcnASgEJwAoBicARADEjQPdAnN0YXRldmVyc2lvbmRvY3VtZW50ZGF0ZWRvY3VtZW50c3RhdHVzZG9jdW1lbnR0aXRsZVJhc2N1bmhvIGF1dG9tw6F0aWNvZG9jdW1lbnRjb250ZW50ZG9jdW1lbnRleGNlcnB0ZG9jdW1lbnRhdXRob3Jkb2N1bWVudGZlYXR1cmVkX21lZGlhZG9jdW1lbnRjb21tZW50X3N0YXR1c2RvY3VtZW50cGluZ19zdGF0dXNkb2N1bWVudHRlbXBsYXRlZG9jdW1lbnRtZXRhX2FjZl9jaGFuZ2VkZm9vdG5vdGVzX2VsZW1lbnRvcl9lZGl0X21vZGVfZWxlbWVudG9yX3RlbXBsYXRlX3R5cGVfZWxlbWVudG9yX2RhdGFfZWxlbWVudG9yX3BhZ2Vfc2V0dGluZ3Nkb2N1bWVudGZvbGRlcmRvY3VtZW50YmxvY2tzNi4gTGlrc8OaZXMFBwgECAYIRQABAgECAQQBAggHCAcIBggOCA4IC0gBBAwJFBgPGAgGCAYFAkEBCQEDAAABBwAFAQRCAQEAAkENASIAfQF3EzIwMjYtMDQtMjJUMTA6NTg6NDR3CmF1dG8tZHJhZnR9BH0AdwZjbG9zZWR3BmNsb3NlZHcAeXcAdwB3AHcAfnUBfS0BnMuV5wIFBAQBAQEBAQMBAQ==\",\"updateId\":823979237}","footnotes":""},"folder":[45],"class_list":["post-1289","page","type-page","status-publish","hentry"],"acf":[],"_links":{"self":[{"href":"https:\/\/www.ufmg.br\/drca\/wp-json\/wp\/v2\/pages\/1289","targetHints":{"allow":["GET"]}}],"collection":[{"href":"https:\/\/www.ufmg.br\/drca\/wp-json\/wp\/v2\/pages"}],"about":[{"href":"https:\/\/www.ufmg.br\/drca\/wp-json\/wp\/v2\/types\/page"}],"author":[{"embeddable":true,"href":"https:\/\/www.ufmg.br\/drca\/wp-json\/wp\/v2\/users\/4"}],"replies":[{"embeddable":true,"href":"https:\/\/www.ufmg.br\/drca\/wp-json\/wp\/v2\/comments?post=1289"}],"version-history":[{"count":4,"href":"https:\/\/www.ufmg.br\/drca\/wp-json\/wp\/v2\/pages\/1289\/revisions"}],"predecessor-version":[{"id":1296,"href":"https:\/\/www.ufmg.br\/drca\/wp-json\/wp\/v2\/pages\/1289\/revisions\/1296"}],"wp:attachment":[{"href":"https:\/\/www.ufmg.br\/drca\/wp-json\/wp\/v2\/media?parent=1289"}],"wp:term":[{"taxonomy":"folder","embeddable":true,"href":"https:\/\/www.ufmg.br\/drca\/wp-json\/wp\/v2\/folder?post=1289"}],"curies":[{"name":"wp","href":"https:\/\/api.w.org\/{rel}","templated":true}]}}