{"id":1764,"date":"2026-04-23T14:00:37","date_gmt":"2026-04-23T17:00:37","guid":{"rendered":"https:\/\/www.ufmg.br\/drca\/?page_id=1764"},"modified":"2026-04-23T14:31:37","modified_gmt":"2026-04-23T17:31:37","slug":"verificacao-do-registro-do-diploma","status":"publish","type":"page","link":"https:\/\/www.ufmg.br\/drca\/verificacao-do-registro-do-diploma\/","title":{"rendered":"Verifica\u00e7\u00e3o do Registro do Diploma"},"content":{"rendered":"\t\t<div data-elementor-type=\"wp-page\" data-elementor-id=\"1764\" class=\"elementor elementor-1764\">\n\t\t\t\t<div class=\"elementor-element elementor-element-165c22a e-flex e-con-boxed e-con e-parent\" data-id=\"165c22a\" data-element_type=\"container\" data-e-type=\"container\">\n\t\t\t\t\t<div class=\"e-con-inner\">\n\t\t\t\t<div class=\"elementor-element elementor-element-ca03916 elementor-widget elementor-widget-text-editor\" data-id=\"ca03916\" data-element_type=\"widget\" data-e-type=\"widget\" data-widget_type=\"text-editor.default\">\n\t\t\t\t\t\t\t\t\t<p class=\" text-justify\">Visando atender as especifica\u00e7\u00f5es da Lei n\u00ba 13.709, de 14 de agosto de 2018 (LGPD), a verifica\u00e7\u00e3o de diplomas registrados pela UFMG deve ser feita atrav\u00e9s da:\u00a0<a href=\"https:\/\/sistemas.ufmg.br\/configuracao-curricular\/registrodediplomas\/gerirregistrodediploma\/verificarautenticidade\/verificarAutenticidade.seam\" target=\"_blank\" rel=\"noopener\">\u00a0Plataforma de verifica\u00e7\u00e3o de diplomas<\/a><\/p><p><b>Exce\u00e7\u00f5es:<\/b><\/p><p>&#8211; Certificados de Revalida\u00e7\u00e3o<\/p><p>&#8211; Diplomas antigos, cujos livros de registro n\u00e3o sejam RD, RP e RC<\/p><p class=\" text-justify\"><b>Caso o diploma a ser verificado se enquadre dentro das exce\u00e7\u00f5es, a verifica\u00e7\u00e3o ser\u00e1 realizada atrav\u00e9s do e-mail drd@drca.ufmg.br. O email dever\u00e1 conter:<\/b><\/p><ul><li>C\u00f3pia do diploma a ser verificado, frente e verso\u00a0<\/li><li>Autoriza\u00e7\u00e3o assinada pelo diplomado<\/li><li>C\u00f3pia do RG, frente e verso<\/li><\/ul><div class=\"\"><div class=\"content-view-embed\">\u00a0<\/div><\/div><p class=\" text-justify\"><b>Caso seja encontrado algum erro durante o processo de verifica\u00e7\u00e3o, utilizando a plataforma online, favor enviar um email para drd@drca.ufmg.br. O email dever\u00e1 conter os mesmos itens contidos no t\u00f3pico anterior, acrescido de um print mostrando o preenchimento e o erro encontrado.<\/b><\/p><p><u><b>Para refer\u00eancia quanto ao preenchimento, favor observar as imagens abaixo:<\/b><\/u><\/p>\t\t\t\t\t\t\t\t<\/div>\n\t\t\t\t\t<\/div>\n\t\t\t\t<\/div>\n\t\t<div class=\"elementor-element elementor-element-2fb09e6 e-flex e-con-boxed e-con e-parent\" data-id=\"2fb09e6\" data-element_type=\"container\" data-e-type=\"container\">\n\t\t\t\t\t<div class=\"e-con-inner\">\n\t\t\t\t<div class=\"elementor-element elementor-element-7d13773 elementor-widget elementor-widget-image\" data-id=\"7d13773\" data-element_type=\"widget\" data-e-type=\"widget\" data-widget_type=\"image.default\">\n\t\t\t\t\t\t\t\t\t\t\t\t\t\t\t<img fetchpriority=\"high\" decoding=\"async\" width=\"764\" height=\"226\" src=\"https:\/\/www.ufmg.br\/drca\/wp-content\/uploads\/2026\/04\/1_billboard.png\" class=\"attachment-large size-large wp-image-1771\" alt=\"\" srcset=\"https:\/\/www.ufmg.br\/drca\/wp-content\/uploads\/2026\/04\/1_billboard.png 764w, https:\/\/www.ufmg.br\/drca\/wp-content\/uploads\/2026\/04\/1_billboard-300x89.png 300w\" sizes=\"(max-width: 764px) 100vw, 764px\" \/>\t\t\t\t\t\t\t\t\t\t\t\t\t\t\t<\/div>\n\t\t\t\t\t<\/div>\n\t\t\t\t<\/div>\n\t\t<div class=\"elementor-element elementor-element-5335684 e-flex e-con-boxed e-con e-parent\" data-id=\"5335684\" data-element_type=\"container\" data-e-type=\"container\">\n\t\t\t\t\t<div class=\"e-con-inner\">\n\t\t\t\t<div class=\"elementor-element elementor-element-a1aa13a elementor-widget elementor-widget-image\" data-id=\"a1aa13a\" data-element_type=\"widget\" data-e-type=\"widget\" data-widget_type=\"image.default\">\n\t\t\t\t\t\t\t\t\t\t\t\t\t\t\t<img decoding=\"async\" width=\"764\" height=\"226\" src=\"https:\/\/www.ufmg.br\/drca\/wp-content\/uploads\/2026\/04\/2_billboard.png\" class=\"attachment-large size-large wp-image-1772\" alt=\"\" srcset=\"https:\/\/www.ufmg.br\/drca\/wp-content\/uploads\/2026\/04\/2_billboard.png 764w, https:\/\/www.ufmg.br\/drca\/wp-content\/uploads\/2026\/04\/2_billboard-300x89.png 300w\" sizes=\"(max-width: 764px) 100vw, 764px\" \/>\t\t\t\t\t\t\t\t\t\t\t\t\t\t\t<\/div>\n\t\t\t\t\t<\/div>\n\t\t\t\t<\/div>\n\t\t<div class=\"elementor-element elementor-element-97097df e-flex e-con-boxed e-con e-parent\" data-id=\"97097df\" data-element_type=\"container\" data-e-type=\"container\">\n\t\t\t\t\t<div class=\"e-con-inner\">\n\t\t\t\t<div class=\"elementor-element elementor-element-35af485 elementor-widget elementor-widget-image\" data-id=\"35af485\" data-element_type=\"widget\" data-e-type=\"widget\" data-widget_type=\"image.default\">\n\t\t\t\t\t\t\t\t\t\t\t\t\t\t\t<img decoding=\"async\" width=\"764\" height=\"226\" src=\"https:\/\/www.ufmg.br\/drca\/wp-content\/uploads\/2026\/04\/3_billboard.png\" class=\"attachment-large size-large wp-image-1773\" alt=\"\" srcset=\"https:\/\/www.ufmg.br\/drca\/wp-content\/uploads\/2026\/04\/3_billboard.png 764w, https:\/\/www.ufmg.br\/drca\/wp-content\/uploads\/2026\/04\/3_billboard-300x89.png 300w\" sizes=\"(max-width: 764px) 100vw, 764px\" \/>\t\t\t\t\t\t\t\t\t\t\t\t\t\t\t<\/div>\n\t\t\t\t\t<\/div>\n\t\t\t\t<\/div>\n\t\t<div class=\"elementor-element elementor-element-fec0ea3 e-flex e-con-boxed e-con e-parent\" data-id=\"fec0ea3\" data-element_type=\"container\" data-e-type=\"container\">\n\t\t\t\t\t<div class=\"e-con-inner\">\n\t\t\t\t<div class=\"elementor-element elementor-element-d19a436 elementor-widget elementor-widget-image\" data-id=\"d19a436\" data-element_type=\"widget\" data-e-type=\"widget\" data-widget_type=\"image.default\">\n\t\t\t\t\t\t\t\t\t\t\t\t\t\t\t<img loading=\"lazy\" decoding=\"async\" width=\"764\" height=\"230\" src=\"https:\/\/www.ufmg.br\/drca\/wp-content\/uploads\/2026\/04\/4_billboard.png\" class=\"attachment-large size-large wp-image-1774\" alt=\"\" srcset=\"https:\/\/www.ufmg.br\/drca\/wp-content\/uploads\/2026\/04\/4_billboard.png 764w, https:\/\/www.ufmg.br\/drca\/wp-content\/uploads\/2026\/04\/4_billboard-300x90.png 300w\" sizes=\"(max-width: 764px) 100vw, 764px\" \/>\t\t\t\t\t\t\t\t\t\t\t\t\t\t\t<\/div>\n\t\t\t\t\t<\/div>\n\t\t\t\t<\/div>\n\t\t<div class=\"elementor-element elementor-element-961f2a9 e-flex e-con-boxed e-con e-parent\" data-id=\"961f2a9\" data-element_type=\"container\" data-e-type=\"container\">\n\t\t\t\t\t<div class=\"e-con-inner\">\n\t\t\t\t<div class=\"elementor-element elementor-element-ba54f77 elementor-widget elementor-widget-text-editor\" data-id=\"ba54f77\" data-element_type=\"widget\" data-e-type=\"widget\" data-widget_type=\"text-editor.default\">\n\t\t\t\t\t\t\t\t\t<p><b>E\/Ou<\/b><\/p>\t\t\t\t\t\t\t\t<\/div>\n\t\t\t\t\t<\/div>\n\t\t\t\t<\/div>\n\t\t<div class=\"elementor-element elementor-element-468d22f e-flex e-con-boxed e-con e-parent\" data-id=\"468d22f\" data-element_type=\"container\" data-e-type=\"container\">\n\t\t\t\t\t<div class=\"e-con-inner\">\n\t\t\t\t<div class=\"elementor-element elementor-element-22fc17e elementor-widget elementor-widget-image\" data-id=\"22fc17e\" data-element_type=\"widget\" data-e-type=\"widget\" data-widget_type=\"image.default\">\n\t\t\t\t\t\t\t\t\t\t\t\t\t\t\t<img loading=\"lazy\" decoding=\"async\" width=\"764\" height=\"505\" src=\"https:\/\/www.ufmg.br\/drca\/wp-content\/uploads\/2026\/04\/5_billboard.png\" class=\"attachment-large size-large wp-image-1775\" alt=\"\" srcset=\"https:\/\/www.ufmg.br\/drca\/wp-content\/uploads\/2026\/04\/5_billboard.png 764w, https:\/\/www.ufmg.br\/drca\/wp-content\/uploads\/2026\/04\/5_billboard-300x198.png 300w\" sizes=\"(max-width: 764px) 100vw, 764px\" \/>\t\t\t\t\t\t\t\t\t\t\t\t\t\t\t<\/div>\n\t\t\t\t\t<\/div>\n\t\t\t\t<\/div>\n\t\t\t\t<\/div>\n\t\t","protected":false},"excerpt":{"rendered":"<p>Visando atender as especifica\u00e7\u00f5es da Lei n\u00ba 13.709, de 14 de agosto de 2018 (LGPD), a verifica\u00e7\u00e3o de diplomas registrados pela UFMG deve ser feita atrav\u00e9s da:\u00a0\u00a0Plataforma de verifica\u00e7\u00e3o de diplomas Exce\u00e7\u00f5es: &#8211; Certificados de Revalida\u00e7\u00e3o &#8211; Diplomas antigos, cujos livros de registro n\u00e3o sejam RD, RP e RC Caso o diploma a ser verificado [&hellip;]<\/p>\n","protected":false},"author":4,"featured_media":0,"parent":0,"menu_order":0,"comment_status":"closed","ping_status":"closed","template":"","meta":{"_acf_changed":false,"_crdt_document":"{\"document\":\"AAAXzc+q6xscrqaprgrNz6rrGwTupqmuCgUfBwACBgQGAgQDARIBA24KCAYCBGosFAMABrpaAQIKSgYJAAoIBgJBKAAhACgAJwABAIQAgQCEAIEAhACBAIQBgQCEACcBKAQnACgBIQIoAScARADEBIQAIQCoAAQAqAIHACgDJwAoACeEG8sac3RhdGV2ZXJzaW9uZG9jdW1lbnRkYXRlZG9jdW1lbnRzdGF0dXNkb2N1bWVudHRpdGxlY28gb3Rpb2RvY3VtZW50Y29udGVudGRvY3VtZW50ZXhjZXJwdGRvY3VtZW50YXV0aG9yZG9jdW1lbnRmZWF0dXJlZF9tZWRpYWRvY3VtZW50Y29tbWVudF9zdGF0dXNkb2N1bWVudHBpbmdfc3RhdHVzZG9jdW1lbnR0ZW1wbGF0ZWRvY3VtZW50bWV0YV9hY2ZfY2hhbmdlZGZvb3Rub3Rlc19lbGVtZW50b3JfZWRpdF9tb2RlX2VsZW1lbnRvcl90ZW1wbGF0ZV90eXBlX2VsZW1lbnRvcl9kYXRhX2VsZW1lbnRvcl9wYWdlX3NldHRpbmdzZG9jdW1lbnRmb2xkZXJkb2N1bWVudGJsb2Nrc1ZlcmlmaWHDp8OjZCBSZWdpc3JvIGRvIERwbG1hc3RhdGV2ZXJzaW9uPHA+VmlzYW5kbyBhdGVuZGVyIGFzIGVzcGVjaWZpY2HDp8O1ZXMgZGEgTGVpIG7CuiAxMy43MDksIGRlIDE0IGRlIGFnb3N0byBkZSAyMDE4IChMR1BEKSwgYSB2ZXJpZmljYcOnw6NvIGRlIGRpcGxvbWFzIHJlZ2lzdHJhZG9zIHBlbGEgVUZNRyBkZXZlIHNlciBmZWl0YSBhdHJhdsOpcyBkYTrCoDxhIGhyZWY9Imh0dHBzOi8vc2lzdGVtYXMudWZtZy5ici9jb25maWd1cmFjYW8tY3VycmljdWxhci9yZWdpc3Ryb2RlZGlwbG9tYXMvZ2VyaXJyZWdpc3Ryb2RlZGlwbG9tYS92ZXJpZmljYXJhdXRlbnRpY2lkYWRlL3ZlcmlmaWNhckF1dGVudGljaWRhZGUuc2VhbSIgdGFyZ2V0PSJfYmxhbmsiIHJlbD0ibm9vcGVuZXIiPsKgUGxhdGFmb3JtYSBkZSB2ZXJpZmljYcOnw6NvIGRlIGRpcGxvbWFzPC9hPjwvcD48cD48Yj5FeGNlw6fDtWVzOjwvYj48L3A+PHA+LSBDZXJ0aWZpY2Fkb3MgZGUgUmV2YWxpZGHDp8OjbzwvcD48cD4tIERpcGxvbWFzIGFudGlnb3MsIGN1am9zIGxpdnJvcyBkZSByZWdpc3RybyBuw6NvIHNlamFtIFJELCBSUCBlIFJDPC9wPjxwPjxiPkNhc28gbyBkaXBsb21hIGEgc2VyIHZlcmlmaWNhZG8gc2UgZW5xdWFkcmUgZGVudHJvIGRhcyBleGNlw6fDtWVzLCBhIHZlcmlmaWNhw6fDo28gc2Vyw6EgcmVhbGl6YWRhIGF0cmF2w6lzIGRvIGUtbWFpbCBkcmRAZHJjYS51Zm1nLmJyLiBPIGVtYWlsIGRldmVyw6EgY29udGVyOjwvYj48L3A+PHVsPjxsaT5Dw7NwaWEgZG8gZGlwbG9tYSBhIHNlciB2ZXJpZmljYWRvLCBmcmVudGUgZSB2ZXJzb8KgPC9saT48bGk+QXV0b3JpemHDp8OjbyBhc3NpbmFkYSBwZWxvIGRpcGxvbWFkbzwvbGk+PGxpPkPDs3BpYSBkbyBSRywgZnJlbnRlIGUgdmVyc288L2xpPjwvdWw+wqA8cD48Yj5DYXNvIHNlamEgZW5jb250cmFkbyBhbGd1bSBlcnJvIGR1cmFudGUgbyBwcm9jZXNzbyBkZSB2ZXJpZmljYcOnw6NvLCB1dGlsaXphbmRvIGEgcGxhdGFmb3JtYSBvbmxpbmUsIGZhdm9yIGVudmlhciB1bSBlbWFpbCBwYXJhIGRyZEBkcmNhLnVmbWcuYnIuIE8gZW1haWwgZGV2ZXLDoSBjb250ZXIgb3MgbWVzbW9zIGl0ZW5zIGNvbnRpZG9zIG5vIHTDs3BpY28gYW50ZXJpb3IsIGFjcmVzY2lkbyBkZSB1bSBwcmludCBtb3N0cmFuZG8gbyBwcmVlbmNoaW1lbnRvIGUgbyBlcnJvIGVuY29udHJhZG8uPC9iPjwvcD48cD48dT48Yj5QYXJhIHJlZmVyw6puY2lhIHF1YW50byBhbyBwcmVlbmNoaW1lbnRvLCBmYXZvciBvYnNlcnZhciBhcyBpbWFnZW5zIGFiYWl4bzo8L2I+PC91PjwvcD4JCQkJCQkJCQkJCQkJPGltZyB3aWR0aD0iNzY0IiBoZWlnaHQ9IjIyNiIgc3JjPSJodHRwczovL3d3dy51Zm1nLmJyL2RyY2Evd3AtY29udGVudC91cGxvYWRzLzIwMjYvMDQvMV9iaWxsYm9hcmQucG5nIiBhbHQ9IiIgc3Jjc2V0PSJodHRwczovL3d3dy51Zm1nLmJyL2RyY2Evd3AtY29udGVudC91cGxvYWRzLzIwMjYvMDQvMV9iaWxsYm9hcmQucG5nIDc2NHcsIGh0dHBzOi8vd3d3LnVmbWcuYnIvZHJjYS93cC1jb250ZW50L3VwbG9hZHMvMjAyNi8wNC8xX2JpbGxib2FyZC0zMDB4ODkucG5nIDMwMHciIHNpemVzPSIobWF4LXdpZHRoOiA3NjRweCkgMTAwdncsIDc2NHB4IiAvPgkJCQkJCQkJCQkJCQkJCQkJCQkJCQkJCQkJPGltZyB3aWR0aD0iNzY0IiBoZWlnaHQ9IjIyNiIgc3JjPSJodHRwczovL3d3dy51Zm1nLmJyL2RyY2Evd3AtY29udGVudC91cGxvYWRzLzIwMjYvMDQvMl9iaWxsYm9hcmQucG5nIiBhbHQ9IiIgc3Jjc2V0PSJodHRwczovL3d3dy51Zm1nLmJyL2RyY2Evd3AtY29udGVudC91cGxvYWRzLzIwMjYvMDQvMl9iaWxsYm9hcmQucG5nIDc2NHcsIGh0dHBzOi8vd3d3LnVmbWcuYnIvZHJjYS93cC1jb250ZW50L3VwbG9hZHMvMjAyNi8wNC8yX2JpbGxib2FyZC0zMDB4ODkucG5nIDMwMHciIHNpemVzPSIobWF4LXdpZHRoOiA3NjRweCkgMTAwdncsIDc2NHB4IiAvPgkJCQkJCQkJCQkJCQkJCQkJCQkJCQkJCQkJPGltZyB3aWR0aD0iNzY0IiBoZWlnaHQ9IjIyNiIgc3JjPSJodHRwczovL3d3dy51Zm1nLmJyL2RyY2Evd3AtY29udGVudC91cGxvYWRzLzIwMjYvMDQvM19iaWxsYm9hcmQucG5nIiBhbHQ9IiIgc3Jjc2V0PSJodHRwczovL3d3dy51Zm1nLmJyL2RyY2Evd3AtY29udGVudC91cGxvYWRzLzIwMjYvMDQvM19iaWxsYm9hcmQucG5nIDc2NHcsIGh0dHBzOi8vd3d3LnVmbWcuYnIvZHJjYS93cC1jb250ZW50L3VwbG9hZHMvMjAyNi8wNC8zX2JpbGxib2FyZC0zMDB4ODkucG5nIDMwMHciIHNpemVzPSIobWF4LXdpZHRoOiA3NjRweCkgMTAwdncsIDc2NHB4IiAvPgkJCQkJCQkJCQkJCQkJCQkJCQkJCQkJCQkJPGltZyB3aWR0aD0iNzY0IiBoZWlnaHQ9IjIzMCIgc3JjPSJodHRwczovL3d3dy51Zm1nLmJyL2RyY2Evd3AtY29udGVudC91cGxvYWRzLzIwMjYvMDQvNF9iaWxsYm9hcmQucG5nIiBhbHQ9IiIgc3Jjc2V0PSJodHRwczovL3d3dy51Zm1nLmJyL2RyY2Evd3AtY29udGVudC91cGxvYWRzLzIwMjYvMDQvNF9iaWxsYm9hcmQucG5nIDc2NHcsIGh0dHBzOi8vd3d3LnVmbWcuYnIvZHJjYS93cC1jb250ZW50L3VwbG9hZHMvMjAyNi8wNC80X2JpbGxib2FyZC0zMDB4OTAucG5nIDMwMHciIHNpemVzPSIobWF4LXdpZHRoOiA3NjRweCkgMTAwdncsIDc2NHB4IiAvPgkJCQkJCQkJCQkJCQk8cD48Yj5FL091PC9iPjwvcD4JCQkJCQkJCQkJCQkJPGltZyB3aWR0aD0iNzY0IiBoZWlnaHQ9IjUwNSIgc3JjPSJodHRwczovL3d3dy51Zm1nLmJyL2RyY2Evd3AtY29udGVudC91cGxvYWRzLzIwMjYvMDQvNV9iaWxsYm9hcmQucG5nIiBhbHQ9IiIgc3Jjc2V0PSJodHRwczovL3d3dy51Zm1nLmJyL2RyY2Evd3AtY29udGVudC91cGxvYWRzLzIwMjYvMDQvNV9iaWxsYm9hcmQucG5nIDc2NHcsIGh0dHBzOi8vd3d3LnVmbWcuYnIvZHJjYS93cC1jb250ZW50L3VwbG9hZHMvMjAyNi8wNC81X2JpbGxib2FyZC0zMDB4MTk4LnBuZyAzMDB3IiBzaXplcz0iKG1heC13aWR0aDogNzY0cHgpIDEwMHZ3LCA3NjRweCIgLz5jbGllbnRJZGlzVmFsaWRvcmlnaW5hbENvbnRlbnRuYW1lYXR0cmlidXRlc2NvbnRlbnRpbm5lckJsb2NrcwUHCAQIBggFAQJBAggHCAcIBggOCA4IC0gBBAwJFBgPGAgGCEYAAwEGB0IABQe+LQgHDwQKBwsLAQMAAAEHAAUBAgAHQgEBAEEAAAdBAUMBAkEVAiYAfQF3CmF1dG8tZHJhZnR9BH0AdwZjbG9zZWR3BmNsb3NlZHcAeXcAfnUBfTUOAHcTMjAyNi0wNC0yM1QxNDowMDozN3cHYnVpbGRlcncHd3AtcGFnZXejG1t7ImlkIjoiMTY1YzIyYSIsImVsVHlwZSI6ImNvbnRhaW5lciIsInNldHRpbmdzIjpbXSwiZWxlbWVudHMiOlt7ImlkIjoiY2EwMzkxNiIsImVsVHlwZSI6IndpZGdldCIsInNldHRpbmdzIjp7ImVkaXRvciI6IjxwIGNsYXNzPVwiIHRleHQtanVzdGlmeVwiPlZpc2FuZG8gYXRlbmRlciBhcyBlc3BlY2lmaWNhXHUwMGU3XHUwMGY1ZXMgZGEgTGVpIG5cdTAwYmEgMTMuNzA5LCBkZSAxNCBkZSBhZ29zdG8gZGUgMjAxOCAoTEdQRCksIGEgdmVyaWZpY2FcdTAwZTdcdTAwZTNvIGRlIGRpcGxvbWFzIHJlZ2lzdHJhZG9zIHBlbGEgVUZNRyBkZXZlIHNlciBmZWl0YSBhdHJhdlx1MDBlOXMgZGE6XHUwMGEwPGEgaHJlZj1cImh0dHBzOlwvXC9zaXN0ZW1hcy51Zm1nLmJyXC9jb25maWd1cmFjYW8tY3VycmljdWxhclwvcmVnaXN0cm9kZWRpcGxvbWFzXC9nZXJpcnJlZ2lzdHJvZGVkaXBsb21hXC92ZXJpZmljYXJhdXRlbnRpY2lkYWRlXC92ZXJpZmljYXJBdXRlbnRpY2lkYWRlLnNlYW1cIiB0YXJnZXQ9XCJfYmxhbmtcIiByZWw9XCJub29wZW5lclwiPlx1MDBhMFBsYXRhZm9ybWEgZGUgdmVyaWZpY2FcdTAwZTdcdTAwZTNvIGRlIGRpcGxvbWFzPFwvYT48XC9wPjxwPjxiPkV4Y2VcdTAwZTdcdTAwZjVlczo8XC9iPjxcL3A+PHA+LSBDZXJ0aWZpY2Fkb3MgZGUgUmV2YWxpZGFcdTAwZTdcdTAwZTNvPFwvcD48cD4tIERpcGxvbWFzIGFudGlnb3MsIGN1am9zIGxpdnJvcyBkZSByZWdpc3RybyBuXHUwMGUzbyBzZWphbSBSRCwgUlAgZSBSQzxcL3A+PHAgY2xhc3M9XCIgdGV4dC1qdXN0aWZ5XCI+PGI+Q2FzbyBvIGRpcGxvbWEgYSBzZXIgdmVyaWZpY2FkbyBzZSBlbnF1YWRyZSBkZW50cm8gZGFzIGV4Y2VcdTAwZTdcdTAwZjVlcywgYSB2ZXJpZmljYVx1MDBlN1x1MDBlM28gc2VyXHUwMGUxIHJlYWxpemFkYSBhdHJhdlx1MDBlOXMgZG8gZS1tYWlsIGRyZEBkcmNhLnVmbWcuYnIuIE8gZW1haWwgZGV2ZXJcdTAwZTEgY29udGVyOjxcL2I+PFwvcD48dWw+PGxpPkNcdTAwZjNwaWEgZG8gZGlwbG9tYSBhIHNlciB2ZXJpZmljYWRvLCBmcmVudGUgZSB2ZXJzb1x1MDBhMDxcL2xpPjxsaT5BdXRvcml6YVx1MDBlN1x1MDBlM28gYXNzaW5hZGEgcGVsbyBkaXBsb21hZG88XC9saT48bGk+Q1x1MDBmM3BpYSBkbyBSRywgZnJlbnRlIGUgdmVyc288XC9saT48XC91bD48ZGl2IGNsYXNzPVwiXCI+PGRpdiBjbGFzcz1cImNvbnRlbnQtdmlldy1lbWJlZFwiPlx1MDBhMDxcL2Rpdj48XC9kaXY+PHAgY2xhc3M9XCIgdGV4dC1qdXN0aWZ5XCI+PGI+Q2FzbyBzZWphIGVuY29udHJhZG8gYWxndW0gZXJybyBkdXJhbnRlIG8gcHJvY2Vzc28gZGUgdmVyaWZpY2FcdTAwZTdcdTAwZTNvLCB1dGlsaXphbmRvIGEgcGxhdGFmb3JtYSBvbmxpbmUsIGZhdm9yIGVudmlhciB1bSBlbWFpbCBwYXJhIGRyZEBkcmNhLnVmbWcuYnIuIE8gZW1haWwgZGV2ZXJcdTAwZTEgY29udGVyIG9zIG1lc21vcyBpdGVucyBjb250aWRvcyBubyB0XHUwMGYzcGljbyBhbnRlcmlvciwgYWNyZXNjaWRvIGRlIHVtIHByaW50IG1vc3RyYW5kbyBvIHByZWVuY2hpbWVudG8gZSBvIGVycm8gZW5jb250cmFkby48XC9iPjxcL3A+PHA+PHU+PGI+UGFyYSByZWZlclx1MDBlYW5jaWEgcXVhbnRvIGFvIHByZWVuY2hpbWVudG8sIGZhdm9yIG9ic2VydmFyIGFzIGltYWdlbnMgYWJhaXhvOjxcL2I+PFwvdT48XC9wPiIsImFsaWduIjoianVzdGlmeSJ9LCJlbGVtZW50cyI6W10sIndpZGdldFR5cGUiOiJ0ZXh0LWVkaXRvciJ9XSwiaXNJbm5lciI6ZmFsc2V9LHsiaWQiOiIyZmIwOWU2IiwiZWxUeXBlIjoiY29udGFpbmVyIiwic2V0dGluZ3MiOltdLCJlbGVtZW50cyI6W3siaWQiOiI3ZDEzNzczIiwiZWxUeXBlIjoid2lkZ2V0Iiwic2V0dGluZ3MiOnsiaW1hZ2UiOnsidXJsIjoiaHR0cHM6XC9cL3d3dy51Zm1nLmJyXC9kcmNhXC93cC1jb250ZW50XC91cGxvYWRzXC8yMDI2XC8wNFwvMV9iaWxsYm9hcmQucG5nIiwiaWQiOjE3NzEsInNpemUiOiIiLCJhbHQiOiIiLCJzb3VyY2UiOiJsaWJyYXJ5In19LCJlbGVtZW50cyI6W10sIndpZGdldFR5cGUiOiJpbWFnZSJ9XSwiaXNJbm5lciI6ZmFsc2V9LHsiaWQiOiI1MzM1Njg0IiwiZWxUeXBlIjoiY29udGFpbmVyIiwic2V0dGluZ3MiOltdLCJlbGVtZW50cyI6W3siaWQiOiJhMWFhMTNhIiwiZWxUeXBlIjoid2lkZ2V0Iiwic2V0dGluZ3MiOnsiaW1hZ2UiOnsidXJsIjoiaHR0cHM6XC9cL3d3dy51Zm1nLmJyXC9kcmNhXC93cC1jb250ZW50XC91cGxvYWRzXC8yMDI2XC8wNFwvMl9iaWxsYm9hcmQucG5nIiwiaWQiOjE3NzIsInNpemUiOiIiLCJhbHQiOiIiLCJzb3VyY2UiOiJsaWJyYXJ5In19LCJlbGVtZW50cyI6W10sIndpZGdldFR5cGUiOiJpbWFnZSJ9XSwiaXNJbm5lciI6ZmFsc2V9LHsiaWQiOiI5NzA5N2RmIiwiZWxUeXBlIjoiY29udGFpbmVyIiwic2V0dGluZ3MiOltdLCJlbGVtZW50cyI6W3siaWQiOiIzNWFmNDg1IiwiZWxUeXBlIjoid2lkZ2V0Iiwic2V0dGluZ3MiOnsiaW1hZ2UiOnsidXJsIjoiaHR0cHM6XC9cL3d3dy51Zm1nLmJyXC9kcmNhXC93cC1jb250ZW50XC91cGxvYWRzXC8yMDI2XC8wNFwvM19iaWxsYm9hcmQucG5nIiwiaWQiOjE3NzMsInNpemUiOiIiLCJhbHQiOiIiLCJzb3VyY2UiOiJsaWJyYXJ5In19LCJlbGVtZW50cyI6W10sIndpZGdldFR5cGUiOiJpbWFnZSJ9XSwiaXNJbm5lciI6ZmFsc2V9LHsiaWQiOiJmZWMwZWEzIiwiZWxUeXBlIjoiY29udGFpbmVyIiwic2V0dGluZ3MiOltdLCJlbGVtZW50cyI6W3siaWQiOiJkMTlhNDM2IiwiZWxUeXBlIjoid2lkZ2V0Iiwic2V0dGluZ3MiOnsiaW1hZ2UiOnsidXJsIjoiaHR0cHM6XC9cL3d3dy51Zm1nLmJyXC9kcmNhXC93cC1jb250ZW50XC91cGxvYWRzXC8yMDI2XC8wNFwvNF9iaWxsYm9hcmQucG5nIiwiaWQiOjE3NzQsInNpemUiOiIiLCJhbHQiOiIiLCJzb3VyY2UiOiJsaWJyYXJ5In19LCJlbGVtZW50cyI6W10sIndpZGdldFR5cGUiOiJpbWFnZSJ9XSwiaXNJbm5lciI6ZmFsc2V9LHsiaWQiOiI5NjFmMmE5IiwiZWxUeXBlIjoiY29udGFpbmVyIiwic2V0dGluZ3MiOltdLCJlbGVtZW50cyI6W3siaWQiOiJiYTU0Zjc3IiwiZWxUeXBlIjoid2lkZ2V0Iiwic2V0dGluZ3MiOnsiZWRpdG9yIjoiPHA+PGI+RVwvT3U8XC9iPjxcL3A+In0sImVsZW1lbnRzIjpbXSwid2lkZ2V0VHlwZSI6InRleHQtZWRpdG9yIn1dLCJpc0lubmVyIjpmYWxzZX0seyJpZCI6IjQ2OGQyMmYiLCJlbFR5cGUiOiJjb250YWluZXIiLCJzZXR0aW5ncyI6W10sImVsZW1lbnRzIjpbeyJpZCI6IjIyZmMxN2UiLCJlbFR5cGUiOiJ3aWRnZXQiLCJzZXR0aW5ncyI6eyJpbWFnZSI6eyJ1cmwiOiJodHRwczpcL1wvd3d3LnVmbWcuYnJcL2RyY2FcL3dwLWNvbnRlbnRcL3VwbG9hZHNcLzIwMjZcLzA0XC81X2JpbGxib2FyZC5wbmciLCJpZCI6MTc3NSwic2l6ZSI6IiIsImFsdCI6IiIsInNvdXJjZSI6ImxpYnJhcnkifX0sImVsZW1lbnRzIjpbXSwid2lkZ2V0VHlwZSI6ImltYWdlIn1dLCJpc0lubmVyIjpmYWxzZX1ddyRkOTI2MDMzYy03ZDdhLTQ0ZTgtYjBmNS1kZTJlNzMxODk3ZGR4d7kXPHA+VmlzYW5kbyBhdGVuZGVyIGFzIGVzcGVjaWZpY2HDp8O1ZXMgZGEgTGVpIG7CuiAxMy43MDksIGRlIDE0IGRlIGFnb3N0byBkZSAyMDE4IChMR1BEKSwgYSB2ZXJpZmljYcOnw6NvIGRlIGRpcGxvbWFzIHJlZ2lzdHJhZG9zIHBlbGEgVUZNRyBkZXZlIHNlciBmZWl0YSBhdHJhdsOpcyBkYTrCoDxhIGhyZWY9Imh0dHBzOi8vc2lzdGVtYXMudWZtZy5ici9jb25maWd1cmFjYW8tY3VycmljdWxhci9yZWdpc3Ryb2RlZGlwbG9tYXMvZ2VyaXJyZWdpc3Ryb2RlZGlwbG9tYS92ZXJpZmljYXJhdXRlbnRpY2lkYWRlL3ZlcmlmaWNhckF1dGVudGljaWRhZGUuc2VhbSIgdGFyZ2V0PSJfYmxhbmsiIHJlbD0ibm9vcGVuZXIiPsKgUGxhdGFmb3JtYSBkZSB2ZXJpZmljYcOnw6NvIGRlIGRpcGxvbWFzPC9hPjwvcD4KPHA+PGI+RXhjZcOnw7Vlczo8L2I+PC9wPgo8cD4tIENlcnRpZmljYWRvcyBkZSBSZXZhbGlkYcOnw6NvPC9wPgo8cD4tIERpcGxvbWFzIGFudGlnb3MsIGN1am9zIGxpdnJvcyBkZSByZWdpc3RybyBuw6NvIHNlamFtIFJELCBSUCBlIFJDPC9wPgo8cD48Yj5DYXNvIG8gZGlwbG9tYSBhIHNlciB2ZXJpZmljYWRvIHNlIGVucXVhZHJlIGRlbnRybyBkYXMgZXhjZcOnw7VlcywgYSB2ZXJpZmljYcOnw6NvIHNlcsOhIHJlYWxpemFkYSBhdHJhdsOpcyBkbyBlLW1haWwgZHJkQGRyY2EudWZtZy5ici4gTyBlbWFpbCBkZXZlcsOhIGNvbnRlcjo8L2I+PC9wPgo8dWw+CjxsaT5Dw7NwaWEgZG8gZGlwbG9tYSBhIHNlciB2ZXJpZmljYWRvLCBmcmVudGUgZSB2ZXJzb8KgPC9saT4KPGxpPkF1dG9yaXphw6fDo28gYXNzaW5hZGEgcGVsbyBkaXBsb21hZG88L2xpPgo8bGk+Q8OzcGlhIGRvIFJHLCBmcmVudGUgZSB2ZXJzbzwvbGk+CjwvdWw+CjxwPjxiPkNhc28gc2VqYSBlbmNvbnRyYWRvIGFsZ3VtIGVycm8gZHVyYW50ZSBvIHByb2Nlc3NvIGRlIHZlcmlmaWNhw6fDo28sIHV0aWxpemFuZG8gYSBwbGF0YWZvcm1hIG9ubGluZSwgZmF2b3IgZW52aWFyIHVtIGVtYWlsIHBhcmEgZHJkQGRyY2EudWZtZy5ici4gTyBlbWFpbCBkZXZlcsOhIGNvbnRlciBvcyBtZXNtb3MgaXRlbnMgY29udGlkb3Mgbm8gdMOzcGljbyBhbnRlcmlvciwgYWNyZXNjaWRvIGRlIHVtIHByaW50IG1vc3RyYW5kbyBvIHByZWVuY2hpbWVudG8gZSBvIGVycm8gZW5jb250cmFkby48L2I+PC9wPgo8cD48dT48Yj5QYXJhIHJlZmVyw6puY2lhIHF1YW50byBhbyBwcmVlbmNoaW1lbnRvLCBmYXZvciBvYnNlcnZhciBhcyBpbWFnZW5zIGFiYWl4bzo8L2I+PC91PjwvcD4KPHA+CQkJCQkJCQkJCQkJCTxpbWcgd2lkdGg9Ijc2NCIgaGVpZ2h0PSIyMjYiIHNyYz0iaHR0cHM6Ly93d3cudWZtZy5ici9kcmNhL3dwLWNvbnRlbnQvdXBsb2Fkcy8yMDI2LzA0LzFfYmlsbGJvYXJkLnBuZyIgYWx0PSIiIHNyY3NldD0iaHR0cHM6Ly93d3cudWZtZy5ici9kcmNhL3dwLWNvbnRlbnQvdXBsb2Fkcy8yMDI2LzA0LzFfYmlsbGJvYXJkLnBuZyA3NjR3LCBodHRwczovL3d3dy51Zm1nLmJyL2RyY2Evd3AtY29udGVudC91cGxvYWRzLzIwMjYvMDQvMV9iaWxsYm9hcmQtMzAweDg5LnBuZyAzMDB3IiBzaXplcz0iKG1heC13aWR0aDogNzY0cHgpIDEwMHZ3LCA3NjRweCIgLz4JCQkJCQkJCQkJCQkJCQkJCQkJCQkJCQkJCTxpbWcgd2lkdGg9Ijc2NCIgaGVpZ2h0PSIyMjYiIHNyYz0iaHR0cHM6Ly93d3cudWZtZy5ici9kcmNhL3dwLWNvbnRlbnQvdXBsb2Fkcy8yMDI2LzA0LzJfYmlsbGJvYXJkLnBuZyIgYWx0PSIiIHNyY3NldD0iaHR0cHM6Ly93d3cudWZtZy5ici9kcmNhL3dwLWNvbnRlbnQvdXBsb2Fkcy8yMDI2LzA0LzJfYmlsbGJvYXJkLnBuZyA3NjR3LCBodHRwczovL3d3dy51Zm1nLmJyL2RyY2Evd3AtY29udGVudC91cGxvYWRzLzIwMjYvMDQvMl9iaWxsYm9hcmQtMzAweDg5LnBuZyAzMDB3IiBzaXplcz0iKG1heC13aWR0aDogNzY0cHgpIDEwMHZ3LCA3NjRweCIgLz4JCQkJCQkJCQkJCQkJCQkJCQkJCQkJCQkJCTxpbWcgd2lkdGg9Ijc2NCIgaGVpZ2h0PSIyMjYiIHNyYz0iaHR0cHM6Ly93d3cudWZtZy5ici9kcmNhL3dwLWNvbnRlbnQvdXBsb2Fkcy8yMDI2LzA0LzNfYmlsbGJvYXJkLnBuZyIgYWx0PSIiIHNyY3NldD0iaHR0cHM6Ly93d3cudWZtZy5ici9kcmNhL3dwLWNvbnRlbnQvdXBsb2Fkcy8yMDI2LzA0LzNfYmlsbGJvYXJkLnBuZyA3NjR3LCBodHRwczovL3d3dy51Zm1nLmJyL2RyY2Evd3AtY29udGVudC91cGxvYWRzLzIwMjYvMDQvM19iaWxsYm9hcmQtMzAweDg5LnBuZyAzMDB3IiBzaXplcz0iKG1heC13aWR0aDogNzY0cHgpIDEwMHZ3LCA3NjRweCIgLz4JCQkJCQkJCQkJCQkJCQkJCQkJCQkJCQkJCTxpbWcgd2lkdGg9Ijc2NCIgaGVpZ2h0PSIyMzAiIHNyYz0iaHR0cHM6Ly93d3cudWZtZy5ici9kcmNhL3dwLWNvbnRlbnQvdXBsb2Fkcy8yMDI2LzA0LzRfYmlsbGJvYXJkLnBuZyIgYWx0PSIiIHNyY3NldD0iaHR0cHM6Ly93d3cudWZtZy5ici9kcmNhL3dwLWNvbnRlbnQvdXBsb2Fkcy8yMDI2LzA0LzRfYmlsbGJvYXJkLnBuZyA3NjR3LCBodHRwczovL3d3dy51Zm1nLmJyL2RyY2Evd3AtY29udGVudC91cGxvYWRzLzIwMjYvMDQvNF9iaWxsYm9hcmQtMzAweDkwLnBuZyAzMDB3IiBzaXplcz0iKG1heC13aWR0aDogNzY0cHgpIDEwMHZ3LCA3NjRweCIgLz4JCQkJCQkJCQkJCQkJPC9wPgo8cD48Yj5FL091PC9iPjwvcD4KPHA+CQkJCQkJCQkJCQkJCTxpbWcgd2lkdGg9Ijc2NCIgaGVpZ2h0PSI1MDUiIHNyYz0iaHR0cHM6Ly93d3cudWZtZy5ici9kcmNhL3dwLWNvbnRlbnQvdXBsb2Fkcy8yMDI2LzA0LzVfYmlsbGJvYXJkLnBuZyIgYWx0PSIiIHNyY3NldD0iaHR0cHM6Ly93d3cudWZtZy5ici9kcmNhL3dwLWNvbnRlbnQvdXBsb2Fkcy8yMDI2LzA0LzVfYmlsbGJvYXJkLnBuZyA3NjR3LCBodHRwczovL3d3dy51Zm1nLmJyL2RyY2Evd3AtY29udGVudC91cGxvYWRzLzIwMjYvMDQvNV9iaWxsYm9hcmQtMzAweDE5OC5wbmcgMzAwdyIgc2l6ZXM9IihtYXgtd2lkdGg6IDc2NHB4KSAxMDB2dywgNzY0cHgiIC8+PC9wPncNY29yZS9mcmVlZm9ybXe5FzxwPlZpc2FuZG8gYXRlbmRlciBhcyBlc3BlY2lmaWNhw6fDtWVzIGRhIExlaSBuwrogMTMuNzA5LCBkZSAxNCBkZSBhZ29zdG8gZGUgMjAxOCAoTEdQRCksIGEgdmVyaWZpY2HDp8OjbyBkZSBkaXBsb21hcyByZWdpc3RyYWRvcyBwZWxhIFVGTUcgZGV2ZSBzZXIgZmVpdGEgYXRyYXbDqXMgZGE6wqA8YSBocmVmPSJodHRwczovL3Npc3RlbWFzLnVmbWcuYnIvY29uZmlndXJhY2FvLWN1cnJpY3VsYXIvcmVnaXN0cm9kZWRpcGxvbWFzL2dlcmlycmVnaXN0cm9kZWRpcGxvbWEvdmVyaWZpY2FyYXV0ZW50aWNpZGFkZS92ZXJpZmljYXJBdXRlbnRpY2lkYWRlLnNlYW0iIHRhcmdldD0iX2JsYW5rIiByZWw9Im5vb3BlbmVyIj7CoFBsYXRhZm9ybWEgZGUgdmVyaWZpY2HDp8OjbyBkZSBkaXBsb21hczwvYT48L3A+CjxwPjxiPkV4Y2XDp8O1ZXM6PC9iPjwvcD4KPHA+LSBDZXJ0aWZpY2Fkb3MgZGUgUmV2YWxpZGHDp8OjbzwvcD4KPHA+LSBEaXBsb21hcyBhbnRpZ29zLCBjdWpvcyBsaXZyb3MgZGUgcmVnaXN0cm8gbsOjbyBzZWphbSBSRCwgUlAgZSBSQzwvcD4KPHA+PGI+Q2FzbyBvIGRpcGxvbWEgYSBzZXIgdmVyaWZpY2FkbyBzZSBlbnF1YWRyZSBkZW50cm8gZGFzIGV4Y2XDp8O1ZXMsIGEgdmVyaWZpY2HDp8OjbyBzZXLDoSByZWFsaXphZGEgYXRyYXbDqXMgZG8gZS1tYWlsIGRyZEBkcmNhLnVmbWcuYnIuIE8gZW1haWwgZGV2ZXLDoSBjb250ZXI6PC9iPjwvcD4KPHVsPgo8bGk+Q8OzcGlhIGRvIGRpcGxvbWEgYSBzZXIgdmVyaWZpY2FkbywgZnJlbnRlIGUgdmVyc2\/CoDwvbGk+CjxsaT5BdXRvcml6YcOnw6NvIGFzc2luYWRhIHBlbG8gZGlwbG9tYWRvPC9saT4KPGxpPkPDs3BpYSBkbyBSRywgZnJlbnRlIGUgdmVyc288L2xpPgo8L3VsPgo8cD48Yj5DYXNvIHNlamEgZW5jb250cmFkbyBhbGd1bSBlcnJvIGR1cmFudGUgbyBwcm9jZXNzbyBkZSB2ZXJpZmljYcOnw6NvLCB1dGlsaXphbmRvIGEgcGxhdGFmb3JtYSBvbmxpbmUsIGZhdm9yIGVudmlhciB1bSBlbWFpbCBwYXJhIGRyZEBkcmNhLnVmbWcuYnIuIE8gZW1haWwgZGV2ZXLDoSBjb250ZXIgb3MgbWVzbW9zIGl0ZW5zIGNvbnRpZG9zIG5vIHTDs3BpY28gYW50ZXJpb3IsIGFjcmVzY2lkbyBkZSB1bSBwcmludCBtb3N0cmFuZG8gbyBwcmVlbmNoaW1lbnRvIGUgbyBlcnJvIGVuY29udHJhZG8uPC9iPjwvcD4KPHA+PHU+PGI+UGFyYSByZWZlcsOqbmNpYSBxdWFudG8gYW8gcHJlZW5jaGltZW50bywgZmF2b3Igb2JzZXJ2YXIgYXMgaW1hZ2VucyBhYmFpeG86PC9iPjwvdT48L3A+CjxwPgkJCQkJCQkJCQkJCQk8aW1nIHdpZHRoPSI3NjQiIGhlaWdodD0iMjI2IiBzcmM9Imh0dHBzOi8vd3d3LnVmbWcuYnIvZHJjYS93cC1jb250ZW50L3VwbG9hZHMvMjAyNi8wNC8xX2JpbGxib2FyZC5wbmciIGFsdD0iIiBzcmNzZXQ9Imh0dHBzOi8vd3d3LnVmbWcuYnIvZHJjYS93cC1jb250ZW50L3VwbG9hZHMvMjAyNi8wNC8xX2JpbGxib2FyZC5wbmcgNzY0dywgaHR0cHM6Ly93d3cudWZtZy5ici9kcmNhL3dwLWNvbnRlbnQvdXBsb2Fkcy8yMDI2LzA0LzFfYmlsbGJvYXJkLTMwMHg4OS5wbmcgMzAwdyIgc2l6ZXM9IihtYXgtd2lkdGg6IDc2NHB4KSAxMDB2dywgNzY0cHgiIC8+CQkJCQkJCQkJCQkJCQkJCQkJCQkJCQkJCQk8aW1nIHdpZHRoPSI3NjQiIGhlaWdodD0iMjI2IiBzcmM9Imh0dHBzOi8vd3d3LnVmbWcuYnIvZHJjYS93cC1jb250ZW50L3VwbG9hZHMvMjAyNi8wNC8yX2JpbGxib2FyZC5wbmciIGFsdD0iIiBzcmNzZXQ9Imh0dHBzOi8vd3d3LnVmbWcuYnIvZHJjYS93cC1jb250ZW50L3VwbG9hZHMvMjAyNi8wNC8yX2JpbGxib2FyZC5wbmcgNzY0dywgaHR0cHM6Ly93d3cudWZtZy5ici9kcmNhL3dwLWNvbnRlbnQvdXBsb2Fkcy8yMDI2LzA0LzJfYmlsbGJvYXJkLTMwMHg4OS5wbmcgMzAwdyIgc2l6ZXM9IihtYXgtd2lkdGg6IDc2NHB4KSAxMDB2dywgNzY0cHgiIC8+CQkJCQkJCQkJCQkJCQkJCQkJCQkJCQkJCQk8aW1nIHdpZHRoPSI3NjQiIGhlaWdodD0iMjI2IiBzcmM9Imh0dHBzOi8vd3d3LnVmbWcuYnIvZHJjYS93cC1jb250ZW50L3VwbG9hZHMvMjAyNi8wNC8zX2JpbGxib2FyZC5wbmciIGFsdD0iIiBzcmNzZXQ9Imh0dHBzOi8vd3d3LnVmbWcuYnIvZHJjYS93cC1jb250ZW50L3VwbG9hZHMvMjAyNi8wNC8zX2JpbGxib2FyZC5wbmcgNzY0dywgaHR0cHM6Ly93d3cudWZtZy5ici9kcmNhL3dwLWNvbnRlbnQvdXBsb2Fkcy8yMDI2LzA0LzNfYmlsbGJvYXJkLTMwMHg4OS5wbmcgMzAwdyIgc2l6ZXM9IihtYXgtd2lkdGg6IDc2NHB4KSAxMDB2dywgNzY0cHgiIC8+CQkJCQkJCQkJCQkJCQkJCQkJCQkJCQkJCQk8aW1nIHdpZHRoPSI3NjQiIGhlaWdodD0iMjMwIiBzcmM9Imh0dHBzOi8vd3d3LnVmbWcuYnIvZHJjYS93cC1jb250ZW50L3VwbG9hZHMvMjAyNi8wNC80X2JpbGxib2FyZC5wbmciIGFsdD0iIiBzcmNzZXQ9Imh0dHBzOi8vd3d3LnVmbWcuYnIvZHJjYS93cC1jb250ZW50L3VwbG9hZHMvMjAyNi8wNC80X2JpbGxib2FyZC5wbmcgNzY0dywgaHR0cHM6Ly93d3cudWZtZy5ici9kcmNhL3dwLWNvbnRlbnQvdXBsb2Fkcy8yMDI2LzA0LzRfYmlsbGJvYXJkLTMwMHg5MC5wbmcgMzAwdyIgc2l6ZXM9IihtYXgtd2lkdGg6IDc2NHB4KSAxMDB2dywgNzY0cHgiIC8+CQkJCQkJCQkJCQkJCTwvcD4KPHA+PGI+RS9PdTwvYj48L3A+CjxwPgkJCQkJCQkJCQkJCQk8aW1nIHdpZHRoPSI3NjQiIGhlaWdodD0iNTA1IiBzcmM9Imh0dHBzOi8vd3d3LnVmbWcuYnIvZHJjYS93cC1jb250ZW50L3VwbG9hZHMvMjAyNi8wNC81X2JpbGxib2FyZC5wbmciIGFsdD0iIiBzcmNzZXQ9Imh0dHBzOi8vd3d3LnVmbWcuYnIvZHJjYS93cC1jb250ZW50L3VwbG9hZHMvMjAyNi8wNC81X2JpbGxib2FyZC5wbmcgNzY0dywgaHR0cHM6Ly93d3cudWZtZy5ici9kcmNhL3dwLWNvbnRlbnQvdXBsb2Fkcy8yMDI2LzA0LzVfYmlsbGJvYXJkLTMwMHgxOTgucG5nIDMwMHciIHNpemVzPSIobWF4LXdpZHRoOiA3NjRweCkgMTAwdncsIDc2NHB4IiAvPjwvcD4CzafV9Q0HAQACAgECAgIBAQIACwKu05SXBQEAAA==\",\"updateId\":379465313}","footnotes":""},"folder":[53],"class_list":["post-1764","page","type-page","status-publish","hentry"],"acf":[],"_links":{"self":[{"href":"https:\/\/www.ufmg.br\/drca\/wp-json\/wp\/v2\/pages\/1764","targetHints":{"allow":["GET"]}}],"collection":[{"href":"https:\/\/www.ufmg.br\/drca\/wp-json\/wp\/v2\/pages"}],"about":[{"href":"https:\/\/www.ufmg.br\/drca\/wp-json\/wp\/v2\/types\/page"}],"author":[{"embeddable":true,"href":"https:\/\/www.ufmg.br\/drca\/wp-json\/wp\/v2\/users\/4"}],"replies":[{"embeddable":true,"href":"https:\/\/www.ufmg.br\/drca\/wp-json\/wp\/v2\/comments?post=1764"}],"version-history":[{"count":8,"href":"https:\/\/www.ufmg.br\/drca\/wp-json\/wp\/v2\/pages\/1764\/revisions"}],"predecessor-version":[{"id":1782,"href":"https:\/\/www.ufmg.br\/drca\/wp-json\/wp\/v2\/pages\/1764\/revisions\/1782"}],"wp:attachment":[{"href":"https:\/\/www.ufmg.br\/drca\/wp-json\/wp\/v2\/media?parent=1764"}],"wp:term":[{"taxonomy":"folder","embeddable":true,"href":"https:\/\/www.ufmg.br\/drca\/wp-json\/wp\/v2\/folder?post=1764"}],"curies":[{"name":"wp","href":"https:\/\/api.w.org\/{rel}","templated":true}]}}