{"id":1833,"date":"2026-04-23T14:59:32","date_gmt":"2026-04-23T17:59:32","guid":{"rendered":"https:\/\/www.ufmg.br\/drca\/?page_id=1833"},"modified":"2026-05-08T16:40:51","modified_gmt":"2026-05-08T19:40:51","slug":"matricula-de-veteranos","status":"publish","type":"page","link":"https:\/\/www.ufmg.br\/drca\/matricula-de-veteranos\/","title":{"rendered":"MATR\u00cdCULA DE VETERANOS"},"content":{"rendered":"\t\t<div data-elementor-type=\"wp-page\" data-elementor-id=\"1833\" class=\"elementor elementor-1833\">\n\t\t\t\t<div class=\"elementor-element elementor-element-bd19457 e-flex e-con-boxed e-con e-parent\" data-id=\"bd19457\" data-element_type=\"container\" data-e-type=\"container\">\n\t\t\t\t\t<div class=\"e-con-inner\">\n\t\t\t\t<div class=\"elementor-element elementor-element-a361f34 elementor-widget elementor-widget-text-editor\" data-id=\"a361f34\" data-element_type=\"widget\" data-e-type=\"widget\" data-widget_type=\"text-editor.default\">\n\t\t\t\t\t\t\t\t\t<p><a href=\"https:\/\/www.ufmg.br\/drca\/informacoes-gerais\/\" rel=\"noopener\">Informa\u00e7\u00f5es Gerais<\/a><\/p><p><a href=\"https:\/\/www.ufmg.br\/drca\/oferta-para-matricula-da-graduacao\/\" rel=\"noopener\">Oferta para matr\u00edcula da gradua\u00e7\u00e3o<\/a><\/p><p><a href=\"https:\/\/www.ufmg.br\/drca\/cronograma-de-oferta-e-matricula-para-2026-1\/\" rel=\"noopener\">Cronograma de Oferta e Matr\u00edcula para 2026\/2<\/a><\/p><p><a href=\"https:\/\/www.ufmg.br\/drca\/matricula-da-pos-graduacao\/\" rel=\"noopener\">Matr\u00edcula da P\u00f3s-Gradua\u00e7\u00e3o<\/a><\/p><p><a href=\"https:\/\/www.ufmg.br\/drca\/calendario\/\" rel=\"noopener\">Calend\u00e1rio<\/a><\/p>\t\t\t\t\t\t\t\t<\/div>\n\t\t\t\t\t<\/div>\n\t\t\t\t<\/div>\n\t\t\t\t<\/div>\n\t\t","protected":false},"excerpt":{"rendered":"<p>Informa\u00e7\u00f5es Gerais Oferta para matr\u00edcula da gradua\u00e7\u00e3o Cronograma de Oferta e Matr\u00edcula para 2026\/2 Matr\u00edcula da P\u00f3s-Gradua\u00e7\u00e3o Calend\u00e1rio<\/p>\n","protected":false},"author":4,"featured_media":0,"parent":0,"menu_order":0,"comment_status":"closed","ping_status":"closed","template":"","meta":{"_acf_changed":false,"_crdt_document":"{\"document\":\"AAAu5ISR2BkKturcvAjkhJHYGQD26ty8CCbkhJHYGQL26ty8CAWku7DYBvbq3LwIAkIGNgEDUIgBAvQBLIgBBAMBCgIQoAMEAwEKAhCUBAQDAQoCEIQEBAMBCgIQgAMEAwEKAhDqEgMABqQTAQIKSkIFAAYBCI0BKAAhACgAJwABACcBKAQnACgBIQIoAScARACEAIEAhAAhAKgABACBAIQAgQCEAIEAhACBAIQAgQCEAIEAhACBAIQAgQCEAIEAhACBAIQAgQCEAIEAhACBAIQAgQCEAIEAhACBAIQAgQCEAIEAhACBAIQAgQCEAKgBoQAHACEAKAAhACgAJwAhACcAIQCovgj5B3N0YXRldmVyc2lvbmRvY3VtZW50ZGF0ZWRvY3VtZW50c3RhdHVzZG9jdW1lbnR0aXRsZWRvY3VtZW50Y29udGVudGRvY3VtZW50ZXhjZXJwdGRvY3VtZW50YXV0aG9yZG9jdW1lbnRmZWF0dXJlZF9tZWRpYWRvY3VtZW50Y29tbWVudF9zdGF0dXNkb2N1bWVudHBpbmdfc3RhdHVzZG9jdW1lbnR0ZW1wbGF0ZWRvY3VtZW50bWV0YV9hY2ZfY2hhbmdlZGZvb3Rub3Rlc19lbGVtZW50b3JfZWRpdF9tb2RlX2VsZW1lbnRvcl90ZW1wbGF0ZV90eXBlX2VsZW1lbnRvcl9kYXRhX2VsZW1lbnRvcl9wYWdlX3NldHRpbmdzZG9jdW1lbnRmb2xkZXJkb2N1bWVudGJsb2Nrc01BVFLDjUNVTEEgREUgVkVURVJBTk9Tc3RhdGV2ZXJzaW9uPHA+PGEgaHJlZj0iaHR0cHM6Ly93d3cudWZtZy5ici9kcmNhL2luZm9ybWFjb2VzLWdlcmFpcy8iIHJlbD0ibm9vcGVuZXIiPkluZm9ybWHDp8O1ZXMgR2VyYWlzPC9hPjwvcD48cD48YSBocmVmPSJodHRwczovL3d3dy51Zm1nLmJyL2RyY2Evb2ZlcnRhLXBhcmEtbWF0cmljdWxhLWRhLWdyYWR1YWNhby8iIHJlbD0ibm9vcGVuZXIiPk9mZXJ0YSBwYXJhIG1hdHLDrWN1bGEgZGEgZ3JhZHVhw6fDo288L2E+PC9wPjxwPjxhIGhyZWY9Imh0dHBzOi8vd3d3LnVmbWcuYnIvZHJjYS9jcm9ub2dyYW1hLWRlLW9mZXJ0YS1lLW1hdHJpY3VsYS1wYXJhLTIwMjYtMS8iIHJlbD0ibm9vcGVuZXIiPkNyb25vZ3JhbWEgZGUgT2ZlcnRhIGUgTWF0csOtY3VsYSBwYXJhIDIwMjYvMTwvYT48L3A+PHA+PGEgaHJlZj0iaHR0cHM6Ly93d3cudWZtZy5ici9kcmNhL21hdHJpY3VsYS1kYS1wb3MtZ3JhZHVhY2FvLyIgcmVsPSJub29wZW5lciI+TWF0csOtY3VsYSBkYSBQw7NzLUdyYWR1YcOnw6NvPC9hPjwvcD48cD48YSBocmVmPSJodHRwczovL3d3dy51Zm1nLmJyL2RyY2EvY2FsZW5kYXJpby8iIHJlbD0ibm9vcGVuZXIiPkNhbGVuZMOhcmlvPC9hPjwvcD5jbGllbnRJZGlzVmFsaWRvcmlnaW5hbENvbnRlbnRuYW1lYXR0cmlidXRlc2NvbnRlbnRpbm5lckJsb2Nrc3N0YXRldmVyc2lvbgUHCAQIBggFCAcIBwgGCA4IDggLSAEEDAkUGA8YCAYIBgETAgUHOkEBsAFBAYoCQQGCAkEBoAFBAR4IBw8ECgcLBQcNAQMAAAEHAAUBAgAIAQdCAQEAQQAAG0EBE0ENAgEFCAIBBQgCAQUIAgEFCAIBBQhBCwMZAH0BdwphdXRvLWRyYWZ0fQR9AHcGY2xvc2VkdwZjbG9zZWR3AHl3AH51AX0zNgB3EzIwMjYtMDQtMjNUMTQ6NTk6MzJ3B2J1aWxkZXJ3B3dwLXBhZ2V4dw1jb3JlL2ZyZWVmb3JtBQB36QZbeyJpZCI6ImJkMTk0NTciLCJlbFR5cGUiOiJjb250YWluZXIiLCJzZXR0aW5ncyI6W10sImVsZW1lbnRzIjpbeyJpZCI6ImEzNjFmMzQiLCJlbFR5cGUiOiJ3aWRnZXQiLCJzZXR0aW5ncyI6eyJlZGl0b3IiOiI8cD48YSBocmVmPVwiaHR0cHM6XC9cL3d3dy51Zm1nLmJyXC9kcmNhXC9pbmZvcm1hY29lcy1nZXJhaXNcL1wiIHJlbD1cIm5vb3BlbmVyXCI+SW5mb3JtYVx1MDBlN1x1MDBmNWVzIEdlcmFpczxcL2E+PFwvcD48cD48YSBocmVmPVwiaHR0cHM6XC9cL3d3dy51Zm1nLmJyXC9kcmNhXC9vZmVydGEtcGFyYS1tYXRyaWN1bGEtZGEtZ3JhZHVhY2FvXC9cIiByZWw9XCJub29wZW5lclwiPk9mZXJ0YSBwYXJhIG1hdHJcdTAwZWRjdWxhIGRhIGdyYWR1YVx1MDBlN1x1MDBlM288XC9hPjxcL3A+PHA+PGEgaHJlZj1cImh0dHBzOlwvXC93d3cudWZtZy5iclwvZHJjYVwvY3Jvbm9ncmFtYS1kZS1vZmVydGEtZS1tYXRyaWN1bGEtcGFyYS0yMDI2LTFcL1wiIHJlbD1cIm5vb3BlbmVyXCI+Q3Jvbm9ncmFtYSBkZSBPZmVydGEgZSBNYXRyXHUwMGVkY3VsYSBwYXJhIDIwMjZcLzE8XC9hPjxcL3A+PHA+PGEgaHJlZj1cImh0dHBzOlwvXC93d3cudWZtZy5iclwvZHJjYVwvbWF0cmljdWxhLWRhLXBvcy1ncmFkdWFjYW9cL1wiIHJlbD1cIm5vb3BlbmVyXCI+TWF0clx1MDBlZGN1bGEgZGEgUFx1MDBmM3MtR3JhZHVhXHUwMGU3XHUwMGUzbzxcL2E+PFwvcD48cD48YSBocmVmPVwiaHR0cHM6XC9cL3d3dy51Zm1nLmJyXC9kcmNhXC9jYWxlbmRhcmlvXC9cIiByZWw9XCJub29wZW5lclwiPkNhbGVuZFx1MDBlMXJpbzxcL2E+PFwvcD4ifSwiZWxlbWVudHMiOltdLCJ3aWRnZXRUeXBlIjoidGV4dC1lZGl0b3IifV0sImlzSW5uZXIiOmZhbHNlfV13JGM2MjkyMWZjLWQ0YWQtNGQzYy1hYmUwLWY3YmEyNDYxNjAxOXfSBDxwPjxhIGhyZWY9Imh0dHBzOi8vd3d3LnVmbWcuYnIvZHJjYS9pbmZvcm1hY29lcy1nZXJhaXMvIiByZWw9Im5vb3BlbmVyIj5JbmZvcm1hw6fDtWVzIEdlcmFpczwvYT48L3A+CjxwPjxhIGhyZWY9Imh0dHBzOi8vd3d3LnVmbWcuYnIvZHJjYS9vZmVydGEtcGFyYS1tYXRyaWN1bGEtZGEtZ3JhZHVhY2FvLyIgcmVsPSJub29wZW5lciI+T2ZlcnRhIHBhcmEgbWF0csOtY3VsYSBkYSBncmFkdWHDp8OjbzwvYT48L3A+CjxwPjxhIGhyZWY9Imh0dHBzOi8vd3d3LnVmbWcuYnIvZHJjYS9jcm9ub2dyYW1hLWRlLW9mZXJ0YS1lLW1hdHJpY3VsYS1wYXJhLTIwMjYtMS8iIHJlbD0ibm9vcGVuZXIiPkNyb25vZ3JhbWEgZGUgT2ZlcnRhIGUgTWF0csOtY3VsYSBwYXJhIDIwMjYvMTwvYT48L3A+CjxwPjxhIGhyZWY9Imh0dHBzOi8vd3d3LnVmbWcuYnIvZHJjYS9tYXRyaWN1bGEtZGEtcG9zLWdyYWR1YWNhby8iIHJlbD0ibm9vcGVuZXIiPk1hdHLDrWN1bGEgZGEgUMOzcy1HcmFkdWHDp8OjbzwvYT48L3A+CjxwPjxhIGhyZWY9Imh0dHBzOi8vd3d3LnVmbWcuYnIvZHJjYS9jYWxlbmRhcmlvLyIgcmVsPSJub29wZW5lciI+Q2FsZW5kw6FyaW88L2E+PC9wPnfSBDxwPjxhIGhyZWY9Imh0dHBzOi8vd3d3LnVmbWcuYnIvZHJjYS9pbmZvcm1hY29lcy1nZXJhaXMvIiByZWw9Im5vb3BlbmVyIj5JbmZvcm1hw6fDtWVzIEdlcmFpczwvYT48L3A+CjxwPjxhIGhyZWY9Imh0dHBzOi8vd3d3LnVmbWcuYnIvZHJjYS9vZmVydGEtcGFyYS1tYXRyaWN1bGEtZGEtZ3JhZHVhY2FvLyIgcmVsPSJub29wZW5lciI+T2ZlcnRhIHBhcmEgbWF0csOtY3VsYSBkYSBncmFkdWHDp8OjbzwvYT48L3A+CjxwPjxhIGhyZWY9Imh0dHBzOi8vd3d3LnVmbWcuYnIvZHJjYS9jcm9ub2dyYW1hLWRlLW9mZXJ0YS1lLW1hdHJpY3VsYS1wYXJhLTIwMjYtMS8iIHJlbD0ibm9vcGVuZXIiPkNyb25vZ3JhbWEgZGUgT2ZlcnRhIGUgTWF0csOtY3VsYSBwYXJhIDIwMjYvMTwvYT48L3A+CjxwPjxhIGhyZWY9Imh0dHBzOi8vd3d3LnVmbWcuYnIvZHJjYS9tYXRyaWN1bGEtZGEtcG9zLWdyYWR1YWNhby8iIHJlbD0ibm9vcGVuZXIiPk1hdHLDrWN1bGEgZGEgUMOzcy1HcmFkdWHDp8OjbzwvYT48L3A+CjxwPjxhIGhyZWY9Imh0dHBzOi8vd3d3LnVmbWcuYnIvZHJjYS9jYWxlbmRhcmlvLyIgcmVsPSJub29wZW5lciI+Q2FsZW5kw6FyaW88L2E+PC9wPgOkwojsDAQBAAISCgIXALa1rp4EGQAAOwEBAAEEAQdwAQEAAQQBB4oBAQEAAQQBB4IBAQEAAQQBB2ABAQABBAEHIAABAAEAAgDknZisAwEAAA==\",\"updateId\":674371772}","footnotes":""},"folder":[51],"class_list":["post-1833","page","type-page","status-publish","hentry"],"acf":[],"_links":{"self":[{"href":"https:\/\/www.ufmg.br\/drca\/wp-json\/wp\/v2\/pages\/1833","targetHints":{"allow":["GET"]}}],"collection":[{"href":"https:\/\/www.ufmg.br\/drca\/wp-json\/wp\/v2\/pages"}],"about":[{"href":"https:\/\/www.ufmg.br\/drca\/wp-json\/wp\/v2\/types\/page"}],"author":[{"embeddable":true,"href":"https:\/\/www.ufmg.br\/drca\/wp-json\/wp\/v2\/users\/4"}],"replies":[{"embeddable":true,"href":"https:\/\/www.ufmg.br\/drca\/wp-json\/wp\/v2\/comments?post=1833"}],"version-history":[{"count":18,"href":"https:\/\/www.ufmg.br\/drca\/wp-json\/wp\/v2\/pages\/1833\/revisions"}],"predecessor-version":[{"id":2015,"href":"https:\/\/www.ufmg.br\/drca\/wp-json\/wp\/v2\/pages\/1833\/revisions\/2015"}],"wp:attachment":[{"href":"https:\/\/www.ufmg.br\/drca\/wp-json\/wp\/v2\/media?parent=1833"}],"wp:term":[{"taxonomy":"folder","embeddable":true,"href":"https:\/\/www.ufmg.br\/drca\/wp-json\/wp\/v2\/folder?post=1833"}],"curies":[{"name":"wp","href":"https:\/\/api.w.org\/{rel}","templated":true}]}}