{"id":1981,"date":"2026-05-04T15:47:10","date_gmt":"2026-05-04T18:47:10","guid":{"rendered":"https:\/\/www.ufmg.br\/drca\/?page_id=1981"},"modified":"2026-05-04T15:47:10","modified_gmt":"2026-05-04T18:47:10","slug":"2a-entrada","status":"publish","type":"page","link":"https:\/\/www.ufmg.br\/drca\/2a-entrada\/","title":{"rendered":"2\u00aa Entrada"},"content":{"rendered":"\n<p class=\"wp-block-paragraph\">Instru\u00e7\u00f5es para registro acad\u00eamico<\/p>\n\n\n\n<p class=\"wp-block-paragraph\">Convoca\u00e7\u00e3o<\/p>\n\n\n\n<p class=\"wp-block-paragraph\">Escala de Atendimento Presencial \u2013 Heteroidentifica\u00e7\u00e3o<\/p>\n\n\n\n<p class=\"wp-block-paragraph\">Escala de Atendimento Presencial \u2013 PCD<\/p>\n\n\n\n<p class=\"wp-block-paragraph\"><\/p>\n","protected":false},"excerpt":{"rendered":"<p>Instru\u00e7\u00f5es para registro acad\u00eamico Convoca\u00e7\u00e3o Escala de Atendimento Presencial \u2013 Heteroidentifica\u00e7\u00e3o Escala de Atendimento Presencial \u2013 PCD<\/p>\n","protected":false},"author":5,"featured_media":0,"parent":0,"menu_order":0,"comment_status":"closed","ping_status":"closed","template":"","meta":{"_acf_changed":false,"_crdt_document":"{\"document\":\"AAAHyPv5ogicAaMBBjYBA1AgFgEBCABICn6EA9oBdqQDAQEIAEgCBAIBBEgiAQEIAEj2ATagAt4BBQBCSLICAQEIAkJIAJwDAQEIAkJIALAFAQEIAkJI0AmQCaAIAQEIAEjeFK4UAQEIAEjuFL4UAQEIAEgCCIACAjYMzgOeAwEBCAK6AQKyAaoB2gVIALAFAQEIAroBArYBigH+BEgAlAUBAQgASMAiNoQWqhPoMQsIrAOmBLwRAQHME78BKAEhACcABAAnASgEJwAoBicARACEAAcAKAInASgAJwAEAYQBhwAoAicBKAAnAKgBKAAnACgEhwAoAicBKAAnAMQAhAGoAQQAKACHACgCJwEEACgAJwCHACgCJwEEACgAJwCHACgCJwEEACgAJwCEAIcAKAInASgAJwDHACgCJwEoACcAxwAoAicBKAAnAKgABACEA8cAKAInAQQAhAMoACcAxwAoAicBBACEAygAJwDHACgCJwEoACcAxACEAqiRFesTc3RhdGV2ZXJzaW9uZG9jdW1lbnRkYXRlZG9jdW1lbnRzdGF0dXNkb2N1bWVudHRpdGxlUmFzY3VuaG8gYXV0b23DoXRpY29kb2N1bWVudGNvbnRlbnRkb2N1bWVudGV4Y2VycHRkb2N1bWVudGF1dGhvcmRvY3VtZW50ZmVhdHVyZWRfbWVkaWFkb2N1bWVudGNvbW1lbnRfc3RhdHVzZG9jdW1lbnRwaW5nX3N0YXR1c2RvY3VtZW50dGVtcGxhdGVkb2N1bWVudG1ldGFfYWNmX2NoYW5nZWRmb290bm90ZXNfZWxlbWVudG9yX2VkaXRfbW9kZV9lbGVtZW50b3JfdGVtcGxhdGVfdHlwZV9lbGVtZW50b3JfZGF0YV9lbGVtZW50b3JfcGFnZV9zZXR0aW5nc2RvY3VtZW50Zm9sZGVyZG9jdW1lbnRibG9ja3MywqogRW50cmFkYWNsaWVudElkaXNWYWxpZG5hbWVhdHRyaWJ1dGVzY29udGVudGRyb3BDYXBpbm5lckJsb2Nrc0luc3RydcOnw7VlcyBwYXJhIHJlZ2k8IS0tIHdwOnBhcmFncmFwaCAtLT4KPHA+SW5zdHJ1w6fDtWVzIHBhcmEgcmVnaTwvcD4KPCEtLSAvd3A6cGFyYWdyYXBoIC0tPnN0cm8gYWNhZMOqbWljb2NsaWVudElkaXNWYWxpZG5hbWVhdHRyaWJ1dGVzY29udGVudGRyb3BDYXBpbm5lckJsb2Nrc3VybGNhcHRpb25hbGxvd1Jlc3BvbnNpdmVyZXNwb25zaXZlcHJldmlld2FibGV0eXBlcHJvdmlkZXJOYW1lU2x1Z2NsaWVudElkaXNWYWxpZG5hbWVhdHRyaWJ1dGVzY29udGVudGRyb3BDYXBpbm5lckJsb2Nrc3N0cm8gYWNhZMOqbWljbwoKPCEtLSB3cDpwYXJhZ3JhcGggLS0+CjxwPjwvcD4KPCEtLSAvd3A6cGFyYWdyYXBoIC0tPjHCqiBDaGFtYWRhbGV2ZWxjbGllbnRJZGlzVmFsaWRuYW1lYXR0cmlidXRlc2NvbnRlbnQ8YSBocmVmPSJodHRwczovL3d3dy51Zm1nLmJyL2RyY2Evd3AtY29udGVudC91cGxvYWRzLzIwMjYvMDQvQ09OVk9DQURPUy0xYS1DSEFNQURBLnBkZiI+Q29udm9jYcOnw6NvPC9hPmRyb3BDYXBpbm5lckJsb2Nrc2NsaWVudElkaXNWYWxpZG5hbWVhdHRyaWJ1dGVzY29udGVudDxhIGhyZWY9Imh0dHBzOi8vd3d3LnVmbWcuYnIvZHJjYS93cC1jb250ZW50L3VwbG9hZHMvMjAyNi8wNC9FU0NBTEEtREUtQVRFTkRJTUVOVE8tQ09MVEVDLTIwMjYtMWEtQ2hhbWFkYS1IRVRFUk8ucGRmIj5Fc2NhbGEgZGUgQXRlbmRpbWVudG8gUHJlc2VuY2lhbCDigJMgSGV0ZXJvaWRlbnRpZmljYcOnw6NvPC9hPmRyb3BDYXBpbm5lckJsb2Nrc2NsaWVudElkaXNWYWxpZG5hbWVhdHRyaWJ1dGVzY29udGVudDxhIGhyZWY9Imh0dHBzOi8vd3d3LnVmbWcuYnIvZHJjYS93cC1jb250ZW50L3VwbG9hZHMvMjAyNi8wNC9FU0NBTEEtREUtQVRFTkRJTUVOVE8tQ09MVEUtMjAyNi0xYS1DaGFtYWRhLWRhLUxFLVBDRC5wZGYiPkVzY2FsYSBkZSBBdGVuZGltZW50byBQcmVzZW5jaWFsIOKAkyBQQ0Q8L2E+ZHJvcENhcGlubmVyQmxvY2tzPGEgaHJlZj0iaHR0cHM6Ly93d3cudWZtZy5ici9kcmNhL3dwLWNvbnRlbnQvdXBsb2Fkcy8yMDI2LzA0L0NPTlZPQ0FET1MtMWEtQ0hBTUFEQS5wZGYiPkNvbnZvY2HDp8OjbzwvYT5jbGllbnRJZGlzVmFsaWRuYW1lYXR0cmlidXRlc2NvbnRlbnRkcm9wQ2FwaW5uZXJCbG9ja3NjbGllbnRJZGlzVmFsaWRuYW1lYXR0cmlidXRlc2NvbnRlbnRkcm9wQ2FwaW5uZXJCbG9ja3NjbGllbnRJZGlzVmFsaWRuYW1lYXR0cmlidXRlc2NvbnRlbnRkcm9wQ2FwaW5uZXJCbG9ja3M8YSBocmVmPSJodHRwczovL3d3dy51Zm1nLmJyL2RyY2Evd3AtY29udGVudC91cGxvYWRzLzIwMjYvMDQvQ09OVk9DQURPUy0xYS1DSEFNQURBLnBkZiI+Q29udm9jYcOnw6NvPC9hPmNsaWVudElkaXNWYWxpZG5hbWVhdHRyaWJ1dGVzY29udGVudDxhIGhyZWY9Imh0dHBzOi8vd3d3LnVmbWcuYnIvZHJjYS93cC1jb250ZW50L3VwbG9hZHMvMjAyNi8wNC9FU0NBTEEtREUtQVRFTkRJTUVOVE8tQ09MVEVDLTIwMjYtMWEtQ2hhbWFkYS1IRVRFUk8ucGRmIj5Fc2NhbGEgZGUgQXRlbmRpbWVudG8gUHJlc2VuY2lhbCDigJMgSGV0ZXJvaWRlbnRpZmljYcOnw6NvPC9hPmRyb3BDYXBpbm5lckJsb2Nrc2NsaWVudElkaXNWYWxpZG5hbWVhdHRyaWJ1dGVzY29udGVudDxhIGhyZWY9Imh0dHBzOi8vd3d3LnVmbWcuYnIvZHJjYS93cC1jb250ZW50L3VwbG9hZHMvMjAyNi8wNC9FU0NBTEEtREUtQVRFTkRJTUVOVE8tQ09MVEUtMjAyNi0xYS1DaGFtYWRhLWRhLUxFLVBDRC5wZGYiPkVzY2FsYSBkZSBBdGVuZGltZW50byBQcmVzZW5jaWFsIOKAkyBQQ0Q8L2E+ZHJvcENhcGlubmVyQmxvY2tzY2xpZW50SWRpc1ZhbGlkbmFtZWF0dHJpYnV0ZXNjb250ZW50ZHJvcENhcGlubmVyQmxvY2tzQ29udm9jYcOnw6NvCgo8IS0tIHdwOnBhcmFncmFwaCAtLT4KPHA+RXNjYWxhIGRlIEF0ZW5kaW1lbnRvIFByZXNlbmNpYWwg4oCTIEhldGVyb2lkZW50aWZpY2HDp8OjbzwvcD4KPCEtLSAvd3A6cGFyYWdyYXBoIC0tPgoKPCEtLSB3cDpwYXJhZ3JhcGggLS0+CjxwPkVzY2FsYSBkZSBBdGVuZGltZW50byBQcmVzZW5jaWFsIOKAkyBQQ0Q8L3A+CjwhLS0gL3dwOnBhcmFncmFwaCAtLT4KCjwhLS0gd3A6cGFyYWdyYXBoIC0tPgo8cD48L3A+CjwhLS0gL3dwOnBhcmFncmFwaCAtLT5kb3PDp8OjbwUHCAQIBggFEwgHCAcIBggOCA4IC0gBBAwJFBgPGAgGCAYBCQgHBApHAAsULRsOCAcECkcACwMHDwoLBBAIBwQKRwALDlsACgUIBwQKB6YBBwsIBwQKB7ACBwsIBwQKB6ICBwumAQgHBApHAAsIBwQKRwALCAcECkcACz0BGwYHCAcECgc9ATk1BAcLCAcECgc9ATslBAcLCAcECkcACwq+A0MACwEDAAABBwAFAQEANUIBAQBBAAIAQQACAAJBAAIAQQACAEEAAgBBAAIAQQACAEEAAgBBAAIAQQACAEEAAgBBAAIAAkFKAaQBAH0BdxMyMDI2LTA1LTA0VDE1OjQxOjMzfQV9AHcGY2xvc2VkdwZjbG9zZWR3AHl3AHcAdwB3AH51AX0XdyQ5ZGMxYWQwMy1jNzFiLTRhNWYtYWJhMS1mMzZmNTIyZDFlYzN4dw5jb3JlL3BhcmFncmFwaHl3JDM1YjIxYzQ0LWQ0NTYtNDg1MC05NjNiLTE2MDk2ZGI5YmNjZnh3DmNvcmUvcGFyYWdyYXBoeXckMzc3MDQwZWEtNjc4MS00MmFiLWFkMTItNzBlYTE1ZDI1NmFhdwpjb3JlL2VtYmVkdyVodHRwczovL3d3dy51Zm1nLmJyL2RyY2EvY2hhbWFkYXMtMTEveHl4dwh3cC1lbWJlZHctZGVwYXJ0YW1lbnRvLWRlLXJlZ2lzdHJvLWUtY29udHJvbGUtYWNhZC1taWNvdyQ4OTcyMzlhZC01NzY2LTRkYzAtYmExZS05YzYwZGU5OWNjMDh4dw5jb3JlL3BhcmFncmFwaHl3JDAwODRmYWMyLTgxNzEtNDFhMi1iMjBlLTFiZWM5MGQwMzIwYncMY29yZS9oZWFkaW5nfQF3JDQ5MWZkMzg0LTFlODgtNDNlOS04NmFkLWNhMDU0NDlkM2E4Ynh3DmNvcmUvcGFyYWdyYXBoeXckMmU1MzhjYjctYjMxNC00ZWJkLWFhMDctYThjZTE4MDZiNWQ0eHcOY29yZS9wYXJhZ3JhcGh5dyQ4NTEwOTZmZi1jOGFlLTQwMjEtODU2ZS1iZjg5ZGQ1YTc0YzJ4dw5jb3JlL3BhcmFncmFwaHl3JDRkODhlMmEyLTQ0NjQtNGMwMC04YjM1LTVjZTk1YTk2MGQ0Y3h3DmNvcmUvcGFyYWdyYXBoeXckNTNlNzk2YmItZjE0YS00NWVhLWEzY2UtOWI4ZDY1NGIwOGQ0eHcOY29yZS9wYXJhZ3JhcGh5dyRlN2FhYzkwZi1kNjc3LTRkMjktOWM4ZS1lM2VmNjE3MDY0MzZ4dw5jb3JlL3BhcmFncmFwaHl3JGE5Yjg0ZjQyLTgwNDgtNGMzNi1iNmM4LTc0Njk2MDgwYWFlNnckNjg0YjQwNzYtMTg3Zi00NTlkLTg0NzEtZTE3NDcxOGI3ZWVieHcOY29yZS9wYXJhZ3JhcGh5dyQwOTNiNjZiYi1kNWZlLTQ3NGEtOGM5ZC0xN2IzZmU1MmE2NTZ4dw5jb3JlL3BhcmFncmFwaHl3JDU1YTRlMWYzLTk0NDAtNGE4YS1hYTMyLTM0OGQ5Nzk0ZTM0YXh3DmNvcmUvcGFyYWdyYXBoeXcHcHVibGlzaAHI\/byRBA8CAAESjAEYRNIEAQAHPAEaBgYGPAE4NQMIPAE6JQOSAgI=\",\"updateId\":674126672}","footnotes":""},"folder":[23],"class_list":["post-1981","page","type-page","status-publish","hentry"],"acf":[],"_links":{"self":[{"href":"https:\/\/www.ufmg.br\/drca\/wp-json\/wp\/v2\/pages\/1981","targetHints":{"allow":["GET"]}}],"collection":[{"href":"https:\/\/www.ufmg.br\/drca\/wp-json\/wp\/v2\/pages"}],"about":[{"href":"https:\/\/www.ufmg.br\/drca\/wp-json\/wp\/v2\/types\/page"}],"author":[{"embeddable":true,"href":"https:\/\/www.ufmg.br\/drca\/wp-json\/wp\/v2\/users\/5"}],"replies":[{"embeddable":true,"href":"https:\/\/www.ufmg.br\/drca\/wp-json\/wp\/v2\/comments?post=1981"}],"version-history":[{"count":1,"href":"https:\/\/www.ufmg.br\/drca\/wp-json\/wp\/v2\/pages\/1981\/revisions"}],"predecessor-version":[{"id":1988,"href":"https:\/\/www.ufmg.br\/drca\/wp-json\/wp\/v2\/pages\/1981\/revisions\/1988"}],"wp:attachment":[{"href":"https:\/\/www.ufmg.br\/drca\/wp-json\/wp\/v2\/media?parent=1981"}],"wp:term":[{"taxonomy":"folder","embeddable":true,"href":"https:\/\/www.ufmg.br\/drca\/wp-json\/wp\/v2\/folder?post=1981"}],"curies":[{"name":"wp","href":"https:\/\/api.w.org\/{rel}","templated":true}]}}